103.174.255.14 - - [08/Aug/2026:06:31:27 +0000] "POST /xmlrpc.php HTTP/1.1" 200 40960 "-" "Jetpack/12.1; WordPress/6.2; http://site84885222.com"
117.214.224.51 - - [08/Aug/2026:06:31:30 +0000] "POST /xmlrpc.php HTTP/1.1" 200 40960 "-" "Jetpack by WordPress.com (Jetpack 12.0; WordPress 6.1)"
103.191.203.114 - - [08/Aug/2026:06:31:34 +0000] "POST /xmlrpc.php HTTP/1.1" 200 40931 "-" "Jetpack by WordPress.com (Jetpack 12.1; WordPress 6.3)"
103.174.255.14 - - [08/Aug/2026:06:31:39 +0000] "POST /xmlrpc.php HTTP/1.1" 200 40960 "-" "Jetpack by WordPress.com (Jetpack 12.0; WordPress 6.4)"
117.214.224.51 - - [08/Aug/2026:06:31:41 +0000] "POST /xmlrpc.php HTTP/1.1" 200 40960 "-" "Jetpack/13.0; WordPress/6.4; http://site60966356.com"
103.191.203.114 - - [08/Aug/2026:06:31:45 +0000] "POST /xmlrpc.php HTTP/1.1" 200 40939 "-" "Jetpack/12.1; WordPress/6.3; http://site35899815.com"
103.174.255.14 - - [08/Aug/2026:06:31:51 +0000] "POST /xmlrpc.php HTTP/1.1" 200 40960 "-" "Jetpack by WordPress.com (Jetpack 13.0; WordPress 6.1)"
117.214.224.51 - - [08/Aug/2026:06:31:51 +0000] "POST /xmlrpc.php HTTP/1.1" 200 40960 "-" "Jetpack by WordPress.com (Jetpack 12.0; WordPress 6.3)"
103.191.203.114 - - [08/Aug/2026:06:31:56 +0000] "POST /xmlrpc.php HTTP/1.1" 200 40961 "-" "Jetpack/12.1; WordPress/6.1; http://site54288516.com"
117.214.224.51 - - [08/Aug/2026:06:32:02 +0000] "POST /xmlrpc.php HTTP/1.1" 200 40960 "-" "WordPress.com; https://wordpress.com"
103.174.255.14 - - [08/Aug/2026:06:32:02 +0000] "POST /xmlrpc.php HTTP/1.1" 200 40938 "-" "WordPress.com; https://wordpress.com"
103.191.203.114 - - [08/Aug/2026:06:32:07 +0000] "POST /xmlrpc.php HTTP/1.1" 200 40961 "-" "Jetpack by WordPress.com (Jetpack 12.0; WordPress 6.4)"
117.214.224.51 - - [08/Aug/2026:06:32:12 +0000] "POST /xmlrpc.php HTTP/1.1" 200 40960 "-" "Jetpack by WordPress.com"
103.174.255.14 - - [08/Aug/2026:06:32:13 +0000] "POST /xmlrpc.php HTTP/1.1" 200 40960 "-" "Jetpack by WordPress.com (Jetpack 13.0; WordPress 6.4)"
103.191.203.114 - - [08/Aug/2026:06:32:17 +0000] "POST /xmlrpc.php HTTP/1.1" 200 40955 "-" "Jetpack by WordPress.com (Jetpack 12.1; WordPress 6.4)"
117.214.224.51 - - [08/Aug/2026:06:32:23 +0000] "POST /xmlrpc.php HTTP/1.1" 200 40960 "-" "Jetpack by WordPress.com"
103.174.255.14 - - [08/Aug/2026:06:32:24 +0000] "POST /xmlrpc.php HTTP/1.1" 200 40938 "-" "Jetpack by WordPress.com (Jetpack 12.0; WordPress 6.2)"
103.191.203.114 - - [08/Aug/2026:06:32:28 +0000] "POST /xmlrpc.php HTTP/1.1" 200 40961 "-" "Jetpack/12.1; WordPress/6.1; http://site11770634.com"
117.214.224.51 - - [08/Aug/2026:06:32:33 +0000] "POST /xmlrpc.php HTTP/1.1" 200 40967 "-" "Jetpack by WordPress.com (Jetpack 13.0; WordPress 6.3)"
103.174.255.14 - - [08/Aug/2026:06:32:35 +0000] "POST /xmlrpc.php HTTP/1.1" 200 40960 "-" "Jetpack by WordPress.com (Jetpack 12.5; WordPress 6.2)"
103.191.203.114 - - [08/Aug/2026:06:32:39 +0000] "POST /xmlrpc.php HTTP/1.1" 200 40961 "-" "WordPress.com; https://wordpress.com"
117.214.224.51 - - [08/Aug/2026:06:32:44 +0000] "POST /xmlrpc.php HTTP/1.1" 200 40960 "-" "Jetpack by WordPress.com"
103.174.255.14 - - [08/Aug/2026:06:32:47 +0000] "POST /xmlrpc.php HTTP/1.1" 200 40960 "-" "WordPress.com; https://wordpress.com"
103.191.203.114 - - [08/Aug/2026:06:32:49 +0000] "POST /xmlrpc.php HTTP/1.1" 200 40961 "-" "Jetpack by WordPress.com"
117.214.224.51 - - [08/Aug/2026:06:32:54 +0000] "POST /xmlrpc.php HTTP/1.1" 200 40960 "-" "WordPress.com; https://wordpress.com"
188.253.123.20 - - [08/Aug/2026:06:32:55 +0000] "GET /wp-content/plugins/classic-editor/classic-editor.php HTTP/1.1" 200 296 "-" "Mozilla/5.0 (Windows NT 10.0; Win64; x64) AppleWebKit/537.36 (KHTML, like Gecko) Chrome/151.0.0.0 Safari/537.36"
103.174.255.14 - - [08/Aug/2026:06:33:00 +0000] "POST /xmlrpc.php HTTP/1.1" 200 40954 "-" "Jetpack by WordPress.com"
103.191.203.114 - - [08/Aug/2026:06:33:00 +0000] "POST /xmlrpc.php HTTP/1.1" 200 40961 "-" "WordPress.com; https://wordpress.com"
117.214.224.51 - - [08/Aug/2026:06:33:05 +0000] "POST /xmlrpc.php HTTP/1.1" 200 40960 "-" "Jetpack by WordPress.com"
103.191.203.114 - - [08/Aug/2026:06:33:11 +0000] "POST /xmlrpc.php HTTP/1.1" 200 40961 "-" "Jetpack/12.1; WordPress/6.2; http://site71127361.com"
103.174.255.14 - - [08/Aug/2026:06:33:14 +0000] "POST /xmlrpc.php HTTP/1.1" 200 40960 "-" "Jetpack by WordPress.com"
117.214.224.51 - - [08/Aug/2026:06:33:15 +0000] "POST /xmlrpc.php HTTP/1.1" 200 40930 "-" "Jetpack by WordPress.com"
103.191.203.114 - - [08/Aug/2026:06:33:22 +0000] "POST /xmlrpc.php HTTP/1.1" 200 40961 "-" "Jetpack by WordPress.com (Jetpack 12.0; WordPress 6.3)"
52.167.144.140 - - [08/Aug/2026:06:33:23 +0000] "GET /2577156989 HTTP/1.1" 200 3380 "-" "Mozilla/5.0 AppleWebKit/537.36 (KHTML, like Gecko; compatible; bingbot/2.0; +http://www.bing.com/bingbot.htm) Chrome/116.0.1938.76 Safari/537.36"
117.214.224.51 - - [08/Aug/2026:06:33:26 +0000] "POST /xmlrpc.php HTTP/1.1" 200 40954 "-" "Jetpack by WordPress.com (Jetpack 12.0; WordPress 6.2)"
103.174.255.14 - - [08/Aug/2026:06:33:29 +0000] "POST /xmlrpc.php HTTP/1.1" 200 40960 "-" "WordPress.com; https://wordpress.com"
103.191.203.114 - - [08/Aug/2026:06:33:33 +0000] "POST /xmlrpc.php HTTP/1.1" 200 40961 "-" "Jetpack/12.0; WordPress/6.1; http://site28696341.com"
40.77.167.44 - - [08/Aug/2026:06:33:34 +0000] "GET /2846101924 HTTP/1.1" 200 3379 "-" "Mozilla/5.0 AppleWebKit/537.36 (KHTML, like Gecko; compatible; bingbot/2.0; +http://www.bing.com/bingbot.htm) Chrome/116.0.1938.76 Safari/537.36"
117.214.224.51 - - [08/Aug/2026:06:33:36 +0000] "POST /xmlrpc.php HTTP/1.1" 200 40960 "-" "Jetpack/12.0; WordPress/6.4; http://site70131235.com"
103.174.255.14 - - [08/Aug/2026:06:33:40 +0000] "POST /xmlrpc.php HTTP/1.1" 200 40960 "-" "Jetpack by WordPress.com (Jetpack 12.1; WordPress 6.4)"
103.191.203.114 - - [08/Aug/2026:06:33:43 +0000] "POST /xmlrpc.php HTTP/1.1" 200 40947 "-" "Jetpack/12.1; WordPress/6.3; http://site66558729.com"
117.214.224.51 - - [08/Aug/2026:06:33:47 +0000] "POST /xmlrpc.php HTTP/1.1" 200 40946 "-" "Jetpack by WordPress.com (Jetpack 12.1; WordPress 6.1)"
103.174.255.14 - - [08/Aug/2026:06:33:52 +0000] "POST /xmlrpc.php HTTP/1.1" 200 40960 "-" "Jetpack by WordPress.com (Jetpack 12.1; WordPress 6.1)"
103.191.203.114 - - [08/Aug/2026:06:33:54 +0000] "POST /xmlrpc.php HTTP/1.1" 200 40961 "-" "Jetpack by WordPress.com (Jetpack 12.0; WordPress 6.3)"
117.214.224.51 - - [08/Aug/2026:06:33:57 +0000] "POST /xmlrpc.php HTTP/1.1" 200 40960 "-" "Jetpack by WordPress.com (Jetpack 12.5; WordPress 6.2)"
103.174.255.14 - - [08/Aug/2026:06:34:03 +0000] "POST /xmlrpc.php HTTP/1.1" 200 40960 "-" "Jetpack by WordPress.com"
103.191.203.114 - - [08/Aug/2026:06:34:05 +0000] "POST /xmlrpc.php HTTP/1.1" 200 40968 "-" "Jetpack by WordPress.com"
117.214.224.51 - - [08/Aug/2026:06:34:08 +0000] "POST /xmlrpc.php HTTP/1.1" 200 40960 "-" "Jetpack/13.0; WordPress/6.3; http://site65872674.com"
103.174.255.14 - - [08/Aug/2026:06:34:15 +0000] "POST /xmlrpc.php HTTP/1.1" 200 40960 "-" "Jetpack by WordPress.com"
103.191.203.114 - - [08/Aug/2026:06:34:15 +0000] "POST /xmlrpc.php HTTP/1.1" 200 40961 "-" "Jetpack by WordPress.com"
117.214.224.51 - - [08/Aug/2026:06:34:18 +0000] "POST /xmlrpc.php HTTP/1.1" 200 40960 "-" "Jetpack by WordPress.com"
103.174.255.14 - - [08/Aug/2026:06:34:26 +0000] "POST /xmlrpc.php HTTP/1.1" 200 40960 "-" "Jetpack/12.1; WordPress/6.3; http://site21748726.com"
103.191.203.114 - - [08/Aug/2026:06:34:26 +0000] "POST /xmlrpc.php HTTP/1.1" 200 40961 "-" "Jetpack by WordPress.com"
117.214.224.51 - - [08/Aug/2026:06:34:29 +0000] "POST /xmlrpc.php HTTP/1.1" 200 40960 "-" "Jetpack/13.0; WordPress/6.4; http://site86265781.com"
103.191.203.114 - - [08/Aug/2026:06:34:37 +0000] "POST /xmlrpc.php HTTP/1.1" 200 40961 "-" "Jetpack/12.1; WordPress/6.4; http://site47598794.com"
103.174.255.14 - - [08/Aug/2026:06:34:37 +0000] "POST /xmlrpc.php HTTP/1.1" 200 40960 "-" "Jetpack by WordPress.com (Jetpack 12.1; WordPress 6.3)"
117.214.224.51 - - [08/Aug/2026:06:34:39 +0000] "POST /xmlrpc.php HTTP/1.1" 200 40960 "-" "Jetpack by WordPress.com (Jetpack 12.0; WordPress 6.3)"
103.191.203.114 - - [08/Aug/2026:06:34:48 +0000] "POST /xmlrpc.php HTTP/1.1" 200 40961 "-" "Jetpack by WordPress.com"
103.174.255.14 - - [08/Aug/2026:06:34:48 +0000] "POST /xmlrpc.php HTTP/1.1" 200 40960 "-" "Jetpack/12.0; WordPress/6.1; http://site34774903.com"
117.214.224.51 - - [08/Aug/2026:06:34:50 +0000] "POST /xmlrpc.php HTTP/1.1" 200 40960 "-" "Jetpack by WordPress.com (Jetpack 12.1; WordPress 6.2)"
103.191.203.114 - - [08/Aug/2026:06:34:58 +0000] "POST /xmlrpc.php HTTP/1.1" 200 40961 "-" "WordPress.com; https://wordpress.com"
103.174.255.14 - - [08/Aug/2026:06:34:59 +0000] "POST /xmlrpc.php HTTP/1.1" 200 40938 "-" "WordPress.com; https://wordpress.com"
117.214.224.51 - - [08/Aug/2026:06:35:00 +0000] "POST /xmlrpc.php HTTP/1.1" 200 40960 "-" "Jetpack/12.5; WordPress/6.3; http://site60711419.com"
103.243.55.191 - - [08/Aug/2026:06:35:08 +0000] "POST /xmlrpc.php HTTP/1.1" 200 40960 "-" "Jetpack by WordPress.com (Jetpack 12.0; WordPress 6.4)"
103.191.203.114 - - [08/Aug/2026:06:35:09 +0000] "POST /xmlrpc.php HTTP/1.1" 200 40961 "-" "Jetpack/12.0; WordPress/6.3; http://site61284890.com"
103.174.255.14 - - [08/Aug/2026:06:35:10 +0000] "POST /xmlrpc.php HTTP/1.1" 200 40960 "-" "Jetpack/13.0; WordPress/6.3; http://site19584624.com"
117.214.224.51 - - [08/Aug/2026:06:35:11 +0000] "POST /xmlrpc.php HTTP/1.1" 200 40954 "-" "Jetpack by WordPress.com (Jetpack 13.0; WordPress 6.2)"
103.243.55.191 - - [08/Aug/2026:06:35:15 +0000] "POST /xmlrpc.php HTTP/1.1" 200 40960 "-" "Jetpack by WordPress.com (Jetpack 12.0; WordPress 6.3)"
103.191.203.114 - - [08/Aug/2026:06:35:20 +0000] "POST /xmlrpc.php HTTP/1.1" 200 40961 "-" "WordPress.com; https://wordpress.com"
103.174.255.14 - - [08/Aug/2026:06:35:21 +0000] "POST /xmlrpc.php HTTP/1.1" 200 40954 "-" "Jetpack by WordPress.com"
117.214.224.51 - - [08/Aug/2026:06:35:21 +0000] "POST /xmlrpc.php HTTP/1.1" 200 40960 "-" "Jetpack by WordPress.com (Jetpack 13.0; WordPress 6.2)"
103.243.55.191 - - [08/Aug/2026:06:35:25 +0000] "POST /xmlrpc.php HTTP/1.1" 200 40960 "-" "Jetpack by WordPress.com"
103.191.203.114 - - [08/Aug/2026:06:35:31 +0000] "POST /xmlrpc.php HTTP/1.1" 200 40961 "-" "Jetpack by WordPress.com"
117.214.224.51 - - [08/Aug/2026:06:35:32 +0000] "POST /xmlrpc.php HTTP/1.1" 200 40960 "-" "WordPress.com; https://wordpress.com"
103.174.255.14 - - [08/Aug/2026:06:35:32 +0000] "POST /xmlrpc.php HTTP/1.1" 200 40960 "-" "WordPress.com; https://wordpress.com"
103.243.55.191 - - [08/Aug/2026:06:35:36 +0000] "POST /xmlrpc.php HTTP/1.1" 200 40960 "-" "Jetpack/13.0; WordPress/6.2; http://site82845008.com"
103.191.203.114 - - [08/Aug/2026:06:35:41 +0000] "POST /xmlrpc.php HTTP/1.1" 200 40961 "-" "Jetpack by WordPress.com"
117.214.224.51 - - [08/Aug/2026:06:35:42 +0000] "POST /xmlrpc.php HTTP/1.1" 200 40960 "-" "Jetpack by WordPress.com"
103.174.255.14 - - [08/Aug/2026:06:35:43 +0000] "POST /xmlrpc.php HTTP/1.1" 200 40960 "-" "WordPress.com; https://wordpress.com"
103.243.55.191 - - [08/Aug/2026:06:35:47 +0000] "POST /xmlrpc.php HTTP/1.1" 200 40960 "-" "Jetpack/13.0; WordPress/6.1; http://site81226965.com"
103.191.203.114 - - [08/Aug/2026:06:35:52 +0000] "POST /xmlrpc.php HTTP/1.1" 200 40961 "-" "WordPress.com; https://wordpress.com"
117.214.224.51 - - [08/Aug/2026:06:35:53 +0000] "POST /xmlrpc.php HTTP/1.1" 200 40960 "-" "Jetpack by WordPress.com"
103.174.255.14 - - [08/Aug/2026:06:35:54 +0000] "POST /xmlrpc.php HTTP/1.1" 200 40960 "-" "WordPress.com; https://wordpress.com"
103.243.55.191 - - [08/Aug/2026:06:35:57 +0000] "POST /xmlrpc.php HTTP/1.1" 200 40960 "-" "Jetpack by WordPress.com"
103.191.203.114 - - [08/Aug/2026:06:36:03 +0000] "POST /xmlrpc.php HTTP/1.1" 200 40961 "-" "WordPress.com; https://wordpress.com"
117.214.224.51 - - [08/Aug/2026:06:36:03 +0000] "POST /xmlrpc.php HTTP/1.1" 200 40960 "-" "Jetpack/12.0; WordPress/6.2; http://site17827713.com"
103.174.255.14 - - [08/Aug/2026:06:36:05 +0000] "POST /xmlrpc.php HTTP/1.1" 200 40960 "-" "Jetpack/12.0; WordPress/6.1; http://site38852527.com"
103.243.55.191 - - [08/Aug/2026:06:36:08 +0000] "POST /xmlrpc.php HTTP/1.1" 200 40960 "-" "Jetpack/12.5; WordPress/6.4; http://site88960883.com"
103.191.203.114 - - [08/Aug/2026:06:36:14 +0000] "POST /xmlrpc.php HTTP/1.1" 200 40961 "-" "Jetpack by WordPress.com (Jetpack 12.1; WordPress 6.4)"
117.214.224.51 - - [08/Aug/2026:06:36:14 +0000] "POST /xmlrpc.php HTTP/1.1" 200 40960 "-" "Jetpack/12.1; WordPress/6.3; http://site64164090.com"
103.174.255.14 - - [08/Aug/2026:06:36:16 +0000] "POST /xmlrpc.php HTTP/1.1" 200 40960 "-" "Jetpack by WordPress.com (Jetpack 12.1; WordPress 6.3)"
103.243.55.191 - - [08/Aug/2026:06:36:19 +0000] "POST /xmlrpc.php HTTP/1.1" 200 40960 "-" "WordPress.com; https://wordpress.com"
103.191.203.114 - - [08/Aug/2026:06:36:24 +0000] "POST /xmlrpc.php HTTP/1.1" 200 40961 "-" "Jetpack/12.0; WordPress/6.2; http://site58954885.com"
117.214.224.51 - - [08/Aug/2026:06:36:24 +0000] "POST /xmlrpc.php HTTP/1.1" 200 40960 "-" "Jetpack/13.0; WordPress/6.2; http://site20848216.com"
103.174.255.14 - - [08/Aug/2026:06:36:27 +0000] "POST /xmlrpc.php HTTP/1.1" 200 40960 "-" "Jetpack by WordPress.com"
103.243.55.191 - - [08/Aug/2026:06:36:29 +0000] "POST /xmlrpc.php HTTP/1.1" 200 40960 "-" "Jetpack by WordPress.com"
117.214.224.51 - - [08/Aug/2026:06:36:35 +0000] "POST /xmlrpc.php HTTP/1.1" 200 40960 "-" "Jetpack by WordPress.com"
103.191.203.114 - - [08/Aug/2026:06:36:35 +0000] "POST /xmlrpc.php HTTP/1.1" 200 40961 "-" "WordPress.com; https://wordpress.com"
103.174.255.14 - - [08/Aug/2026:06:36:39 +0000] "POST /xmlrpc.php HTTP/1.1" 200 40960 "-" "Jetpack by WordPress.com"
103.243.55.191 - - [08/Aug/2026:06:36:40 +0000] "POST /xmlrpc.php HTTP/1.1" 200 40960 "-" "Jetpack by WordPress.com"
117.214.224.51 - - [08/Aug/2026:06:36:45 +0000] "POST /xmlrpc.php HTTP/1.1" 200 40960 "-" "Jetpack by WordPress.com (Jetpack 12.5; WordPress 6.2)"
103.191.203.114 - - [08/Aug/2026:06:36:46 +0000] "POST /xmlrpc.php HTTP/1.1" 200 40968 "-" "WordPress.com; https://wordpress.com"
103.243.55.191 - - [08/Aug/2026:06:36:50 +0000] "POST /xmlrpc.php HTTP/1.1" 200 40960 "-" "Jetpack/12.0; WordPress/6.1; http://site99944597.com"
103.174.255.14 - - [08/Aug/2026:06:36:51 +0000] "POST /xmlrpc.php HTTP/1.1" 200 40967 "-" "Jetpack by WordPress.com"
117.214.224.51 - - [08/Aug/2026:06:36:56 +0000] "POST /xmlrpc.php HTTP/1.1" 200 40960 "-" "Jetpack/12.5; WordPress/6.2; http://site64183508.com"
103.191.203.114 - - [08/Aug/2026:06:36:57 +0000] "POST /xmlrpc.php HTTP/1.1" 200 40961 "-" "WordPress.com; https://wordpress.com"
103.174.255.14 - - [08/Aug/2026:06:37:03 +0000] "POST /xmlrpc.php HTTP/1.1" 200 40938 "-" "Jetpack by WordPress.com"
117.214.224.51 - - [08/Aug/2026:06:37:06 +0000] "POST /xmlrpc.php HTTP/1.1" 200 40960 "-" "Jetpack/12.0; WordPress/6.2; http://site66917568.com"
103.191.203.114 - - [08/Aug/2026:06:37:07 +0000] "POST /xmlrpc.php HTTP/1.1" 200 40961 "-" "Jetpack/12.1; WordPress/6.1; http://site86314645.com"
103.174.255.14 - - [08/Aug/2026:06:37:14 +0000] "POST /xmlrpc.php HTTP/1.1" 200 40960 "-" "Jetpack/13.0; WordPress/6.3; http://site51420058.com"
117.214.224.51 - - [08/Aug/2026:06:37:17 +0000] "POST /xmlrpc.php HTTP/1.1" 200 40960 "-" "WordPress.com; https://wordpress.com"
103.191.203.114 - - [08/Aug/2026:06:37:18 +0000] "POST /xmlrpc.php HTTP/1.1" 200 40961 "-" "Jetpack/12.0; WordPress/6.1; http://site72935257.com"
103.174.255.14 - - [08/Aug/2026:06:37:25 +0000] "POST /xmlrpc.php HTTP/1.1" 200 40960 "-" "Jetpack by WordPress.com"
117.214.224.51 - - [08/Aug/2026:06:37:27 +0000] "POST /xmlrpc.php HTTP/1.1" 200 40960 "-" "Jetpack by WordPress.com (Jetpack 13.0; WordPress 6.2)"
103.191.203.114 - - [08/Aug/2026:06:37:29 +0000] "POST /xmlrpc.php HTTP/1.1" 200 40961 "-" "WordPress.com; https://wordpress.com"
103.174.255.14 - - [08/Aug/2026:06:37:37 +0000] "POST /xmlrpc.php HTTP/1.1" 200 40960 "-" "Jetpack by WordPress.com (Jetpack 12.0; WordPress 6.4)"
117.214.224.51 - - [08/Aug/2026:06:37:38 +0000] "POST /xmlrpc.php HTTP/1.1" 200 40960 "-" "WordPress.com; https://wordpress.com"
103.191.203.114 - - [08/Aug/2026:06:37:40 +0000] "POST /xmlrpc.php HTTP/1.1" 200 40961 "-" "WordPress.com; https://wordpress.com"
117.214.224.51 - - [08/Aug/2026:06:37:49 +0000] "POST /xmlrpc.php HTTP/1.1" 200 40960 "-" "Jetpack/13.0; WordPress/6.4; http://site85304447.com"
103.174.255.14 - - [08/Aug/2026:06:37:49 +0000] "POST /xmlrpc.php HTTP/1.1" 200 40960 "-" "Jetpack by WordPress.com (Jetpack 12.0; WordPress 6.3)"
103.191.203.114 - - [08/Aug/2026:06:37:51 +0000] "POST /xmlrpc.php HTTP/1.1" 200 40961 "-" "Jetpack/12.5; WordPress/6.2; http://site73247487.com"
117.214.224.51 - - [08/Aug/2026:06:37:59 +0000] "POST /xmlrpc.php HTTP/1.1" 200 40960 "-" "Jetpack by WordPress.com"
103.174.255.14 - - [08/Aug/2026:06:38:00 +0000] "POST /xmlrpc.php HTTP/1.1" 200 40960 "-" "Jetpack by WordPress.com"
103.191.203.114 - - [08/Aug/2026:06:38:01 +0000] "POST /xmlrpc.php HTTP/1.1" 200 40939 "-" "Jetpack/12.5; WordPress/6.3; http://site15396555.com"
117.214.224.51 - - [08/Aug/2026:06:38:09 +0000] "POST /xmlrpc.php HTTP/1.1" 200 40960 "-" "Jetpack by WordPress.com"
103.174.255.14 - - [08/Aug/2026:06:38:11 +0000] "POST /xmlrpc.php HTTP/1.1" 200 40954 "-" "Jetpack by WordPress.com"
103.191.203.114 - - [08/Aug/2026:06:38:12 +0000] "POST /xmlrpc.php HTTP/1.1" 200 40961 "-" "Jetpack by WordPress.com (Jetpack 12.5; WordPress 6.4)"
117.214.224.51 - - [08/Aug/2026:06:38:20 +0000] "POST /xmlrpc.php HTTP/1.1" 200 40960 "-" "Jetpack/12.1; WordPress/6.2; http://site98141888.com"
103.174.255.14 - - [08/Aug/2026:06:38:22 +0000] "POST /xmlrpc.php HTTP/1.1" 200 40960 "-" "Jetpack/13.0; WordPress/6.3; http://site72357207.com"
103.191.203.114 - - [08/Aug/2026:06:38:23 +0000] "POST /xmlrpc.php HTTP/1.1" 200 40961 "-" "Jetpack by WordPress.com"
40.77.167.44 - - [08/Aug/2026:06:38:25 +0000] "GET /904672274 HTTP/1.1" 200 3379 "-" "Mozilla/5.0 AppleWebKit/537.36 (KHTML, like Gecko; compatible; bingbot/2.0; +http://www.bing.com/bingbot.htm) Chrome/116.0.1938.76 Safari/537.36"
40.77.167.44 - - [08/Aug/2026:06:38:25 +0000] "GET /2215820645 HTTP/1.1" 200 3379 "-" "Mozilla/5.0 AppleWebKit/537.36 (KHTML, like Gecko; compatible; bingbot/2.0; +http://www.bing.com/bingbot.htm) Chrome/116.0.1938.76 Safari/537.36"
117.214.224.51 - - [08/Aug/2026:06:38:30 +0000] "POST /xmlrpc.php HTTP/1.1" 200 40960 "-" "Jetpack/13.0; WordPress/6.1; http://site64549788.com"
103.174.255.14 - - [08/Aug/2026:06:38:33 +0000] "POST /xmlrpc.php HTTP/1.1" 200 40960 "-" "Jetpack/12.0; WordPress/6.4; http://site99920372.com"
103.191.203.114 - - [08/Aug/2026:06:38:34 +0000] "POST /xmlrpc.php HTTP/1.1" 200 40961 "-" "WordPress.com; https://wordpress.com"
117.214.224.51 - - [08/Aug/2026:06:38:41 +0000] "POST /xmlrpc.php HTTP/1.1" 200 40960 "-" "Jetpack by WordPress.com"
103.174.255.14 - - [08/Aug/2026:06:38:44 +0000] "POST /xmlrpc.php HTTP/1.1" 200 40960 "-" "Jetpack by WordPress.com"
103.191.203.114 - - [08/Aug/2026:06:38:44 +0000] "POST /xmlrpc.php HTTP/1.1" 200 40961 "-" "WordPress.com; https://wordpress.com"
117.214.224.51 - - [08/Aug/2026:06:38:51 +0000] "POST /xmlrpc.php HTTP/1.1" 200 40960 "-" "WordPress.com; https://wordpress.com"
103.191.203.114 - - [08/Aug/2026:06:38:55 +0000] "POST /xmlrpc.php HTTP/1.1" 200 40961 "-" "WordPress.com; https://wordpress.com"
103.174.255.14 - - [08/Aug/2026:06:38:55 +0000] "POST /xmlrpc.php HTTP/1.1" 200 40960 "-" "Jetpack by WordPress.com (Jetpack 13.0; WordPress 6.2)"
117.214.224.51 - - [08/Aug/2026:06:39:02 +0000] "POST /xmlrpc.php HTTP/1.1" 200 40960 "-" "Jetpack by WordPress.com (Jetpack 13.0; WordPress 6.2)"
103.191.203.114 - - [08/Aug/2026:06:39:06 +0000] "POST /xmlrpc.php HTTP/1.1" 200 40961 "-" "Jetpack by WordPress.com"
103.174.255.14 - - [08/Aug/2026:06:39:06 +0000] "POST /xmlrpc.php HTTP/1.1" 200 40960 "-" "Jetpack/12.0; WordPress/6.4; http://site18769354.com"
117.214.224.51 - - [08/Aug/2026:06:39:13 +0000] "POST /xmlrpc.php HTTP/1.1" 200 40960 "-" "Jetpack/12.5; WordPress/6.1; http://site85131404.com"
103.191.203.114 - - [08/Aug/2026:06:39:16 +0000] "POST /xmlrpc.php HTTP/1.1" 200 40961 "-" "WordPress.com; https://wordpress.com"
103.174.255.14 - - [08/Aug/2026:06:39:17 +0000] "POST /xmlrpc.php HTTP/1.1" 200 40960 "-" "Jetpack by WordPress.com"
117.214.224.51 - - [08/Aug/2026:06:39:23 +0000] "POST /xmlrpc.php HTTP/1.1" 200 40960 "-" "Jetpack/12.1; WordPress/6.4; http://site33525005.com"
103.191.203.114 - - [08/Aug/2026:06:39:27 +0000] "POST /xmlrpc.php HTTP/1.1" 200 40961 "-" "WordPress.com; https://wordpress.com"
103.174.255.14 - - [08/Aug/2026:06:39:28 +0000] "POST /xmlrpc.php HTTP/1.1" 200 40960 "-" "Jetpack/12.5; WordPress/6.2; http://site69041653.com"
117.214.224.51 - - [08/Aug/2026:06:39:34 +0000] "POST /xmlrpc.php HTTP/1.1" 200 40960 "-" "Jetpack by WordPress.com"
155.254.105.5 - - [08/Aug/2026:06:39:38 +0000] "POST /wp-content/plugins/classic-editor/classic-editor.php HTTP/1.1" 200 254 "https://gunay.com.tm/wp-content/plugins/classic-editor/classic-editor.php" "Mozilla/5.0 (Windows NT 10.0; Win64; x64) AppleWebKit/537.36 (KHTML, like Gecko) Chrome/151.0.0.0 Safari/537.36"
103.191.203.114 - - [08/Aug/2026:06:39:38 +0000] "POST /xmlrpc.php HTTP/1.1" 200 40961 "-" "Jetpack by WordPress.com (Jetpack 12.0; WordPress 6.2)"
103.174.255.14 - - [08/Aug/2026:06:39:39 +0000] "POST /xmlrpc.php HTTP/1.1" 200 40960 "-" "Jetpack by WordPress.com"
117.214.224.51 - - [08/Aug/2026:06:39:44 +0000] "POST /xmlrpc.php HTTP/1.1" 200 40960 "-" "Jetpack by WordPress.com (Jetpack 12.1; WordPress 6.2)"
103.191.203.114 - - [08/Aug/2026:06:39:49 +0000] "POST /xmlrpc.php HTTP/1.1" 200 40968 "-" "WordPress.com; https://wordpress.com"
103.174.255.14 - - [08/Aug/2026:06:39:51 +0000] "POST /xmlrpc.php HTTP/1.1" 200 40960 "-" "WordPress.com; https://wordpress.com"
117.214.224.51 - - [08/Aug/2026:06:39:55 +0000] "POST /xmlrpc.php HTTP/1.1" 200 40960 "-" "Jetpack by WordPress.com"
103.191.203.114 - - [08/Aug/2026:06:40:00 +0000] "POST /xmlrpc.php HTTP/1.1" 200 40961 "-" "WordPress.com; https://wordpress.com"
103.174.255.14 - - [08/Aug/2026:06:40:02 +0000] "POST /xmlrpc.php HTTP/1.1" 200 40960 "-" "Jetpack by WordPress.com"
101.33.80.42 - - [08/Aug/2026:06:40:04 +0000] "GET /?loknya=/var/log HTTP/1.1" 200 5654 "-" "Mozilla/5.0 (iPhone; CPU iPhone OS 13_2_3 like Mac OS X) AppleWebKit/605.1.15 (KHTML, like Gecko) Version/13.0.3 Mobile/15E148 Safari/604.1"
117.214.224.51 - - [08/Aug/2026:06:40:05 +0000] "POST /xmlrpc.php HTTP/1.1" 200 40938 "-" "Jetpack/12.0; WordPress/6.2; http://site66203455.com"
103.191.203.114 - - [08/Aug/2026:06:40:10 +0000] "POST /xmlrpc.php HTTP/1.1" 200 40961 "-" "WordPress.com; https://wordpress.com"
155.254.105.5 - - [08/Aug/2026:06:40:11 +0000] "GET /wp-content/plugins/classic-editor/adminfuns.php HTTP/1.1" 404 196 "-" "Mozilla/5.0 (Windows NT 10.0; Win64; x64) AppleWebKit/537.36 (KHTML, like Gecko) Chrome/151.0.0.0 Safari/537.36"
103.174.255.14 - - [08/Aug/2026:06:40:13 +0000] "POST /xmlrpc.php HTTP/1.1" 200 40960 "-" "WordPress.com; https://wordpress.com"
155.254.105.5 - - [08/Aug/2026:06:40:14 +0000] "GET /wp-content/plugins/classic-editor/adminfuns.php HTTP/1.1" 404 196 "-" "Mozilla/5.0 (Windows NT 10.0; Win64; x64) AppleWebKit/537.36 (KHTML, like Gecko) Chrome/151.0.0.0 Safari/537.36"
117.214.224.51 - - [08/Aug/2026:06:40:16 +0000] "POST /xmlrpc.php HTTP/1.1" 200 40930 "-" "Jetpack by WordPress.com (Jetpack 12.5; WordPress 6.2)"
103.191.203.114 - - [08/Aug/2026:06:40:21 +0000] "POST /xmlrpc.php HTTP/1.1" 200 40961 "-" "WordPress.com; https://wordpress.com"
103.174.255.14 - - [08/Aug/2026:06:40:24 +0000] "POST /xmlrpc.php HTTP/1.1" 200 40960 "-" "Jetpack by WordPress.com (Jetpack 12.0; WordPress 6.1)"
117.214.224.51 - - [08/Aug/2026:06:40:26 +0000] "POST /xmlrpc.php HTTP/1.1" 200 40960 "-" "Jetpack by WordPress.com (Jetpack 13.0; WordPress 6.3)"
103.191.203.114 - - [08/Aug/2026:06:40:32 +0000] "POST /xmlrpc.php HTTP/1.1" 200 40961 "-" "Jetpack by WordPress.com"
103.174.255.14 - - [08/Aug/2026:06:40:35 +0000] "POST /xmlrpc.php HTTP/1.1" 200 40960 "-" "Jetpack by WordPress.com"
117.214.224.51 - - [08/Aug/2026:06:40:37 +0000] "POST /xmlrpc.php HTTP/1.1" 200 40960 "-" "Jetpack by WordPress.com"
103.191.203.114 - - [08/Aug/2026:06:40:43 +0000] "POST /xmlrpc.php HTTP/1.1" 200 40961 "-" "WordPress.com; https://wordpress.com"
103.174.255.14 - - [08/Aug/2026:06:40:46 +0000] "POST /xmlrpc.php HTTP/1.1" 200 40960 "-" "Jetpack by WordPress.com (Jetpack 12.0; WordPress 6.4)"
117.214.224.51 - - [08/Aug/2026:06:40:47 +0000] "POST /xmlrpc.php HTTP/1.1" 200 40960 "-" "WordPress.com; https://wordpress.com"
103.191.203.114 - - [08/Aug/2026:06:40:53 +0000] "POST /xmlrpc.php HTTP/1.1" 200 40961 "-" "WordPress.com; https://wordpress.com"
103.174.255.14 - - [08/Aug/2026:06:40:57 +0000] "POST /xmlrpc.php HTTP/1.1" 200 40960 "-" "WordPress.com; https://wordpress.com"
117.214.224.51 - - [08/Aug/2026:06:40:58 +0000] "POST /xmlrpc.php HTTP/1.1" 200 40960 "-" "Jetpack by WordPress.com (Jetpack 13.0; WordPress 6.1)"
103.191.203.114 - - [08/Aug/2026:06:41:04 +0000] "POST /xmlrpc.php HTTP/1.1" 200 40961 "-" "WordPress.com; https://wordpress.com"
117.214.224.51 - - [08/Aug/2026:06:41:08 +0000] "POST /xmlrpc.php HTTP/1.1" 200 40960 "-" "Jetpack by WordPress.com (Jetpack 12.5; WordPress 6.2)"
103.174.255.14 - - [08/Aug/2026:06:41:09 +0000] "POST /xmlrpc.php HTTP/1.1" 200 40960 "-" "Jetpack/12.1; WordPress/6.2; http://site35184133.com"
103.191.203.114 - - [08/Aug/2026:06:41:15 +0000] "POST /xmlrpc.php HTTP/1.1" 200 40961 "-" "Jetpack by WordPress.com (Jetpack 12.0; WordPress 6.1)"
117.214.224.51 - - [08/Aug/2026:06:41:19 +0000] "POST /xmlrpc.php HTTP/1.1" 200 40960 "-" "WordPress.com; https://wordpress.com"
103.174.255.14 - - [08/Aug/2026:06:41:21 +0000] "POST /xmlrpc.php HTTP/1.1" 200 40960 "-" "Jetpack by WordPress.com"
103.191.203.114 - - [08/Aug/2026:06:41:26 +0000] "POST /xmlrpc.php HTTP/1.1" 200 40961 "-" "WordPress.com; https://wordpress.com"
117.214.224.51 - - [08/Aug/2026:06:41:29 +0000] "POST /xmlrpc.php HTTP/1.1" 200 40960 "-" "WordPress.com; https://wordpress.com"
103.174.255.14 - - [08/Aug/2026:06:41:33 +0000] "POST /xmlrpc.php HTTP/1.1" 200 40960 "-" "Jetpack by WordPress.com (Jetpack 13.0; WordPress 6.2)"
103.191.203.114 - - [08/Aug/2026:06:41:36 +0000] "POST /xmlrpc.php HTTP/1.1" 200 40961 "-" "Jetpack/12.5; WordPress/6.2; http://site67006433.com"
117.214.224.51 - - [08/Aug/2026:06:41:40 +0000] "POST /xmlrpc.php HTTP/1.1" 200 40960 "-" "Jetpack by WordPress.com (Jetpack 12.0; WordPress 6.4)"
103.174.255.14 - - [08/Aug/2026:06:41:44 +0000] "POST /xmlrpc.php HTTP/1.1" 200 40960 "-" "Jetpack by WordPress.com"
103.191.203.114 - - [08/Aug/2026:06:41:47 +0000] "POST /xmlrpc.php HTTP/1.1" 200 40961 "-" "Jetpack/13.0; WordPress/6.1; http://site72664023.com"
117.214.224.51 - - [08/Aug/2026:06:41:50 +0000] "POST /xmlrpc.php HTTP/1.1" 200 40960 "-" "Jetpack by WordPress.com (Jetpack 13.0; WordPress 6.1)"
103.174.255.14 - - [08/Aug/2026:06:41:55 +0000] "POST /xmlrpc.php HTTP/1.1" 200 40938 "-" "WordPress.com; https://wordpress.com"
103.191.203.114 - - [08/Aug/2026:06:41:58 +0000] "POST /xmlrpc.php HTTP/1.1" 200 40961 "-" "Jetpack/12.1; WordPress/6.2; http://site26964284.com"
117.214.224.51 - - [08/Aug/2026:06:42:01 +0000] "POST /xmlrpc.php HTTP/1.1" 200 40960 "-" "Jetpack by WordPress.com (Jetpack 12.0; WordPress 6.4)"
103.174.255.14 - - [08/Aug/2026:06:42:06 +0000] "POST /xmlrpc.php HTTP/1.1" 200 40960 "-" "Jetpack by WordPress.com"
185.36.81.23 - - [08/Aug/2026:06:42:07 +0000] "GET / HTTP/1.1" 200 40957 "-" "Mozilla/5.0 (X11; Ubuntu; Linux x86_64; rv:152.0) Gecko/20100101 Firefox/152.0"
103.191.203.114 - - [08/Aug/2026:06:42:08 +0000] "POST /xmlrpc.php HTTP/1.1" 200 40961 "-" "Jetpack/12.1; WordPress/6.3; http://site94813217.com"
117.214.224.51 - - [08/Aug/2026:06:42:11 +0000] "POST /xmlrpc.php HTTP/1.1" 200 40960 "-" "WordPress.com; https://wordpress.com"
103.174.255.14 - - [08/Aug/2026:06:42:18 +0000] "POST /xmlrpc.php HTTP/1.1" 200 40960 "-" "Jetpack/12.5; WordPress/6.1; http://site41768769.com"
103.191.203.114 - - [08/Aug/2026:06:42:19 +0000] "POST /xmlrpc.php HTTP/1.1" 200 40961 "-" "Jetpack/13.0; WordPress/6.1; http://site74644485.com"
117.214.224.51 - - [08/Aug/2026:06:42:22 +0000] "POST /xmlrpc.php HTTP/1.1" 200 40960 "-" "WordPress.com; https://wordpress.com"
103.174.255.14 - - [08/Aug/2026:06:42:29 +0000] "POST /xmlrpc.php HTTP/1.1" 200 40960 "-" "Jetpack by WordPress.com (Jetpack 12.1; WordPress 6.4)"
103.191.203.114 - - [08/Aug/2026:06:42:30 +0000] "POST /xmlrpc.php HTTP/1.1" 200 40961 "-" "Jetpack by WordPress.com (Jetpack 12.1; WordPress 6.3)"
117.214.224.51 - - [08/Aug/2026:06:42:32 +0000] "POST /xmlrpc.php HTTP/1.1" 200 40967 "-" "WordPress.com; https://wordpress.com"
103.174.255.14 - - [08/Aug/2026:06:42:40 +0000] "POST /xmlrpc.php HTTP/1.1" 200 40960 "-" "Jetpack by WordPress.com"
103.191.203.114 - - [08/Aug/2026:06:42:40 +0000] "POST /xmlrpc.php HTTP/1.1" 200 40961 "-" "Jetpack by WordPress.com"
117.214.224.51 - - [08/Aug/2026:06:42:43 +0000] "POST /xmlrpc.php HTTP/1.1" 200 40960 "-" "Jetpack by WordPress.com (Jetpack 13.0; WordPress 6.2)"
103.191.203.114 - - [08/Aug/2026:06:42:51 +0000] "POST /xmlrpc.php HTTP/1.1" 200 40961 "-" "Jetpack by WordPress.com (Jetpack 12.0; WordPress 6.2)"
103.174.255.14 - - [08/Aug/2026:06:42:51 +0000] "POST /xmlrpc.php HTTP/1.1" 200 40960 "-" "Jetpack by WordPress.com (Jetpack 12.0; WordPress 6.2)"
117.214.224.51 - - [08/Aug/2026:06:42:53 +0000] "POST /xmlrpc.php HTTP/1.1" 200 40967 "-" "Jetpack/12.1; WordPress/6.1; http://site60710844.com"
103.191.203.114 - - [08/Aug/2026:06:43:02 +0000] "POST /xmlrpc.php HTTP/1.1" 200 40961 "-" "Jetpack/12.0; WordPress/6.1; http://site67519555.com"
103.174.255.14 - - [08/Aug/2026:06:43:02 +0000] "POST /xmlrpc.php HTTP/1.1" 200 40960 "-" "WordPress.com; https://wordpress.com"
117.214.224.51 - - [08/Aug/2026:06:43:04 +0000] "POST /xmlrpc.php HTTP/1.1" 200 40960 "-" "WordPress.com; https://wordpress.com"
103.191.203.114 - - [08/Aug/2026:06:43:13 +0000] "POST /xmlrpc.php HTTP/1.1" 200 40961 "-" "WordPress.com; https://wordpress.com"
103.174.255.14 - - [08/Aug/2026:06:43:14 +0000] "POST /xmlrpc.php HTTP/1.1" 200 40960 "-" "WordPress.com; https://wordpress.com"
117.214.224.51 - - [08/Aug/2026:06:43:14 +0000] "POST /xmlrpc.php HTTP/1.1" 200 40960 "-" "Jetpack by WordPress.com (Jetpack 12.5; WordPress 6.4)"
103.191.203.114 - - [08/Aug/2026:06:43:23 +0000] "POST /xmlrpc.php HTTP/1.1" 200 40961 "-" "WordPress.com; https://wordpress.com"
103.174.255.14 - - [08/Aug/2026:06:43:24 +0000] "POST /xmlrpc.php HTTP/1.1" 200 40960 "-" "Jetpack by WordPress.com (Jetpack 12.5; WordPress 6.4)"
117.214.224.51 - - [08/Aug/2026:06:43:25 +0000] "POST /xmlrpc.php HTTP/1.1" 200 40960 "-" "Jetpack by WordPress.com"
103.191.203.114 - - [08/Aug/2026:06:43:34 +0000] "POST /xmlrpc.php HTTP/1.1" 200 40961 "-" "Jetpack/13.0; WordPress/6.2; http://site85995026.com"
117.214.224.51 - - [08/Aug/2026:06:43:35 +0000] "POST /xmlrpc.php HTTP/1.1" 200 40960 "-" "Jetpack by WordPress.com"
103.174.255.14 - - [08/Aug/2026:06:43:35 +0000] "POST /xmlrpc.php HTTP/1.1" 200 40960 "-" "WordPress.com; https://wordpress.com"
103.191.203.114 - - [08/Aug/2026:06:43:45 +0000] "POST /xmlrpc.php HTTP/1.1" 200 40961 "-" "Jetpack by WordPress.com"
117.214.224.51 - - [08/Aug/2026:06:43:46 +0000] "POST /xmlrpc.php HTTP/1.1" 200 40960 "-" "Jetpack by WordPress.com (Jetpack 13.0; WordPress 6.3)"
103.174.255.14 - - [08/Aug/2026:06:43:46 +0000] "POST /xmlrpc.php HTTP/1.1" 200 40960 "-" "Jetpack by WordPress.com"
103.191.203.114 - - [08/Aug/2026:06:43:56 +0000] "POST /xmlrpc.php HTTP/1.1" 200 40968 "-" "WordPress.com; https://wordpress.com"
117.214.224.51 - - [08/Aug/2026:06:43:56 +0000] "POST /xmlrpc.php HTTP/1.1" 200 40960 "-" "WordPress.com; https://wordpress.com"
103.191.203.114 - - [08/Aug/2026:06:44:06 +0000] "POST /xmlrpc.php HTTP/1.1" 200 40961 "-" "WordPress.com; https://wordpress.com"
117.214.224.51 - - [08/Aug/2026:06:44:07 +0000] "POST /xmlrpc.php HTTP/1.1" 200 40960 "-" "Jetpack/13.0; WordPress/6.1; http://site69088411.com"
103.191.203.114 - - [08/Aug/2026:06:44:17 +0000] "POST /xmlrpc.php HTTP/1.1" 200 40961 "-" "Jetpack by WordPress.com (Jetpack 12.5; WordPress 6.3)"
103.191.203.114 - - [08/Aug/2026:06:44:28 +0000] "POST /xmlrpc.php HTTP/1.1" 200 40961 "-" "Jetpack by WordPress.com (Jetpack 12.5; WordPress 6.2)"
103.191.203.114 - - [08/Aug/2026:06:44:39 +0000] "POST /xmlrpc.php HTTP/1.1" 200 40961 "-" "Jetpack by WordPress.com"
103.191.203.114 - - [08/Aug/2026:06:44:49 +0000] "POST /xmlrpc.php HTTP/1.1" 200 40961 "-" "Jetpack by WordPress.com"
103.191.203.114 - - [08/Aug/2026:06:45:00 +0000] "POST /xmlrpc.php HTTP/1.1" 200 40961 "-" "WordPress.com; https://wordpress.com"
103.191.203.114 - - [08/Aug/2026:06:45:11 +0000] "POST /xmlrpc.php HTTP/1.1" 200 40961 "-" "Jetpack/13.0; WordPress/6.2; http://site83869260.com"
5.161.225.78 - - [08/Aug/2026:06:45:15 +0000] "GET /vavada-vasino/ HTTP/1.1" 200 3380 "-" "Mozilla/5.0 (Macintosh; Intel Mac OS X 10_15_7) AppleWebKit/605.1.15 (KHTML, like Gecko) Version/26.0.1 Safari/605.1.15"
178.156.228.38 - - [08/Aug/2026:06:45:15 +0000] "GET /aragatnasyklar-tm/ HTTP/1.1" 200 3380 "-" "Mozilla/5.0 (Macintosh; Intel Mac OS X 10_15_7) AppleWebKit/605.1.15 (KHTML, like Gecko) Version/26.0.1 Safari/605.1.15"
178.156.224.65 - - [08/Aug/2026:06:45:16 +0000] "GET /gunay-agro/ HTTP/1.1" 200 3379 "-" "Mozilla/5.0 (Macintosh; Intel Mac OS X 10_15_7) AppleWebKit/605.1.15 (KHTML, like Gecko) Version/26.0.1 Safari/605.1.15"
178.156.224.65 - - [08/Aug/2026:06:45:16 +0000] "GET /gunay-mayonez/ HTTP/1.1" 200 3379 "-" "Mozilla/5.0 (Macintosh; Intel Mac OS X 10_15_7) AppleWebKit/605.1.15 (KHTML, like Gecko) Version/26.0.1 Safari/605.1.15"
5.161.183.57 - - [08/Aug/2026:06:45:16 +0000] "GET /gunay-kofe/ HTTP/1.1" 200 3379 "-" "Mozilla/5.0 (Macintosh; Intel Mac OS X 10_15_7) AppleWebKit/605.1.15 (KHTML, like Gecko) Version/26.0.1 Safari/605.1.15"
5.161.77.16 - - [08/Aug/2026:06:45:18 +0000] "GET /contact-us/ HTTP/1.1" 200 3377 "-" "Mozilla/5.0 (Macintosh; Intel Mac OS X 10_15_7) AppleWebKit/605.1.15 (KHTML, like Gecko) Version/26.0.1 Safari/605.1.15"
107.189.8.65 - - [08/Aug/2026:06:45:18 +0000] "GET /gunay-mayonez/ HTTP/1.1" 200 3378 "-" "Mozilla/5.0 (Macintosh; Intel Mac OS X 10_15_7) AppleWebKit/605.1.15 (KHTML, like Gecko) Version/26.0.1 Safari/605.1.15"
134.199.77.2 - - [08/Aug/2026:06:45:20 +0000] "GET /gunay-mayonez/ HTTP/1.1" 200 3380 "https://gunay.com.tm/" "Mozilla/5.0 (Windows NT 10.0; Win64; x64) AppleWebKit/537.36 (KHTML, like Gecko) Chrome/150.0.0.0 Safari/537.36"
94.176.80.154 - - [08/Aug/2026:06:45:20 +0000] "GET /gunay-mayonez/ HTTP/1.1" 200 3380 "https://gunay.com.tm/" "Mozilla/5.0 (Macintosh; Intel Mac OS X 10_15_7) AppleWebKit/605.1.15 (KHTML, like Gecko) Version/17.5 Safari/605.1.15"
100.36.246.177 - - [08/Aug/2026:06:45:20 +0000] "GET / HTTP/1.1" 200 3380 "-" "Mozilla/5.0 (Windows NT 10.0; Win64; x64) AppleWebKit/537.36 (KHTML, like Gecko) Chrome/150.0.0.0 Safari/537.36"
134.228.132.142 - - [08/Aug/2026:06:45:20 +0000] "GET /gunay-mayonez/ HTTP/1.1" 200 3380 "https://gunay.com.tm/" "Mozilla/5.0 (Windows NT 10.0; Win64; x64; rv:153.0) Gecko/20100101 Firefox/153.0"
119.13.211.157 - - [08/Aug/2026:06:45:20 +0000] "GET /gunay-mayonez/ HTTP/1.1" 200 3378 "https://gunay.com.tm/" "Mozilla/5.0 (Windows NT 10.0; Win64; x64) AppleWebKit/537.36 (KHTML, like Gecko) Chrome/150.0.0.0 Safari/537.36"
142.147.144.139 - - [08/Aug/2026:06:45:20 +0000] "GET / HTTP/1.1" 200 3380 "-" "Mozilla/5.0 (Windows NT 10.0; Win64; x64) AppleWebKit/537.36 (KHTML, like Gecko) Chrome/150.0.0.0 Safari/537.36"
152.39.255.222 - - [08/Aug/2026:06:45:20 +0000] "GET /gunay-mayonez/ HTTP/1.1" 200 3380 "https://gunay.com.tm/" "Mozilla/5.0 (Windows NT 10.0; Win64; x64; rv:153.0) Gecko/20100101 Firefox/153.0"
100.36.246.177 - - [08/Aug/2026:06:45:20 +0000] "GET /gunay-mayonez/ HTTP/1.1" 200 3380 "https://gunay.com.tm/" "Mozilla/5.0 (Windows NT 10.0; Win64; x64) AppleWebKit/537.36 (KHTML, like Gecko) Chrome/150.0.0.0 Safari/537.36"
5.161.93.247 - - [08/Aug/2026:06:45:21 +0000] "GET /news/ HTTP/1.1" 200 3377 "-" "Mozilla/5.0 (Macintosh; Intel Mac OS X 10_15_7) AppleWebKit/605.1.15 (KHTML, like Gecko) Version/26.0.1 Safari/605.1.15"
142.147.144.139 - - [08/Aug/2026:06:45:21 +0000] "GET /gunay-mayonez/ HTTP/1.1" 499 0 "https://gunay.com.tm/" "Mozilla/5.0 (Windows NT 10.0; Win64; x64) AppleWebKit/537.36 (KHTML, like Gecko) Chrome/150.0.0.0 Safari/537.36"
103.191.203.114 - - [08/Aug/2026:06:45:22 +0000] "POST /xmlrpc.php HTTP/1.1" 200 40961 "-" "WordPress.com; https://wordpress.com"
5.161.249.252 - - [08/Aug/2026:06:45:23 +0000] "GET / HTTP/1.1" 200 3379 "-" "Mozilla/5.0 (Macintosh; Intel Mac OS X 10_15_7) AppleWebKit/605.1.15 (KHTML, like Gecko) Version/26.0.1 Safari/605.1.15"
5.78.207.34 - - [08/Aug/2026:06:45:25 +0000] "GET /pokerdom-casino/ HTTP/1.1" 200 3379 "-" "Mozilla/5.0 (Macintosh; Intel Mac OS X 10_15_7) AppleWebKit/605.1.15 (KHTML, like Gecko) Version/26.0.1 Safari/605.1.15"
193.36.132.21 - - [08/Aug/2026:06:45:31 +0000] "GET /aragatnasyklar-tm/ HTTP/1.1" 200 3380 "-" "Mozilla/5.0 (Macintosh; Intel Mac OS X 10_15_7) AppleWebKit/605.1.15 (KHTML, like Gecko) Version/26.0.1 Safari/605.1.15"
103.191.203.114 - - [08/Aug/2026:06:45:32 +0000] "POST /xmlrpc.php HTTP/1.1" 200 40961 "-" "Jetpack/12.1; WordPress/6.1; http://site38503391.com"
152.39.237.247 - - [08/Aug/2026:06:45:33 +0000] "GET /aragatnasyklar-tm/ HTTP/1.1" 200 3382 "-" "Mozilla/5.0 (Macintosh; Intel Mac OS X 10_15_7) AppleWebKit/605.1.15 (KHTML, like Gecko) Version/26.0 Safari/605.1.15"
72.66.24.170 - - [08/Aug/2026:06:45:33 +0000] "GET /aragatnasyklar-tm/ HTTP/1.1" 200 3377 "-" "Mozilla/5.0 (Macintosh; Intel Mac OS X 10_15_7) AppleWebKit/605.1.15 (KHTML, like Gecko) Version/26.0 Safari/605.1.15"
134.199.70.217 - - [08/Aug/2026:06:45:33 +0000] "GET /aragatnasyklar-tm/ HTTP/1.1" 200 3380 "-" "Mozilla/5.0 (Macintosh; Intel Mac OS X 10_15_7) AppleWebKit/605.1.15 (KHTML, like Gecko) Version/26.1 Safari/605.1.15"
161.123.110.5 - - [08/Aug/2026:06:45:33 +0000] "GET / HTTP/1.1" 200 3379 "-" "Mozilla/5.0 (Windows NT 10.0; Win64; x64) AppleWebKit/537.36 (KHTML, like Gecko) Chrome/150.0.0.0 Safari/537.36"
141.126.27.185 - - [08/Aug/2026:06:45:33 +0000] "GET /aragatnasyklar-tm/ HTTP/1.1" 499 0 "-" "Mozilla/5.0 (Macintosh; Intel Mac OS X 10_15_7) AppleWebKit/605.1.15 (KHTML, like Gecko) Version/26.1 Safari/605.1.15"
161.123.7.94 - - [08/Aug/2026:06:45:33 +0000] "GET /aragatnasyklar-tm/ HTTP/1.1" 200 3377 "https://www.google.com/" "Mozilla/5.0 (Windows NT 10.0; Win64; x64) AppleWebKit/537.36 (KHTML, like Gecko) Chrome/150.0.0.0 Safari/537.36"
100.8.60.71 - - [08/Aug/2026:06:45:33 +0000] "GET / HTTP/1.1" 200 3377 "-" "Mozilla/5.0 (Windows NT 10.0; Win64; x64) AppleWebKit/537.36 (KHTML, like Gecko) Chrome/150.0.0.0 Safari/537.36"
161.123.110.5 - - [08/Aug/2026:06:45:33 +0000] "GET /aragatnasyklar-tm/ HTTP/1.1" 200 3379 "https://gunay.com.tm/" "Mozilla/5.0 (Windows NT 10.0; Win64; x64) AppleWebKit/537.36 (KHTML, like Gecko) Chrome/150.0.0.0 Safari/537.36"
172.56.64.147 - - [08/Aug/2026:06:45:34 +0000] "GET /aragatnasyklar-tm/ HTTP/1.1" 499 0 "https://www.google.com/" "Mozilla/5.0 (Windows NT 10.0; Win64; x64) AppleWebKit/537.36 (KHTML, like Gecko) Chrome/150.0.0.0 Safari/537.36"
24.154.80.104 - - [08/Aug/2026:06:45:34 +0000] "GET /aragatnasyklar-tm/ HTTP/1.1" 200 3378 "https://gunay.com.tm/" "Mozilla/5.0 (Windows NT 10.0; Win64; x64) AppleWebKit/537.36 (KHTML, like Gecko) Chrome/150.0.0.0 Safari/537.36"
100.8.60.71 - - [08/Aug/2026:06:45:34 +0000] "GET /aragatnasyklar-tm/ HTTP/1.1" 200 3377 "https://gunay.com.tm/" "Mozilla/5.0 (Windows NT 10.0; Win64; x64) AppleWebKit/537.36 (KHTML, like Gecko) Chrome/150.0.0.0 Safari/537.36"
64.190.76.4 - - [08/Aug/2026:06:45:34 +0000] "GET /gunay-kofe/ HTTP/1.1" 200 3378 "-" "Mozilla/5.0 (Macintosh; Intel Mac OS X 10_15_7) AppleWebKit/605.1.15 (KHTML, like Gecko) Version/26.0.1 Safari/605.1.15"
92.255.35.105 - - [08/Aug/2026:06:45:35 +0000] "GET /gunay-kofe/ HTTP/1.1" 200 3380 "https://gunay.com.tm/" "Mozilla/5.0 (Windows NT 10.0; Win64; x64) AppleWebKit/537.36 (KHTML, like Gecko) Chrome/150.0.0.0 Safari/537.36"
74.70.234.39 - - [08/Aug/2026:06:45:36 +0000] "GET /gunay-kofe/ HTTP/1.1" 200 3380 "https://www.google.com/" "Mozilla/5.0 (Windows NT 10.0; Win64; x64; rv:152.0) Gecko/20100101 Firefox/152.0"
206.204.63.234 - - [08/Aug/2026:06:45:36 +0000] "GET /gunay-kofe/ HTTP/1.1" 200 3378 "https://www.google.com/" "Mozilla/5.0 (Windows NT 10.0; Win64; x64; rv:152.0) Gecko/20100101 Firefox/152.0"
154.37.108.224 - - [08/Aug/2026:06:45:36 +0000] "GET /gunay-kofe/ HTTP/1.1" 200 3379 "https://gunay.com.tm/" "Mozilla/5.0 (Windows NT 10.0; Win64; x64) AppleWebKit/537.36 (KHTML, like Gecko) Chrome/150.0.0.0 Safari/537.36"
203.109.54.252 - - [08/Aug/2026:06:45:36 +0000] "GET /gunay-kofe/ HTTP/1.1" 200 3380 "-" "Mozilla/5.0 (Windows NT 10.0; Win64; x64) AppleWebKit/537.36 (KHTML, like Gecko) Chrome/150.0.0.0 Safari/537.36"
136.52.71.20 - - [08/Aug/2026:06:45:36 +0000] "GET /gunay-kofe/ HTTP/1.1" 200 3379 "-" "Mozilla/5.0 (Windows NT 10.0; Win64; x64) AppleWebKit/537.36 (KHTML, like Gecko) Chrome/150.0.0.0 Safari/537.36 Edg/150.0.0.0"
5.161.112.113 - - [08/Aug/2026:06:45:37 +0000] "GET /vavada-casino/ HTTP/1.1" 200 3378 "-" "Mozilla/5.0 (Macintosh; Intel Mac OS X 10_15_7) AppleWebKit/605.1.15 (KHTML, like Gecko) Version/26.0.1 Safari/605.1.15"
205.185.116.34 - - [08/Aug/2026:06:45:37 +0000] "GET /contact-us/ HTTP/1.1" 200 3379 "-" "Mozilla/5.0 (Macintosh; Intel Mac OS X 10_15_7) AppleWebKit/605.1.15 (KHTML, like Gecko) Version/26.0.1 Safari/605.1.15"
136.227.160.98 - - [08/Aug/2026:06:45:39 +0000] "GET /contact-us/ HTTP/1.1" 200 3380 "https://www.google.com/" "Mozilla/5.0 (Windows NT 10.0; Win64; x64; rv:153.0) Gecko/20100101 Firefox/153.0"
134.199.77.153 - - [08/Aug/2026:06:45:39 +0000] "GET /contact-us/ HTTP/1.1" 200 3379 "https://www.google.com/" "Mozilla/5.0 (Macintosh; Intel Mac OS X 10_15_7) AppleWebKit/537.36 (KHTML, like Gecko) Chrome/150.0.0.0 Safari/537.36"
162.43.226.91 - - [08/Aug/2026:06:45:39 +0000] "GET /contact-us/ HTTP/1.1" 200 3380 "https://gunay.com.tm/" "Mozilla/5.0 (Windows NT 10.0; Win64; x64; rv:153.0) Gecko/20100101 Firefox/153.0"
174.57.185.78 - - [08/Aug/2026:06:45:39 +0000] "GET /contact-us/ HTTP/1.1" 499 0 "https://www.google.com/" "Mozilla/5.0 (Macintosh; Intel Mac OS X 10_15_7) AppleWebKit/537.36 (KHTML, like Gecko) Chrome/150.0.0.0 Safari/537.36"
134.199.78.60 - - [08/Aug/2026:06:45:39 +0000] "GET /contact-us/ HTTP/1.1" 200 3380 "-" "Mozilla/5.0 (Windows NT 10.0; Win64; x64) AppleWebKit/537.36 (KHTML, like Gecko) Chrome/150.0.0.0 Safari/537.36"
152.39.222.210 - - [08/Aug/2026:06:45:42 +0000] "GET / HTTP/1.1" 200 3380 "-" "Mozilla/5.0 (Macintosh; Intel Mac OS X 10_15_7) AppleWebKit/537.36 (KHTML, like Gecko) Chrome/150.0.0.0 Safari/537.36"
176.223.183.242 - - [08/Aug/2026:06:45:42 +0000] "GET /vavada-vasino/ HTTP/1.1" 200 3378 "-" "Mozilla/5.0 (Windows NT 10.0; Win64; x64) AppleWebKit/537.36 (KHTML, like Gecko) Chrome/150.0.0.0 Safari/537.36"
134.199.85.25 - - [08/Aug/2026:06:45:42 +0000] "GET /vavada-vasino/ HTTP/1.1" 200 3380 "-" "Mozilla/5.0 (Windows NT 10.0; Win64; x64) AppleWebKit/537.36 (KHTML, like Gecko) Chrome/149.0.0.0 Safari/537.36"
152.39.222.210 - - [08/Aug/2026:06:45:42 +0000] "GET /vavada-vasino/ HTTP/1.1" 200 3380 "https://gunay.com.tm/" "Mozilla/5.0 (Macintosh; Intel Mac OS X 10_15_7) AppleWebKit/537.36 (KHTML, like Gecko) Chrome/150.0.0.0 Safari/537.36"
73.134.14.190 - - [08/Aug/2026:06:45:42 +0000] "GET /vavada-vasino/ HTTP/1.1" 200 3377 "-" "Mozilla/5.0 (Windows NT 10.0; Win64; x64) AppleWebKit/537.36 (KHTML, like Gecko) Chrome/151.0.0.0 Safari/537.36"
168.158.231.2 - - [08/Aug/2026:06:45:42 +0000] "GET /vavada-vasino/ HTTP/1.1" 200 3379 "-" "Mozilla/5.0 (Windows NT 10.0; Win64; x64) AppleWebKit/537.36 (KHTML, like Gecko) Chrome/149.0.0.0 Safari/537.36"
178.171.13.20 - - [08/Aug/2026:06:45:42 +0000] "GET /vavada-vasino/ HTTP/1.1" 200 3376 "-" "Mozilla/5.0 (Windows NT 10.0; Win64; x64) AppleWebKit/537.36 (KHTML, like Gecko) Chrome/150.0.0.0 Safari/537.36"
69.222.64.105 - - [08/Aug/2026:06:45:42 +0000] "GET /vavada-vasino/ HTTP/1.1" 200 3380 "-" "Mozilla/5.0 (Windows NT 10.0; Win64; x64) AppleWebKit/537.36 (KHTML, like Gecko) Chrome/149.0.0.0 Safari/537.36"
152.39.247.17 - - [08/Aug/2026:06:45:42 +0000] "GET /vavada-vasino/ HTTP/1.1" 200 3379 "https://gunay.com.tm/" "Mozilla/5.0 (Windows NT 10.0; Win64; x64) AppleWebKit/537.36 (KHTML, like Gecko) Chrome/151.0.0.0 Safari/537.36"
91.192.214.248 - - [08/Aug/2026:06:45:42 +0000] "GET /vavada-vasino/ HTTP/1.1" 499 0 "-" "Mozilla/5.0 (Windows NT 10.0; Win64; x64) AppleWebKit/537.36 (KHTML, like Gecko) Chrome/151.0.0.0 Safari/537.36"
166.70.23.205 - - [08/Aug/2026:06:45:43 +0000] "GET /contact-us/ HTTP/1.1" 200 3380 "-" "Mozilla/5.0 (Windows NT 10.0; Win64; x64) AppleWebKit/537.36 (KHTML, like Gecko) Chrome/150.0.0.0 Safari/537.36"
103.191.203.114 - - [08/Aug/2026:06:45:43 +0000] "POST /xmlrpc.php HTTP/1.1" 200 40931 "-" "Jetpack/12.5; WordPress/6.3; http://site13101257.com"
64.190.76.10 - - [08/Aug/2026:06:45:44 +0000] "GET /gunay-agro/ HTTP/1.1" 200 3379 "-" "Mozilla/5.0 (Macintosh; Intel Mac OS X 10_15_7) AppleWebKit/605.1.15 (KHTML, like Gecko) Version/26.0.1 Safari/605.1.15"
149.28.235.6 - - [08/Aug/2026:06:45:45 +0000] "GET /gunay-agro/ HTTP/1.1" 200 3381 "https://www.google.com/" "Mozilla/5.0 (Windows NT 10.0; Win64; x64; rv:153.0) Gecko/20100101 Firefox/153.0"
161.123.169.39 - - [08/Aug/2026:06:45:46 +0000] "GET /gunay-agro/ HTTP/1.1" 200 3380 "https://gunay.com.tm/" "Mozilla/5.0 (Windows NT 10.0; Win64; x64) AppleWebKit/537.36 (KHTML, like Gecko) Chrome/150.0.0.0 Safari/537.36 Edg/150.0.0.0"
213.188.70.115 - - [08/Aug/2026:06:45:46 +0000] "GET /gunay-agro/ HTTP/1.1" 200 3378 "-" "Mozilla/5.0 (Windows NT 10.0; Win64; x64) AppleWebKit/537.36 (KHTML, like Gecko) Chrome/150.0.0.0 Safari/537.36"
207.148.21.24 - - [08/Aug/2026:06:45:46 +0000] "GET /gunay-agro/ HTTP/1.1" 200 3378 "https://gunay.com.tm/" "Mozilla/5.0 (Windows NT 10.0; Win64; x64) AppleWebKit/537.36 (KHTML, like Gecko) Chrome/150.0.0.0 Safari/537.36"
173.254.244.109 - - [08/Aug/2026:06:45:46 +0000] "GET / HTTP/1.1" 200 3379 "-" "Mozilla/5.0 (Windows NT 10.0; Win64; x64) AppleWebKit/537.36 (KHTML, like Gecko) Chrome/150.0.0.0 Safari/537.36"
134.199.79.118 - - [08/Aug/2026:06:45:47 +0000] "GET /gunay-agro/ HTTP/1.1" 200 3380 "https://gunay.com.tm/" "Mozilla/5.0 (Windows NT 10.0; Win64; x64) AppleWebKit/537.36 (KHTML, like Gecko) Chrome/150.0.0.0 Safari/537.36"
31.204.11.210 - - [08/Aug/2026:06:45:47 +0000] "GET / HTTP/1.1" 200 3376 "-" "Mozilla/5.0 (Windows NT 10.0; Win64; x64) AppleWebKit/537.36 (KHTML, like Gecko) Chrome/150.0.0.0 Safari/537.36"
76.36.199.180 - - [08/Aug/2026:06:45:47 +0000] "GET /gunay-agro/ HTTP/1.1" 499 0 "-" "Mozilla/5.0 (Windows NT 10.0; Win64; x64) AppleWebKit/537.36 (KHTML, like Gecko) Chrome/150.0.0.0 Safari/537.36"
66.118.7.120 - - [08/Aug/2026:06:45:47 +0000] "GET /gunay-agro/ HTTP/1.1" 200 3377 "https://gunay.com.tm/" "Mozilla/5.0 (Windows NT 10.0; Win64; x64) AppleWebKit/537.36 (KHTML, like Gecko) Chrome/150.0.0.0 Safari/537.36"
107.197.41.195 - - [08/Aug/2026:06:45:47 +0000] "GET / HTTP/1.1" 200 3379 "-" "Mozilla/5.0 (Windows NT 10.0; Win64; x64) AppleWebKit/537.36 (KHTML, like Gecko) Chrome/150.0.0.0 Safari/537.36"
173.254.244.109 - - [08/Aug/2026:06:45:47 +0000] "GET /gunay-agro/ HTTP/1.1" 200 3379 "https://gunay.com.tm/" "Mozilla/5.0 (Windows NT 10.0; Win64; x64) AppleWebKit/537.36 (KHTML, like Gecko) Chrome/150.0.0.0 Safari/537.36"
31.204.11.210 - - [08/Aug/2026:06:45:47 +0000] "GET /gunay-agro/ HTTP/1.1" 200 3376 "https://gunay.com.tm/" "Mozilla/5.0 (Windows NT 10.0; Win64; x64) AppleWebKit/537.36 (KHTML, like Gecko) Chrome/150.0.0.0 Safari/537.36"
193.36.132.21 - - [08/Aug/2026:06:45:48 +0000] "GET /pokerdom-casino/ HTTP/1.1" 200 3380 "-" "Mozilla/5.0 (Macintosh; Intel Mac OS X 10_15_7) AppleWebKit/605.1.15 (KHTML, like Gecko) Version/26.0.1 Safari/605.1.15"
152.39.147.70 - - [08/Aug/2026:06:45:51 +0000] "GET /pokerdom-casino/ HTTP/1.1" 200 3379 "https://www.google.com/" "Mozilla/5.0 (Macintosh; Intel Mac OS X 10_15_7) AppleWebKit/537.36 (KHTML, like Gecko) Chrome/149.0.0.0 Safari/537.36"
45.61.71.221 - - [08/Aug/2026:06:45:51 +0000] "GET /pokerdom-casino/ HTTP/1.1" 200 3379 "https://www.google.com/" "Mozilla/5.0 (Windows NT 10.0; Win64; x64; rv:153.0) Gecko/20100101 Firefox/153.0"
136.242.109.197 - - [08/Aug/2026:06:45:51 +0000] "GET /pokerdom-casino/ HTTP/1.1" 200 3379 "https://gunay.com.tm/" "Mozilla/5.0 (Windows NT 10.0; Win64; x64; rv:153.0) Gecko/20100101 Firefox/153.0"
93.180.234.152 - - [08/Aug/2026:06:45:51 +0000] "GET /pokerdom-casino/ HTTP/1.1" 200 3380 "https://www.google.com/" "Mozilla/5.0 (Windows NT 10.0; Win64; x64) AppleWebKit/537.36 (KHTML, like Gecko) Chrome/149.0.0.0 Safari/537.36"
67.186.148.40 - - [08/Aug/2026:06:45:51 +0000] "GET /pokerdom-casino/ HTTP/1.1" 200 3379 "https://www.google.com/" "Mozilla/5.0 (Windows NT 10.0; Win64; x64; rv:153.0) Gecko/20100101 Firefox/153.0"
103.191.203.114 - - [08/Aug/2026:06:45:54 +0000] "POST /xmlrpc.php HTTP/1.1" 200 40961 "-" "Jetpack by WordPress.com"
172.58.57.182 - - [08/Aug/2026:06:45:58 +0000] "GET / HTTP/1.1" 200 3380 "-" "Mozilla/5.0 (Macintosh; Intel Mac OS X 10_15_7) AppleWebKit/537.36 (KHTML, like Gecko) Chrome/150.0.0.0 Safari/537.36"
172.58.57.182 - - [08/Aug/2026:06:45:59 +0000] "GET /pokerdom-casino/ HTTP/1.1" 200 3380 "https://gunay.com.tm/" "Mozilla/5.0 (Macintosh; Intel Mac OS X 10_15_7) AppleWebKit/537.36 (KHTML, like Gecko) Chrome/150.0.0.0 Safari/537.36"
103.191.203.114 - - [08/Aug/2026:06:46:05 +0000] "POST /xmlrpc.php HTTP/1.1" 200 40961 "-" "Jetpack/12.1; WordPress/6.2; http://site15036048.com"
