216.73.217.37 - - [08/Aug/2026:05:33:54 +0000] "GET /robots.txt HTTP/1.1" 200 3376 "-" "Mozilla/5.0 AppleWebKit/537.36 (KHTML, like Gecko; compatible; ClaudeBot/1.0; +claudebot@anthropic.com)"
40.77.167.123 - - [08/Aug/2026:05:33:54 +0000] "GET /1717096497 HTTP/1.1" 200 3380 "-" "Mozilla/5.0 AppleWebKit/537.36 (KHTML, like Gecko; compatible; bingbot/2.0; +http://www.bing.com/bingbot.htm) Chrome/116.0.1938.76 Safari/537.36"
216.73.217.37 - - [08/Aug/2026:05:33:54 +0000] "GET /wp-sitemap.xml HTTP/1.1" 200 3376 "-" "Mozilla/5.0 AppleWebKit/537.36 (KHTML, like Gecko; compatible; ClaudeBot/1.0; +claudebot@anthropic.com)"
40.77.167.243 - - [08/Aug/2026:05:34:10 +0000] "GET /2332670587 HTTP/1.1" 200 3379 "-" "Mozilla/5.0 AppleWebKit/537.36 (KHTML, like Gecko; compatible; bingbot/2.0; +http://www.bing.com/bingbot.htm) Chrome/116.0.1938.76 Safari/537.36"
40.77.167.243 - - [08/Aug/2026:05:34:10 +0000] "GET /2558072368 HTTP/1.1" 200 3379 "-" "Mozilla/5.0 AppleWebKit/537.36 (KHTML, like Gecko; compatible; bingbot/2.0; +http://www.bing.com/bingbot.htm) Chrome/116.0.1938.76 Safari/537.36"
40.77.167.243 - - [08/Aug/2026:05:34:11 +0000] "GET /2747375672 HTTP/1.1" 200 3379 "-" "Mozilla/5.0 AppleWebKit/537.36 (KHTML, like Gecko; compatible; bingbot/2.0; +http://www.bing.com/bingbot.htm) Chrome/116.0.1938.76 Safari/537.36"
40.77.167.247 - - [08/Aug/2026:05:34:25 +0000] "GET /1037852152 HTTP/1.1" 200 3380 "-" "Mozilla/5.0 AppleWebKit/537.36 (KHTML, like Gecko; compatible; bingbot/2.0; +http://www.bing.com/bingbot.htm) Chrome/116.0.1938.76 Safari/537.36"
40.77.167.243 - - [08/Aug/2026:05:35:20 +0000] "GET /1266326505 HTTP/1.1" 200 3379 "-" "Mozilla/5.0 AppleWebKit/537.36 (KHTML, like Gecko; compatible; bingbot/2.0; +http://www.bing.com/bingbot.htm) Chrome/116.0.1938.76 Safari/537.36"
40.77.167.243 - - [08/Aug/2026:05:35:29 +0000] "GET /1401499285 HTTP/1.1" 200 3379 "-" "Mozilla/5.0 AppleWebKit/537.36 (KHTML, like Gecko; compatible; bingbot/2.0; +http://www.bing.com/bingbot.htm) Chrome/116.0.1938.76 Safari/537.36"
40.77.167.123 - - [08/Aug/2026:05:36:02 +0000] "GET /3819541468 HTTP/1.1" 200 3380 "-" "Mozilla/5.0 AppleWebKit/537.36 (KHTML, like Gecko; compatible; bingbot/2.0; +http://www.bing.com/bingbot.htm) Chrome/116.0.1938.76 Safari/537.36"
40.77.167.123 - - [08/Aug/2026:05:36:02 +0000] "GET /128782245 HTTP/1.1" 200 3380 "-" "Mozilla/5.0 AppleWebKit/537.36 (KHTML, like Gecko; compatible; bingbot/2.0; +http://www.bing.com/bingbot.htm) Chrome/116.0.1938.76 Safari/537.36"
43.164.1.211 - - [08/Aug/2026:05:37:41 +0000] "GET /?loknya=/var HTTP/1.1" 200 2771 "-" "Mozilla/5.0 (iPhone; CPU iPhone OS 13_2_3 like Mac OS X) AppleWebKit/605.1.15 (KHTML, like Gecko) Version/13.0.3 Mobile/15E148 Safari/604.1"
178.24.228.242 - - [08/Aug/2026:05:46:23 +0000] "POST /xmlrpc.php HTTP/1.1" 200 40954 "-" "Mozilla/5.0 (X11; Ubuntu; Linux x86_64; arm64) AppleWebKit/537.36 (KHTML, like Gecko) Safari/14.0.0.0 Safari/537.36"
43.133.220.37 - - [08/Aug/2026:05:48:24 +0000] "GET /index.php HTTP/1.1" 200 3379 "-" "Mozilla/5.0 (iPhone; CPU iPhone OS 13_2_3 like Mac OS X) AppleWebKit/605.1.15 (KHTML, like Gecko) Version/13.0.3 Mobile/15E148 Safari/604.1"
40.77.167.23 - - [08/Aug/2026:05:51:49 +0000] "GET /184143465 HTTP/1.1" 200 3379 "-" "Mozilla/5.0 AppleWebKit/537.36 (KHTML, like Gecko; compatible; bingbot/2.0; +http://www.bing.com/bingbot.htm) Chrome/116.0.1938.76 Safari/537.36"
52.167.144.219 - - [08/Aug/2026:05:51:59 +0000] "GET /913855959 HTTP/1.1" 200 3380 "-" "Mozilla/5.0 AppleWebKit/537.36 (KHTML, like Gecko; compatible; bingbot/2.0; +http://www.bing.com/bingbot.htm) Chrome/116.0.1938.76 Safari/537.36"
40.77.167.23 - - [08/Aug/2026:05:52:10 +0000] "GET /423465382 HTTP/1.1" 200 3379 "-" "Mozilla/5.0 AppleWebKit/537.36 (KHTML, like Gecko; compatible; bingbot/2.0; +http://www.bing.com/bingbot.htm) Chrome/116.0.1938.76 Safari/537.36"
40.77.167.23 - - [08/Aug/2026:05:52:10 +0000] "GET /3700732474 HTTP/1.1" 200 3379 "-" "Mozilla/5.0 AppleWebKit/537.36 (KHTML, like Gecko; compatible; bingbot/2.0; +http://www.bing.com/bingbot.htm) Chrome/116.0.1938.76 Safari/537.36"
52.167.144.204 - - [08/Aug/2026:05:52:14 +0000] "GET /3353209722 HTTP/1.1" 200 3379 "-" "Mozilla/5.0 AppleWebKit/537.36 (KHTML, like Gecko; compatible; bingbot/2.0; +http://www.bing.com/bingbot.htm) Chrome/116.0.1938.76 Safari/537.36"
170.106.110.146 - - [08/Aug/2026:05:59:24 +0000] "GET /?lokasie=/var/www/gunay/wp-blog-header.php&loknya=/var/www/gunay HTTP/1.1" 200 1921 "-" "Mozilla/5.0 (iPhone; CPU iPhone OS 13_2_3 like Mac OS X) AppleWebKit/605.1.15 (KHTML, like Gecko) Version/13.0.3 Mobile/15E148 Safari/604.1"
52.167.144.145 - - [08/Aug/2026:05:59:30 +0000] "GET /3031210451 HTTP/1.1" 200 3381 "-" "Mozilla/5.0 AppleWebKit/537.36 (KHTML, like Gecko; compatible; bingbot/2.0; +http://www.bing.com/bingbot.htm) Chrome/116.0.1938.76 Safari/537.36"
40.77.167.241 - - [08/Aug/2026:05:59:40 +0000] "GET /3975263487 HTTP/1.1" 200 3379 "-" "Mozilla/5.0 AppleWebKit/537.36 (KHTML, like Gecko; compatible; bingbot/2.0; +http://www.bing.com/bingbot.htm) Chrome/116.0.1938.76 Safari/537.36"
40.77.167.241 - - [08/Aug/2026:05:59:40 +0000] "GET /90528317 HTTP/1.1" 200 3379 "-" "Mozilla/5.0 AppleWebKit/537.36 (KHTML, like Gecko; compatible; bingbot/2.0; +http://www.bing.com/bingbot.htm) Chrome/116.0.1938.76 Safari/537.36"
193.203.9.249 - - [08/Aug/2026:06:03:02 +0000] "POST /xmlrpc.php HTTP/1.1" 200 40959 "-" "Mozilla/5.0 (compatible; Googlebot/2.1; +http://www.google.com/bot.html)"
40.77.167.241 - - [08/Aug/2026:06:07:11 +0000] "GET /2434523655 HTTP/1.1" 200 3379 "-" "Mozilla/5.0 AppleWebKit/537.36 (KHTML, like Gecko; compatible; bingbot/2.0; +http://www.bing.com/bingbot.htm) Chrome/116.0.1938.76 Safari/537.36"
40.77.167.241 - - [08/Aug/2026:06:07:12 +0000] "GET /2209940515 HTTP/1.1" 200 3379 "-" "Mozilla/5.0 AppleWebKit/537.36 (KHTML, like Gecko; compatible; bingbot/2.0; +http://www.bing.com/bingbot.htm) Chrome/116.0.1938.76 Safari/537.36"
40.77.167.241 - - [08/Aug/2026:06:07:12 +0000] "GET /2148673579 HTTP/1.1" 200 3379 "-" "Mozilla/5.0 AppleWebKit/537.36 (KHTML, like Gecko; compatible; bingbot/2.0; +http://www.bing.com/bingbot.htm) Chrome/116.0.1938.76 Safari/537.36"
52.167.144.145 - - [08/Aug/2026:06:07:15 +0000] "GET /1888128405 HTTP/1.1" 200 3381 "-" "Mozilla/5.0 AppleWebKit/537.36 (KHTML, like Gecko; compatible; bingbot/2.0; +http://www.bing.com/bingbot.htm) Chrome/116.0.1938.76 Safari/537.36"
40.77.167.241 - - [08/Aug/2026:06:08:41 +0000] "GET /2856326096 HTTP/1.1" 200 3379 "-" "Mozilla/5.0 AppleWebKit/537.36 (KHTML, like Gecko; compatible; bingbot/2.0; +http://www.bing.com/bingbot.htm) Chrome/116.0.1938.76 Safari/537.36"
40.77.167.241 - - [08/Aug/2026:06:08:41 +0000] "GET /918976099 HTTP/1.1" 200 3379 "-" "Mozilla/5.0 AppleWebKit/537.36 (KHTML, like Gecko; compatible; bingbot/2.0; +http://www.bing.com/bingbot.htm) Chrome/116.0.1938.76 Safari/537.36"
52.167.144.145 - - [08/Aug/2026:06:08:52 +0000] "GET /1171962690 HTTP/1.1" 200 3381 "-" "Mozilla/5.0 AppleWebKit/537.36 (KHTML, like Gecko; compatible; bingbot/2.0; +http://www.bing.com/bingbot.htm) Chrome/116.0.1938.76 Safari/537.36"
40.77.167.5 - - [08/Aug/2026:06:09:04 +0000] "GET /823355241 HTTP/1.1" 200 3379 "-" "Mozilla/5.0 AppleWebKit/537.36 (KHTML, like Gecko; compatible; bingbot/2.0; +http://www.bing.com/bingbot.htm) Chrome/116.0.1938.76 Safari/537.36"
40.77.167.5 - - [08/Aug/2026:06:09:04 +0000] "GET /4259952738 HTTP/1.1" 200 3379 "-" "Mozilla/5.0 AppleWebKit/537.36 (KHTML, like Gecko; compatible; bingbot/2.0; +http://www.bing.com/bingbot.htm) Chrome/116.0.1938.76 Safari/537.36"
43.133.139.6 - - [08/Aug/2026:06:09:32 +0000] "GET /?lokasie=/var/www/gunay/wp-load.php&loknya=/var/www/gunay HTTP/1.1" 200 3140 "-" "Mozilla/5.0 (iPhone; CPU iPhone OS 13_2_3 like Mac OS X) AppleWebKit/605.1.15 (KHTML, like Gecko) Version/13.0.3 Mobile/15E148 Safari/604.1"
66.249.70.104 - - [08/Aug/2026:06:10:09 +0000] "GET /?_g=1608506 HTTP/1.1" 200 3378 "-" "Mozilla/5.0 (Linux; Android 6.0.1; Nexus 5X Build/MMB29P) AppleWebKit/537.36 (KHTML, like Gecko) Chrome/150.0.7871.186 Mobile Safari/537.36 (compatible; Googlebot/2.1; +http://www.google.com/bot.html)"
103.174.255.14 - - [08/Aug/2026:06:13:30 +0000] "POST /xmlrpc.php HTTP/1.1" 200 40960 "-" "Jetpack by WordPress.com"
103.174.255.14 - - [08/Aug/2026:06:13:40 +0000] "POST /xmlrpc.php HTTP/1.1" 200 40960 "-" "Jetpack by WordPress.com"
103.174.255.14 - - [08/Aug/2026:06:13:51 +0000] "POST /xmlrpc.php HTTP/1.1" 200 40960 "-" "WordPress.com; https://wordpress.com"
40.77.167.30 - - [08/Aug/2026:06:13:54 +0000] "GET /2547571475 HTTP/1.1" 200 3380 "-" "Mozilla/5.0 AppleWebKit/537.36 (KHTML, like Gecko; compatible; bingbot/2.0; +http://www.bing.com/bingbot.htm) Chrome/116.0.1938.76 Safari/537.36"
40.77.167.5 - - [08/Aug/2026:06:14:02 +0000] "GET /188329466 HTTP/1.1" 200 3379 "-" "Mozilla/5.0 AppleWebKit/537.36 (KHTML, like Gecko; compatible; bingbot/2.0; +http://www.bing.com/bingbot.htm) Chrome/116.0.1938.76 Safari/537.36"
103.174.255.14 - - [08/Aug/2026:06:14:05 +0000] "POST /xmlrpc.php HTTP/1.1" 200 40960 "-" "Jetpack by WordPress.com"
103.174.255.14 - - [08/Aug/2026:06:14:18 +0000] "POST /xmlrpc.php HTTP/1.1" 200 40960 "-" "WordPress.com; https://wordpress.com"
103.174.255.14 - - [08/Aug/2026:06:14:31 +0000] "POST /xmlrpc.php HTTP/1.1" 200 40960 "-" "WordPress.com; https://wordpress.com"
103.174.255.14 - - [08/Aug/2026:06:14:44 +0000] "POST /xmlrpc.php HTTP/1.1" 200 40960 "-" "Jetpack by WordPress.com"
103.174.255.14 - - [08/Aug/2026:06:14:56 +0000] "POST /xmlrpc.php HTTP/1.1" 200 40960 "-" "Jetpack/12.0; WordPress/6.2; http://site58381485.com"
103.174.255.14 - - [08/Aug/2026:06:15:07 +0000] "POST /xmlrpc.php HTTP/1.1" 200 40960 "-" "WordPress.com; https://wordpress.com"
103.174.255.14 - - [08/Aug/2026:06:15:19 +0000] "POST /xmlrpc.php HTTP/1.1" 200 40960 "-" "Jetpack by WordPress.com"
176.32.193.16 - - [08/Aug/2026:06:15:29 +0000] "GET / HTTP/1.0" 400 666 "-" "Mozilla/5.0 (Windows NT 10.0; Win64; x64) AppleWebKit/537.36 (KHTML, like Gecko) Chrome/92.0.4515.107 Safari/537.36 HBPC/12.0.0.300"
103.174.255.14 - - [08/Aug/2026:06:15:31 +0000] "POST /xmlrpc.php HTTP/1.1" 200 40967 "-" "Jetpack/12.1; WordPress/6.2; http://site58323897.com"
103.174.255.14 - - [08/Aug/2026:06:15:42 +0000] "POST /xmlrpc.php HTTP/1.1" 200 40960 "-" "WordPress.com; https://wordpress.com"
5.101.64.6 - - [08/Aug/2026:06:15:46 +0000] "GET / HTTP/1.1" 400 264 "-" "fasthttp"
176.32.193.16 - - [08/Aug/2026:06:15:46 +0000] "GET /aaa9 HTTP/1.1" 200 3380 "-" "Mozilla/5.0 (Windows NT 10.0; Win64; x64) AppleWebKit/537.36 (KHTML, like Gecko) Chrome/70.0.3538.77 Safari/537.36"
176.32.193.16 - - [08/Aug/2026:06:15:47 +0000] "GET /aab9 HTTP/1.1" 200 3380 "-" "Mozilla/5.0 (Windows NT 10.0; Win64; x64) AppleWebKit/537.36 (KHTML, like Gecko) Chrome/70.0.3538.77 Safari/537.36"
103.174.255.14 - - [08/Aug/2026:06:15:58 +0000] "POST /xmlrpc.php HTTP/1.1" 200 40960 "-" "Jetpack/12.5; WordPress/6.1; http://site43443242.com"
103.174.255.14 - - [08/Aug/2026:06:16:10 +0000] "POST /xmlrpc.php HTTP/1.1" 200 40960 "-" "WordPress.com; https://wordpress.com"
103.174.255.14 - - [08/Aug/2026:06:16:21 +0000] "POST /xmlrpc.php HTTP/1.1" 200 40960 "-" "Jetpack by WordPress.com (Jetpack 12.1; WordPress 6.1)"
103.174.255.14 - - [08/Aug/2026:06:16:33 +0000] "POST /xmlrpc.php HTTP/1.1" 200 40960 "-" "Jetpack by WordPress.com (Jetpack 12.5; WordPress 6.2)"
103.174.255.14 - - [08/Aug/2026:06:16:44 +0000] "POST /xmlrpc.php HTTP/1.1" 200 40960 "-" "WordPress.com; https://wordpress.com"
103.174.255.14 - - [08/Aug/2026:06:16:56 +0000] "POST /xmlrpc.php HTTP/1.1" 200 40954 "-" "Jetpack by WordPress.com"
103.174.255.14 - - [08/Aug/2026:06:17:07 +0000] "POST /xmlrpc.php HTTP/1.1" 200 40960 "-" "WordPress.com; https://wordpress.com"
103.174.255.14 - - [08/Aug/2026:06:17:19 +0000] "POST /xmlrpc.php HTTP/1.1" 200 40954 "-" "Jetpack by WordPress.com"
103.174.255.14 - - [08/Aug/2026:06:17:30 +0000] "POST /xmlrpc.php HTTP/1.1" 200 40960 "-" "Jetpack/12.5; WordPress/6.3; http://site81004761.com"
216.73.217.37 - - [08/Aug/2026:06:17:37 +0000] "GET /wp-sitemap.xml?loknya=%2F HTTP/1.1" 200 2839 "-" "Mozilla/5.0 AppleWebKit/537.36 (KHTML, like Gecko; compatible; ClaudeBot/1.0; +claudebot@anthropic.com)"
216.73.217.37 - - [08/Aug/2026:06:17:37 +0000] "GET /index.php HTTP/1.1" 200 3376 "-" "Mozilla/5.0 AppleWebKit/537.36 (KHTML, like Gecko; compatible; ClaudeBot/1.0; +claudebot@anthropic.com)"
103.174.255.14 - - [08/Aug/2026:06:17:47 +0000] "POST /xmlrpc.php HTTP/1.1" 200 40946 "-" "Jetpack by WordPress.com"
216.73.217.37 - - [08/Aug/2026:06:17:55 +0000] "GET /wp-sitemap.xml?loknya=%2Fvar%2Fwww HTTP/1.1" 200 2741 "-" "Mozilla/5.0 AppleWebKit/537.36 (KHTML, like Gecko; compatible; ClaudeBot/1.0; +claudebot@anthropic.com)"
216.73.217.37 - - [08/Aug/2026:06:17:55 +0000] "GET /wp-sitemap.xml?loknya=%2Fvar HTTP/1.1" 200 2768 "-" "Mozilla/5.0 AppleWebKit/537.36 (KHTML, like Gecko; compatible; ClaudeBot/1.0; +claudebot@anthropic.com)"
103.174.255.14 - - [08/Aug/2026:06:17:58 +0000] "POST /xmlrpc.php HTTP/1.1" 200 40960 "-" "WordPress.com; https://wordpress.com"
117.214.224.51 - - [08/Aug/2026:06:18:03 +0000] "POST /xmlrpc.php HTTP/1.1" 200 40960 "-" "Jetpack by WordPress.com"
216.73.217.37 - - [08/Aug/2026:06:18:08 +0000] "GET /wp-sitemap.xml?loknya=%2Fvar%2Fwww%2Fgunay%2Fwp-admin HTTP/1.1" 200 5524 "-" "Mozilla/5.0 AppleWebKit/537.36 (KHTML, like Gecko; compatible; ClaudeBot/1.0; +claudebot@anthropic.com)"
216.73.217.37 - - [08/Aug/2026:06:18:09 +0000] "GET /wp-sitemap.xml?loknya=%2Fvar%2Fwww%2F HTTP/1.1" 200 2744 "-" "Mozilla/5.0 AppleWebKit/537.36 (KHTML, like Gecko; compatible; ClaudeBot/1.0; +claudebot@anthropic.com)"
216.73.217.37 - - [08/Aug/2026:06:18:11 +0000] "GET /wp-sitemap.xml?loknya=%2Fvar%2Fwww%2Fgunay HTTP/1.1" 200 3376 "-" "Mozilla/5.0 AppleWebKit/537.36 (KHTML, like Gecko; compatible; ClaudeBot/1.0; +claudebot@anthropic.com)"
216.73.217.37 - - [08/Aug/2026:06:18:11 +0000] "GET /wp-sitemap.xml?loknya=%2Fvar%2Fwww%2Fgunay%2Fwp-includes HTTP/1.1" 200 9982 "-" "Mozilla/5.0 AppleWebKit/537.36 (KHTML, like Gecko; compatible; ClaudeBot/1.0; +claudebot@anthropic.com)"
103.174.255.14 - - [08/Aug/2026:06:18:12 +0000] "POST /xmlrpc.php HTTP/1.1" 200 40960 "-" "Jetpack/12.5; WordPress/6.1; http://site64215523.com"
117.214.224.51 - - [08/Aug/2026:06:18:13 +0000] "POST /xmlrpc.php HTTP/1.1" 200 40960 "-" "Jetpack by WordPress.com (Jetpack 12.0; WordPress 6.3)"
117.214.224.51 - - [08/Aug/2026:06:18:23 +0000] "POST /xmlrpc.php HTTP/1.1" 200 40960 "-" "WordPress.com; https://wordpress.com"
43.154.127.188 - - [08/Aug/2026:06:18:30 +0000] "GET /?loknya=/ HTTP/1.1" 200 2848 "-" "Mozilla/5.0 (iPhone; CPU iPhone OS 13_2_3 like Mac OS X) AppleWebKit/605.1.15 (KHTML, like Gecko) Version/13.0.3 Mobile/15E148 Safari/604.1"
103.174.255.14 - - [08/Aug/2026:06:18:32 +0000] "POST /xmlrpc.php HTTP/1.1" 200 40960 "-" "WordPress.com; https://wordpress.com"
117.214.224.51 - - [08/Aug/2026:06:18:34 +0000] "POST /xmlrpc.php HTTP/1.1" 200 40960 "-" "Jetpack by WordPress.com"
117.214.224.51 - - [08/Aug/2026:06:18:44 +0000] "POST /xmlrpc.php HTTP/1.1" 200 40954 "-" "Jetpack by WordPress.com (Jetpack 12.5; WordPress 6.3)"
103.174.255.14 - - [08/Aug/2026:06:18:48 +0000] "POST /xmlrpc.php HTTP/1.1" 200 40960 "-" "WordPress.com; https://wordpress.com"
216.73.217.37 - - [08/Aug/2026:06:18:50 +0000] "GET /wp-sitemap.xml?loknya=%2Fvar%2Fwww%2Fgunay%2Fdup-installer HTTP/1.1" 200 2670 "-" "Mozilla/5.0 AppleWebKit/537.36 (KHTML, like Gecko; compatible; ClaudeBot/1.0; +claudebot@anthropic.com)"
216.73.217.37 - - [08/Aug/2026:06:18:50 +0000] "GET /wp-sitemap.xml?loknya=%2Fvar%2Fwww%2Fgunay%2Fwp-content HTTP/1.1" 200 2460 "-" "Mozilla/5.0 AppleWebKit/537.36 (KHTML, like Gecko; compatible; ClaudeBot/1.0; +claudebot@anthropic.com)"
117.214.224.51 - - [08/Aug/2026:06:18:55 +0000] "POST /xmlrpc.php HTTP/1.1" 200 40960 "-" "Jetpack/12.5; WordPress/6.4; http://site35816568.com"
103.174.255.14 - - [08/Aug/2026:06:18:59 +0000] "POST /xmlrpc.php HTTP/1.1" 200 40960 "-" "Jetpack by WordPress.com (Jetpack 13.0; WordPress 6.2)"
216.73.217.37 - - [08/Aug/2026:06:18:59 +0000] "GET /wp-sitemap.xml?lokasie=%2Fvar%2Fwww%2Fgunay%2Fwp-load.php&loknya=%2Fvar%2Fwww%2Fgunay HTTP/1.1" 200 3139 "-" "Mozilla/5.0 AppleWebKit/537.36 (KHTML, like Gecko; compatible; ClaudeBot/1.0; +claudebot@anthropic.com)"
216.73.217.37 - - [08/Aug/2026:06:18:59 +0000] "GET /wp-sitemap.xml?lokasie=%2Fvar%2Fwww%2Fgunay%2Fwp-config-sample.php&loknya=%2Fvar%2Fwww%2Fgunay HTTP/1.1" 200 3005 "-" "Mozilla/5.0 AppleWebKit/537.36 (KHTML, like Gecko; compatible; ClaudeBot/1.0; +claudebot@anthropic.com)"
117.214.224.51 - - [08/Aug/2026:06:19:05 +0000] "POST /xmlrpc.php HTTP/1.1" 200 40960 "-" "Jetpack/13.0; WordPress/6.4; http://site26864967.com"
40.77.167.30 - - [08/Aug/2026:06:19:14 +0000] "GET /1954595526 HTTP/1.1" 200 3380 "-" "Mozilla/5.0 AppleWebKit/537.36 (KHTML, like Gecko; compatible; bingbot/2.0; +http://www.bing.com/bingbot.htm) Chrome/116.0.1938.76 Safari/537.36"
103.174.255.14 - - [08/Aug/2026:06:19:15 +0000] "POST /xmlrpc.php HTTP/1.1" 200 40960 "-" "WordPress.com; https://wordpress.com"
117.214.224.51 - - [08/Aug/2026:06:19:16 +0000] "POST /xmlrpc.php HTTP/1.1" 200 40960 "-" "Jetpack by WordPress.com (Jetpack 12.5; WordPress 6.3)"
52.167.144.161 - - [08/Aug/2026:06:19:23 +0000] "GET /1174915038 HTTP/1.1" 200 3379 "-" "Mozilla/5.0 AppleWebKit/537.36 (KHTML, like Gecko; compatible; bingbot/2.0; +http://www.bing.com/bingbot.htm) Chrome/116.0.1938.76 Safari/537.36"
117.214.224.51 - - [08/Aug/2026:06:19:26 +0000] "POST /xmlrpc.php HTTP/1.1" 200 40930 "-" "WordPress.com; https://wordpress.com"
103.174.255.14 - - [08/Aug/2026:06:19:33 +0000] "POST /xmlrpc.php HTTP/1.1" 200 40960 "-" "WordPress.com; https://wordpress.com"
40.77.167.5 - - [08/Aug/2026:06:19:33 +0000] "GET /990466390 HTTP/1.1" 200 3379 "-" "Mozilla/5.0 AppleWebKit/537.36 (KHTML, like Gecko; compatible; bingbot/2.0; +http://www.bing.com/bingbot.htm) Chrome/116.0.1938.76 Safari/537.36"
117.214.224.51 - - [08/Aug/2026:06:19:37 +0000] "POST /xmlrpc.php HTTP/1.1" 200 40960 "-" "Jetpack by WordPress.com"
216.73.217.37 - - [08/Aug/2026:06:19:42 +0000] "GET /wp-sitemap.xml?lokasie=%2Fvar%2Fwww%2Fgunay%2Fwp-settings.php&loknya=%2Fvar%2Fwww%2Fgunay HTTP/1.1" 200 6670 "-" "Mozilla/5.0 AppleWebKit/537.36 (KHTML, like Gecko; compatible; ClaudeBot/1.0; +claudebot@anthropic.com)"
216.73.217.37 - - [08/Aug/2026:06:19:42 +0000] "GET /wp-sitemap.xml?lokasie=%2Fvar%2Fwww%2Fgunay%2Fwp-activate.php&loknya=%2Fvar%2Fwww%2Fgunay HTTP/1.1" 200 4226 "-" "Mozilla/5.0 AppleWebKit/537.36 (KHTML, like Gecko; compatible; ClaudeBot/1.0; +claudebot@anthropic.com)"
103.174.255.14 - - [08/Aug/2026:06:19:45 +0000] "POST /xmlrpc.php HTTP/1.1" 200 40938 "-" "Jetpack by WordPress.com"
216.73.217.37 - - [08/Aug/2026:06:19:46 +0000] "GET /wp-sitemap.xml?lokasie=%2Fvar%2Fwww%2Fgunay%2Fwp-cron.php&loknya=%2Fvar%2Fwww%2Fgunay HTTP/1.1" 200 3412 "-" "Mozilla/5.0 AppleWebKit/537.36 (KHTML, like Gecko; compatible; ClaudeBot/1.0; +claudebot@anthropic.com)"
216.73.217.37 - - [08/Aug/2026:06:19:46 +0000] "GET /wp-sitemap.xml?lokasie=%2Fvar%2Fwww%2Fgunay%2Fwp-trackback.php&loknya=%2Fvar%2Fwww%2Fgunay HTTP/1.1" 200 3464 "-" "Mozilla/5.0 AppleWebKit/537.36 (KHTML, like Gecko; compatible; ClaudeBot/1.0; +claudebot@anthropic.com)"
117.214.224.51 - - [08/Aug/2026:06:19:47 +0000] "POST /xmlrpc.php HTTP/1.1" 200 40954 "-" "Jetpack/12.1; WordPress/6.2; http://site91948675.com"
216.73.217.37 - - [08/Aug/2026:06:19:48 +0000] "GET /wp-sitemap.xml?lokasie=%2Fvar%2Fwww%2Fgunay%2Findex.php&loknya=%2Fvar%2Fwww%2Fgunay HTTP/1.1" 200 1932 "-" "Mozilla/5.0 AppleWebKit/537.36 (KHTML, like Gecko; compatible; ClaudeBot/1.0; +claudebot@anthropic.com)"
216.73.217.37 - - [08/Aug/2026:06:19:48 +0000] "GET /wp-sitemap.xml?lokasie=%2Fvar%2Fwww%2Fgunay%2Fwp-login.php&loknya=%2Fvar%2Fwww%2Fgunay HTTP/1.1" 200 13390 "-" "Mozilla/5.0 AppleWebKit/537.36 (KHTML, like Gecko; compatible; ClaudeBot/1.0; +claudebot@anthropic.com)"
117.214.224.51 - - [08/Aug/2026:06:19:58 +0000] "POST /xmlrpc.php HTTP/1.1" 200 40960 "-" "Jetpack by WordPress.com (Jetpack 12.1; WordPress 6.4)"
103.174.255.14 - - [08/Aug/2026:06:19:58 +0000] "POST /xmlrpc.php HTTP/1.1" 200 40960 "-" "Jetpack by WordPress.com (Jetpack 12.5; WordPress 6.4)"
117.214.224.51 - - [08/Aug/2026:06:20:08 +0000] "POST /xmlrpc.php HTTP/1.1" 200 40954 "-" "Jetpack/12.1; WordPress/6.2; http://site18347465.com"
103.174.255.14 - - [08/Aug/2026:06:20:13 +0000] "POST /xmlrpc.php HTTP/1.1" 200 40960 "-" "WordPress.com; https://wordpress.com"
117.214.224.51 - - [08/Aug/2026:06:20:19 +0000] "POST /xmlrpc.php HTTP/1.1" 200 40960 "-" "WordPress.com; https://wordpress.com"
103.174.255.14 - - [08/Aug/2026:06:20:28 +0000] "POST /xmlrpc.php HTTP/1.1" 200 40960 "-" "WordPress.com; https://wordpress.com"
117.214.224.51 - - [08/Aug/2026:06:20:29 +0000] "POST /xmlrpc.php HTTP/1.1" 200 40960 "-" "Jetpack by WordPress.com (Jetpack 12.1; WordPress 6.1)"
216.73.217.37 - - [08/Aug/2026:06:20:33 +0000] "GET /wp-sitemap.xml?lokasie=%2Fvar%2Fwww%2Fgunay%2Fwp-links-opml.php&loknya=%2Fvar%2Fwww%2Fgunay HTTP/1.1" 200 2833 "-" "Mozilla/5.0 AppleWebKit/537.36 (KHTML, like Gecko; compatible; ClaudeBot/1.0; +claudebot@anthropic.com)"
216.73.217.37 - - [08/Aug/2026:06:20:34 +0000] "GET /wp-sitemap.xml?lokasie=%2Fvar%2Fwww%2Fgunay%2Fwp-blog-header.php&loknya=%2Fvar%2Fwww%2Fgunay HTTP/1.1" 200 1917 "-" "Mozilla/5.0 AppleWebKit/537.36 (KHTML, like Gecko; compatible; ClaudeBot/1.0; +claudebot@anthropic.com)"
117.214.224.51 - - [08/Aug/2026:06:20:40 +0000] "POST /xmlrpc.php HTTP/1.1" 200 40960 "-" "Jetpack by WordPress.com"
216.73.217.37 - - [08/Aug/2026:06:20:40 +0000] "GET /wp-sitemap.xml?lokasie=%2Fvar%2Fwww%2Fgunay%2F_index.html&loknya=%2Fvar%2Fwww%2Fgunay HTTP/1.1" 200 3157 "-" "Mozilla/5.0 AppleWebKit/537.36 (KHTML, like Gecko; compatible; ClaudeBot/1.0; +claudebot@anthropic.com)"
103.191.203.114 - - [08/Aug/2026:06:20:40 +0000] "POST /xmlrpc.php HTTP/1.1" 200 40961 "-" "Jetpack/13.0; WordPress/6.4; http://site95795757.com"
216.73.217.37 - - [08/Aug/2026:06:20:40 +0000] "GET /wp-sitemap.xml?lokasie=%2Fvar%2Fwww%2Fgunay%2Freadme.html&loknya=%2Fvar%2Fwww%2Fgunay HTTP/1.1" 200 4746 "-" "Mozilla/5.0 AppleWebKit/537.36 (KHTML, like Gecko; compatible; ClaudeBot/1.0; +claudebot@anthropic.com)"
216.73.217.37 - - [08/Aug/2026:06:20:48 +0000] "GET /wp-sitemap.xml?lokasie=%2Fvar%2Fwww%2Fgunay%2F.user.ini&loknya=%2Fvar%2Fwww%2Fgunay HTTP/1.1" 200 1768 "-" "Mozilla/5.0 AppleWebKit/537.36 (KHTML, like Gecko; compatible; ClaudeBot/1.0; +claudebot@anthropic.com)"
216.73.217.37 - - [08/Aug/2026:06:20:48 +0000] "GET /wp-sitemap.xml?lokasie=%2Fvar%2Fwww%2Fgunay%2Fwp-signup.php&loknya=%2Fvar%2Fwww%2Fgunay HTTP/1.1" 200 9243 "-" "Mozilla/5.0 AppleWebKit/537.36 (KHTML, like Gecko; compatible; ClaudeBot/1.0; +claudebot@anthropic.com)"
103.174.255.14 - - [08/Aug/2026:06:20:49 +0000] "POST /xmlrpc.php HTTP/1.1" 200 40960 "-" "WordPress.com; https://wordpress.com"
103.191.203.114 - - [08/Aug/2026:06:20:49 +0000] "POST /xmlrpc.php HTTP/1.1" 200 40961 "-" "Jetpack/12.5; WordPress/6.3; http://site45162850.com"
117.214.224.51 - - [08/Aug/2026:06:20:50 +0000] "POST /xmlrpc.php HTTP/1.1" 200 40960 "-" "Jetpack/12.0; WordPress/6.2; http://site54689629.com"
103.191.203.114 - - [08/Aug/2026:06:21:00 +0000] "POST /xmlrpc.php HTTP/1.1" 200 40961 "-" "Jetpack by WordPress.com"
117.214.224.51 - - [08/Aug/2026:06:21:01 +0000] "POST /xmlrpc.php HTTP/1.1" 200 40960 "-" "Jetpack by WordPress.com (Jetpack 12.0; WordPress 6.4)"
103.174.255.14 - - [08/Aug/2026:06:21:06 +0000] "POST /xmlrpc.php HTTP/1.1" 200 40960 "-" "WordPress.com; https://wordpress.com"
103.191.203.114 - - [08/Aug/2026:06:21:10 +0000] "POST /xmlrpc.php HTTP/1.1" 200 40961 "-" "Jetpack by WordPress.com"
117.214.224.51 - - [08/Aug/2026:06:21:11 +0000] "POST /xmlrpc.php HTTP/1.1" 200 40960 "-" "Jetpack/13.0; WordPress/6.1; http://site59892795.com"
103.191.203.114 - - [08/Aug/2026:06:21:21 +0000] "POST /xmlrpc.php HTTP/1.1" 200 40961 "-" "Jetpack by WordPress.com"
117.214.224.51 - - [08/Aug/2026:06:21:22 +0000] "POST /xmlrpc.php HTTP/1.1" 200 40960 "-" "WordPress.com; https://wordpress.com"
216.73.217.37 - - [08/Aug/2026:06:21:25 +0000] "GET /wp-sitemap.xml?lokasie=%2Fvar%2Fwww%2Fgunay%2F.htaccess__b622285-03052447&loknya=%2Fvar%2Fwww%2Fgunay HTTP/1.1" 200 2348 "-" "Mozilla/5.0 AppleWebKit/537.36 (KHTML, like Gecko; compatible; ClaudeBot/1.0; +claudebot@anthropic.com)"
216.73.217.37 - - [08/Aug/2026:06:21:26 +0000] "GET /wp-sitemap.xml?lokasie=%2Fvar%2Fwww%2Fgunay%2F.infomaniak-maintenance.html&loknya=%2Fvar%2Fwww%2Fgunay HTTP/1.1" 200 3194 "-" "Mozilla/5.0 AppleWebKit/537.36 (KHTML, like Gecko; compatible; ClaudeBot/1.0; +claudebot@anthropic.com)"
103.174.255.14 - - [08/Aug/2026:06:21:26 +0000] "POST /xmlrpc.php HTTP/1.1" 200 40960 "-" "WordPress.com; https://wordpress.com"
103.191.203.114 - - [08/Aug/2026:06:21:32 +0000] "POST /xmlrpc.php HTTP/1.1" 200 40961 "-" "Jetpack by WordPress.com (Jetpack 12.0; WordPress 6.3)"
117.214.224.51 - - [08/Aug/2026:06:21:32 +0000] "POST /xmlrpc.php HTTP/1.1" 200 40960 "-" "Jetpack by WordPress.com"
216.73.217.37 - - [08/Aug/2026:06:21:34 +0000] "GET /wp-sitemap.xml?lokasie=%2Fvar%2Fwww%2Fgunay%2Fdup-wp-config-arc__b622285-03052447.txt&loknya=%2Fvar%2Fwww%2Fgunay HTTP/1.1" 200 3532 "-" "Mozilla/5.0 AppleWebKit/537.36 (KHTML, like Gecko; compatible; ClaudeBot/1.0; +claudebot@anthropic.com)"
117.214.224.51 - - [08/Aug/2026:06:21:43 +0000] "POST /xmlrpc.php HTTP/1.1" 200 40960 "-" "Jetpack/13.0; WordPress/6.2; http://site84732978.com"
103.191.203.114 - - [08/Aug/2026:06:21:43 +0000] "POST /xmlrpc.php HTTP/1.1" 200 40961 "-" "Jetpack/12.0; WordPress/6.3; http://site71165728.com"
103.174.255.14 - - [08/Aug/2026:06:21:44 +0000] "POST /xmlrpc.php HTTP/1.1" 200 40960 "-" "Jetpack/12.0; WordPress/6.2; http://site73635471.com"
216.73.217.37 - - [08/Aug/2026:06:21:46 +0000] "GET /wp-sitemap.xml?lokasie=%2Fvar%2Fwww%2Fgunay%2Fxmlrpc.php&loknya=%2Fvar%2Fwww%2Fgunay HTTP/1.1" 200 3119 "-" "Mozilla/5.0 AppleWebKit/537.36 (KHTML, like Gecko; compatible; ClaudeBot/1.0; +claudebot@anthropic.com)"
216.73.217.37 - - [08/Aug/2026:06:21:46 +0000] "GET /wp-sitemap.xml?lokasie=%2Fvar%2Fwww%2Fgunay%2Fwp-comments-post.php&loknya=%2Fvar%2Fwww%2Fgunay HTTP/1.1" 200 2763 "-" "Mozilla/5.0 AppleWebKit/537.36 (KHTML, like Gecko; compatible; ClaudeBot/1.0; +claudebot@anthropic.com)"
117.214.224.51 - - [08/Aug/2026:06:21:53 +0000] "POST /xmlrpc.php HTTP/1.1" 200 40960 "-" "Jetpack by WordPress.com (Jetpack 12.1; WordPress 6.3)"
103.191.203.114 - - [08/Aug/2026:06:21:54 +0000] "POST /xmlrpc.php HTTP/1.1" 200 40961 "-" "Jetpack by WordPress.com"
40.77.167.224 - - [08/Aug/2026:06:21:54 +0000] "GET /3910728169 HTTP/1.1" 200 3380 "-" "Mozilla/5.0 AppleWebKit/537.36 (KHTML, like Gecko; compatible; bingbot/2.0; +http://www.bing.com/bingbot.htm) Chrome/116.0.1938.76 Safari/537.36"
117.214.224.51 - - [08/Aug/2026:06:22:04 +0000] "POST /xmlrpc.php HTTP/1.1" 200 40960 "-" "WordPress.com; https://wordpress.com"
103.191.203.114 - - [08/Aug/2026:06:22:04 +0000] "POST /xmlrpc.php HTTP/1.1" 200 40961 "-" "WordPress.com; https://wordpress.com"
103.174.255.14 - - [08/Aug/2026:06:22:08 +0000] "POST /xmlrpc.php HTTP/1.1" 200 40960 "-" "WordPress.com; https://wordpress.com"
216.73.217.37 - - [08/Aug/2026:06:22:11 +0000] "GET /wp-sitemap.xml?lokasie=%2Fvar%2Fwww%2Fgunay%2Fwp-config.php&loknya=%2Fvar%2Fwww%2Fgunay HTTP/1.1" 200 3512 "-" "Mozilla/5.0 AppleWebKit/537.36 (KHTML, like Gecko; compatible; ClaudeBot/1.0; +claudebot@anthropic.com)"
216.73.217.37 - - [08/Aug/2026:06:22:11 +0000] "GET /wp-sitemap.xml?lokasie=%2Fvar%2Fwww%2Fgunay%2Fwp-mail.php&loknya=%2Fvar%2Fwww%2Fgunay HTTP/1.1" 200 4654 "-" "Mozilla/5.0 AppleWebKit/537.36 (KHTML, like Gecko; compatible; ClaudeBot/1.0; +claudebot@anthropic.com)"
117.214.224.51 - - [08/Aug/2026:06:22:14 +0000] "POST /xmlrpc.php HTTP/1.1" 200 40960 "-" "WordPress.com; https://wordpress.com"
103.191.203.114 - - [08/Aug/2026:06:22:15 +0000] "POST /xmlrpc.php HTTP/1.1" 200 40961 "-" "Jetpack/12.1; WordPress/6.2; http://site60734677.com"
216.73.217.37 - - [08/Aug/2026:06:22:21 +0000] "GET /wp-sitemap.xml?lokasie=%2Fvar%2Fwww%2Fgunay%2FGunay_WP_website_21_b622285dfefeeace3559_20210703052447_installer-backup.php&loknya=%2Fvar%2Fwww%2Fgunay HTTP/1.1" 200 19314 "-" "Mozilla/5.0 AppleWebKit/537.36 (KHTML, like Gecko; compatible; ClaudeBot/1.0; +claudebot@anthropic.com)"
216.73.217.37 - - [08/Aug/2026:06:22:21 +0000] "GET /wp-sitemap.xml?lokasie=%2Fvar%2Fwww%2Fgunay%2Flicense.txt&loknya=%2Fvar%2Fwww%2Fgunay HTTP/1.1" 200 8959 "-" "Mozilla/5.0 AppleWebKit/537.36 (KHTML, like Gecko; compatible; ClaudeBot/1.0; +claudebot@anthropic.com)"
103.174.255.14 - - [08/Aug/2026:06:22:24 +0000] "POST /xmlrpc.php HTTP/1.1" 200 40954 "-" "WordPress.com; https://wordpress.com"
117.214.224.51 - - [08/Aug/2026:06:22:25 +0000] "POST /xmlrpc.php HTTP/1.1" 200 40967 "-" "WordPress.com; https://wordpress.com"
103.191.203.114 - - [08/Aug/2026:06:22:26 +0000] "POST /xmlrpc.php HTTP/1.1" 200 40961 "-" "Jetpack by WordPress.com (Jetpack 12.5; WordPress 6.3)"
117.214.224.51 - - [08/Aug/2026:06:22:35 +0000] "POST /xmlrpc.php HTTP/1.1" 200 40960 "-" "Jetpack/13.0; WordPress/6.1; http://site30426273.com"
103.191.203.114 - - [08/Aug/2026:06:22:37 +0000] "POST /xmlrpc.php HTTP/1.1" 200 40961 "-" "Jetpack by WordPress.com"
103.174.255.14 - - [08/Aug/2026:06:22:40 +0000] "POST /xmlrpc.php HTTP/1.1" 200 40938 "-" "Jetpack by WordPress.com (Jetpack 12.1; WordPress 6.2)"
117.214.224.51 - - [08/Aug/2026:06:22:46 +0000] "POST /xmlrpc.php HTTP/1.1" 200 40960 "-" "Jetpack by WordPress.com (Jetpack 12.1; WordPress 6.1)"
103.191.203.114 - - [08/Aug/2026:06:22:47 +0000] "POST /xmlrpc.php HTTP/1.1" 200 40961 "-" "Jetpack/12.0; WordPress/6.2; http://site37225537.com"
117.214.224.51 - - [08/Aug/2026:06:22:56 +0000] "POST /xmlrpc.php HTTP/1.1" 200 40960 "-" "Jetpack by WordPress.com"
103.191.203.114 - - [08/Aug/2026:06:22:58 +0000] "POST /xmlrpc.php HTTP/1.1" 200 40961 "-" "Jetpack by WordPress.com"
103.174.255.14 - - [08/Aug/2026:06:22:59 +0000] "POST /xmlrpc.php HTTP/1.1" 200 40938 "-" "Jetpack/12.5; WordPress/6.4; http://site47546376.com"
117.214.224.51 - - [08/Aug/2026:06:23:07 +0000] "POST /xmlrpc.php HTTP/1.1" 200 40960 "-" "Jetpack/12.1; WordPress/6.2; http://site84794382.com"
103.191.203.114 - - [08/Aug/2026:06:23:09 +0000] "POST /xmlrpc.php HTTP/1.1" 200 40961 "-" "WordPress.com; https://wordpress.com"
103.174.255.14 - - [08/Aug/2026:06:23:13 +0000] "POST /xmlrpc.php HTTP/1.1" 200 40960 "-" "Jetpack by WordPress.com (Jetpack 12.1; WordPress 6.2)"
117.214.224.51 - - [08/Aug/2026:06:23:17 +0000] "POST /xmlrpc.php HTTP/1.1" 200 40960 "-" "Jetpack by WordPress.com"
103.191.203.114 - - [08/Aug/2026:06:23:20 +0000] "POST /xmlrpc.php HTTP/1.1" 200 40961 "-" "Jetpack by WordPress.com (Jetpack 13.0; WordPress 6.1)"
103.174.255.14 - - [08/Aug/2026:06:23:24 +0000] "POST /xmlrpc.php HTTP/1.1" 200 40960 "-" "Jetpack by WordPress.com (Jetpack 12.5; WordPress 6.2)"
117.214.224.51 - - [08/Aug/2026:06:23:28 +0000] "POST /xmlrpc.php HTTP/1.1" 200 40960 "-" "Jetpack/12.0; WordPress/6.1; http://site76699697.com"
103.191.203.114 - - [08/Aug/2026:06:23:30 +0000] "POST /xmlrpc.php HTTP/1.1" 200 40961 "-" "WordPress.com; https://wordpress.com"
103.174.255.14 - - [08/Aug/2026:06:23:36 +0000] "POST /xmlrpc.php HTTP/1.1" 200 40960 "-" "Jetpack by WordPress.com (Jetpack 12.1; WordPress 6.1)"
117.214.224.51 - - [08/Aug/2026:06:23:38 +0000] "POST /xmlrpc.php HTTP/1.1" 200 40960 "-" "WordPress.com; https://wordpress.com"
103.191.203.114 - - [08/Aug/2026:06:23:41 +0000] "POST /xmlrpc.php HTTP/1.1" 200 40961 "-" "Jetpack/12.0; WordPress/6.1; http://site92888310.com"
103.174.255.14 - - [08/Aug/2026:06:23:48 +0000] "POST /xmlrpc.php HTTP/1.1" 200 40954 "-" "WordPress.com; https://wordpress.com"
117.214.224.51 - - [08/Aug/2026:06:23:49 +0000] "POST /xmlrpc.php HTTP/1.1" 200 40960 "-" "Jetpack/13.0; WordPress/6.3; http://site79945764.com"
103.191.203.114 - - [08/Aug/2026:06:23:52 +0000] "POST /xmlrpc.php HTTP/1.1" 200 40961 "-" "Jetpack by WordPress.com (Jetpack 13.0; WordPress 6.3)"
117.214.224.51 - - [08/Aug/2026:06:23:59 +0000] "POST /xmlrpc.php HTTP/1.1" 200 40961 "-" "Jetpack/12.5; WordPress/6.1; http://site46040967.com"
103.174.255.14 - - [08/Aug/2026:06:23:59 +0000] "POST /xmlrpc.php HTTP/1.1" 200 40960 "-" "Jetpack by WordPress.com"
103.191.203.114 - - [08/Aug/2026:06:24:02 +0000] "POST /xmlrpc.php HTTP/1.1" 200 40961 "-" "Jetpack/12.5; WordPress/6.2; http://site84458040.com"
117.214.224.51 - - [08/Aug/2026:06:24:10 +0000] "POST /xmlrpc.php HTTP/1.1" 200 40960 "-" "WordPress.com; https://wordpress.com"
103.174.255.14 - - [08/Aug/2026:06:24:11 +0000] "POST /xmlrpc.php HTTP/1.1" 200 40960 "-" "Jetpack/12.5; WordPress/6.1; http://site30421999.com"
103.191.203.114 - - [08/Aug/2026:06:24:13 +0000] "POST /xmlrpc.php HTTP/1.1" 200 40961 "-" "WordPress.com; https://wordpress.com"
117.214.224.51 - - [08/Aug/2026:06:24:20 +0000] "POST /xmlrpc.php HTTP/1.1" 200 40946 "-" "WordPress.com; https://wordpress.com"
103.174.255.14 - - [08/Aug/2026:06:24:22 +0000] "POST /xmlrpc.php HTTP/1.1" 200 40938 "-" "Jetpack by WordPress.com (Jetpack 12.0; WordPress 6.2)"
103.191.203.114 - - [08/Aug/2026:06:24:24 +0000] "POST /xmlrpc.php HTTP/1.1" 200 40961 "-" "Jetpack by WordPress.com (Jetpack 12.0; WordPress 6.2)"
117.214.224.51 - - [08/Aug/2026:06:24:31 +0000] "POST /xmlrpc.php HTTP/1.1" 200 40960 "-" "Jetpack/12.1; WordPress/6.4; http://site49989194.com"
103.174.255.14 - - [08/Aug/2026:06:24:33 +0000] "POST /xmlrpc.php HTTP/1.1" 200 40960 "-" "WordPress.com; https://wordpress.com"
103.191.203.114 - - [08/Aug/2026:06:24:35 +0000] "POST /xmlrpc.php HTTP/1.1" 200 40961 "-" "Jetpack/12.1; WordPress/6.1; http://site16119820.com"
117.214.224.51 - - [08/Aug/2026:06:24:41 +0000] "POST /xmlrpc.php HTTP/1.1" 200 40960 "-" "Jetpack by WordPress.com (Jetpack 13.0; WordPress 6.2)"
103.174.255.14 - - [08/Aug/2026:06:24:45 +0000] "POST /xmlrpc.php HTTP/1.1" 200 40960 "-" "Jetpack by WordPress.com (Jetpack 12.0; WordPress 6.3)"
103.191.203.114 - - [08/Aug/2026:06:24:46 +0000] "POST /xmlrpc.php HTTP/1.1" 200 40961 "-" "WordPress.com; https://wordpress.com"
117.214.224.51 - - [08/Aug/2026:06:24:52 +0000] "POST /xmlrpc.php HTTP/1.1" 200 40954 "-" "Jetpack/12.0; WordPress/6.4; http://site78892214.com"
103.174.255.14 - - [08/Aug/2026:06:24:56 +0000] "POST /xmlrpc.php HTTP/1.1" 200 40960 "-" "Jetpack by WordPress.com (Jetpack 12.5; WordPress 6.2)"
103.191.203.114 - - [08/Aug/2026:06:24:56 +0000] "POST /xmlrpc.php HTTP/1.1" 200 40961 "-" "Jetpack by WordPress.com (Jetpack 12.1; WordPress 6.3)"
117.214.224.51 - - [08/Aug/2026:06:25:02 +0000] "POST /xmlrpc.php HTTP/1.1" 200 40960 "-" "Jetpack/13.0; WordPress/6.1; http://site95520359.com"
40.77.167.224 - - [08/Aug/2026:06:25:04 +0000] "GET /3219348591 HTTP/1.1" 200 3380 "-" "Mozilla/5.0 AppleWebKit/537.36 (KHTML, like Gecko; compatible; bingbot/2.0; +http://www.bing.com/bingbot.htm) Chrome/116.0.1938.76 Safari/537.36"
40.77.167.224 - - [08/Aug/2026:06:25:04 +0000] "GET /3559707187 HTTP/1.1" 200 3380 "-" "Mozilla/5.0 AppleWebKit/537.36 (KHTML, like Gecko; compatible; bingbot/2.0; +http://www.bing.com/bingbot.htm) Chrome/116.0.1938.76 Safari/537.36"
103.174.255.14 - - [08/Aug/2026:06:25:07 +0000] "POST /xmlrpc.php HTTP/1.1" 200 40960 "-" "Jetpack/12.0; WordPress/6.3; http://site87434155.com"
103.191.203.114 - - [08/Aug/2026:06:25:07 +0000] "POST /xmlrpc.php HTTP/1.1" 200 40961 "-" "Jetpack by WordPress.com (Jetpack 12.1; WordPress 6.3)"
117.214.224.51 - - [08/Aug/2026:06:25:12 +0000] "POST /xmlrpc.php HTTP/1.1" 200 40960 "-" "Jetpack by WordPress.com (Jetpack 12.1; WordPress 6.1)"
103.191.203.114 - - [08/Aug/2026:06:25:18 +0000] "POST /xmlrpc.php HTTP/1.1" 200 40961 "-" "Jetpack/12.0; WordPress/6.4; http://site29360489.com"
103.174.255.14 - - [08/Aug/2026:06:25:18 +0000] "POST /xmlrpc.php HTTP/1.1" 200 40960 "-" "Jetpack/12.1; WordPress/6.1; http://site55485635.com"
117.214.224.51 - - [08/Aug/2026:06:25:23 +0000] "POST /xmlrpc.php HTTP/1.1" 200 40960 "-" "Jetpack by WordPress.com (Jetpack 12.5; WordPress 6.1)"
103.191.203.114 - - [08/Aug/2026:06:25:29 +0000] "POST /xmlrpc.php HTTP/1.1" 200 40961 "-" "WordPress.com; https://wordpress.com"
103.174.255.14 - - [08/Aug/2026:06:25:30 +0000] "POST /xmlrpc.php HTTP/1.1" 200 40938 "-" "Jetpack by WordPress.com"
117.214.224.51 - - [08/Aug/2026:06:25:33 +0000] "POST /xmlrpc.php HTTP/1.1" 200 40967 "-" "Jetpack/12.0; WordPress/6.2; http://site78646524.com"
103.191.203.114 - - [08/Aug/2026:06:25:39 +0000] "POST /xmlrpc.php HTTP/1.1" 200 40961 "-" "WordPress.com; https://wordpress.com"
103.174.255.14 - - [08/Aug/2026:06:25:41 +0000] "POST /xmlrpc.php HTTP/1.1" 200 40960 "-" "Jetpack/12.0; WordPress/6.1; http://site74551507.com"
117.214.224.51 - - [08/Aug/2026:06:25:44 +0000] "POST /xmlrpc.php HTTP/1.1" 200 40960 "-" "Jetpack/12.0; WordPress/6.3; http://site80263101.com"
103.191.203.114 - - [08/Aug/2026:06:25:50 +0000] "POST /xmlrpc.php HTTP/1.1" 200 40968 "-" "Jetpack/12.0; WordPress/6.4; http://site25081087.com"
103.174.255.14 - - [08/Aug/2026:06:25:52 +0000] "POST /xmlrpc.php HTTP/1.1" 200 40960 "-" "Jetpack/12.5; WordPress/6.3; http://site34098761.com"
117.214.224.51 - - [08/Aug/2026:06:25:54 +0000] "POST /xmlrpc.php HTTP/1.1" 200 40960 "-" "Jetpack/12.5; WordPress/6.1; http://site89321133.com"
103.191.203.114 - - [08/Aug/2026:06:26:01 +0000] "POST /xmlrpc.php HTTP/1.1" 200 40961 "-" "Jetpack/12.1; WordPress/6.1; http://site58691795.com"
103.174.255.14 - - [08/Aug/2026:06:26:03 +0000] "POST /xmlrpc.php HTTP/1.1" 200 40960 "-" "Jetpack by WordPress.com"
117.214.224.51 - - [08/Aug/2026:06:26:05 +0000] "POST /xmlrpc.php HTTP/1.1" 200 40960 "-" "Jetpack by WordPress.com (Jetpack 12.1; WordPress 6.3)"
103.191.203.114 - - [08/Aug/2026:06:26:12 +0000] "POST /xmlrpc.php HTTP/1.1" 200 40961 "-" "WordPress.com; https://wordpress.com"
103.174.255.14 - - [08/Aug/2026:06:26:15 +0000] "POST /xmlrpc.php HTTP/1.1" 200 40960 "-" "Jetpack/13.0; WordPress/6.1; http://site87508823.com"
117.214.224.51 - - [08/Aug/2026:06:26:15 +0000] "POST /xmlrpc.php HTTP/1.1" 200 40960 "-" "Jetpack by WordPress.com (Jetpack 12.1; WordPress 6.2)"
103.191.203.114 - - [08/Aug/2026:06:26:23 +0000] "POST /xmlrpc.php HTTP/1.1" 200 40931 "-" "WordPress.com; https://wordpress.com"
117.214.224.51 - - [08/Aug/2026:06:26:26 +0000] "POST /xmlrpc.php HTTP/1.1" 200 40960 "-" "WordPress.com; https://wordpress.com"
103.174.255.14 - - [08/Aug/2026:06:26:29 +0000] "POST /xmlrpc.php HTTP/1.1" 200 40960 "-" "Jetpack by WordPress.com"
103.191.203.114 - - [08/Aug/2026:06:26:33 +0000] "POST /xmlrpc.php HTTP/1.1" 200 40961 "-" "Jetpack/13.0; WordPress/6.4; http://site45204092.com"
117.214.224.51 - - [08/Aug/2026:06:26:36 +0000] "POST /xmlrpc.php HTTP/1.1" 200 40960 "-" "WordPress.com; https://wordpress.com"
103.174.255.14 - - [08/Aug/2026:06:26:41 +0000] "POST /xmlrpc.php HTTP/1.1" 200 40960 "-" "Jetpack/12.5; WordPress/6.1; http://site31353997.com"
103.191.203.114 - - [08/Aug/2026:06:26:44 +0000] "POST /xmlrpc.php HTTP/1.1" 200 40961 "-" "Jetpack/12.0; WordPress/6.3; http://site35513160.com"
117.214.224.51 - - [08/Aug/2026:06:26:47 +0000] "POST /xmlrpc.php HTTP/1.1" 200 40960 "-" "WordPress.com; https://wordpress.com"
103.174.255.14 - - [08/Aug/2026:06:26:52 +0000] "POST /xmlrpc.php HTTP/1.1" 200 40960 "-" "WordPress.com; https://wordpress.com"
103.191.203.114 - - [08/Aug/2026:06:26:55 +0000] "POST /xmlrpc.php HTTP/1.1" 200 40961 "-" "Jetpack by WordPress.com"
117.214.224.51 - - [08/Aug/2026:06:26:57 +0000] "POST /xmlrpc.php HTTP/1.1" 200 40961 "-" "WordPress.com; https://wordpress.com"
103.191.203.114 - - [08/Aug/2026:06:27:06 +0000] "POST /xmlrpc.php HTTP/1.1" 200 40955 "-" "Jetpack by WordPress.com (Jetpack 13.0; WordPress 6.1)"
103.174.255.14 - - [08/Aug/2026:06:27:08 +0000] "POST /xmlrpc.php HTTP/1.1" 200 40960 "-" "Jetpack/12.5; WordPress/6.2; http://site91622803.com"
117.214.224.51 - - [08/Aug/2026:06:27:08 +0000] "POST /xmlrpc.php HTTP/1.1" 200 40967 "-" "Jetpack/12.1; WordPress/6.4; http://site80088596.com"
103.191.203.114 - - [08/Aug/2026:06:27:16 +0000] "POST /xmlrpc.php HTTP/1.1" 200 40961 "-" "Jetpack by WordPress.com"
117.214.224.51 - - [08/Aug/2026:06:27:18 +0000] "POST /xmlrpc.php HTTP/1.1" 200 40960 "-" "Jetpack by WordPress.com (Jetpack 12.5; WordPress 6.4)"
103.174.255.14 - - [08/Aug/2026:06:27:19 +0000] "POST /xmlrpc.php HTTP/1.1" 200 40960 "-" "Jetpack/12.1; WordPress/6.3; http://site87039926.com"
103.191.203.114 - - [08/Aug/2026:06:27:27 +0000] "POST /xmlrpc.php HTTP/1.1" 200 40961 "-" "Jetpack by WordPress.com"
117.214.224.51 - - [08/Aug/2026:06:27:29 +0000] "POST /xmlrpc.php HTTP/1.1" 200 40960 "-" "Jetpack by WordPress.com"
103.174.255.14 - - [08/Aug/2026:06:27:30 +0000] "POST /xmlrpc.php HTTP/1.1" 200 40960 "-" "Jetpack by WordPress.com (Jetpack 12.0; WordPress 6.3)"
103.191.203.114 - - [08/Aug/2026:06:27:38 +0000] "POST /xmlrpc.php HTTP/1.1" 200 40961 "-" "WordPress.com; https://wordpress.com"
117.214.224.51 - - [08/Aug/2026:06:27:39 +0000] "POST /xmlrpc.php HTTP/1.1" 200 40960 "-" "Jetpack by WordPress.com"
103.174.255.14 - - [08/Aug/2026:06:27:41 +0000] "POST /xmlrpc.php HTTP/1.1" 200 40960 "-" "Jetpack by WordPress.com (Jetpack 12.1; WordPress 6.2)"
103.191.203.114 - - [08/Aug/2026:06:27:49 +0000] "POST /xmlrpc.php HTTP/1.1" 200 40961 "-" "Jetpack/12.1; WordPress/6.1; http://site94950284.com"
117.214.224.51 - - [08/Aug/2026:06:27:50 +0000] "POST /xmlrpc.php HTTP/1.1" 200 40960 "-" "Jetpack by WordPress.com"
103.174.255.14 - - [08/Aug/2026:06:27:52 +0000] "POST /xmlrpc.php HTTP/1.1" 200 40960 "-" "Jetpack by WordPress.com"
103.191.203.114 - - [08/Aug/2026:06:27:59 +0000] "POST /xmlrpc.php HTTP/1.1" 200 40961 "-" "WordPress.com; https://wordpress.com"
117.214.224.51 - - [08/Aug/2026:06:28:00 +0000] "POST /xmlrpc.php HTTP/1.1" 200 40960 "-" "WordPress.com; https://wordpress.com"
103.174.255.14 - - [08/Aug/2026:06:28:03 +0000] "POST /xmlrpc.php HTTP/1.1" 200 40960 "-" "WordPress.com; https://wordpress.com"
103.191.203.114 - - [08/Aug/2026:06:28:10 +0000] "POST /xmlrpc.php HTTP/1.1" 200 40961 "-" "WordPress.com; https://wordpress.com"
117.214.224.51 - - [08/Aug/2026:06:28:11 +0000] "POST /xmlrpc.php HTTP/1.1" 200 40960 "-" "Jetpack by WordPress.com"
64.89.163.110 - - [08/Aug/2026:06:28:12 +0000] "GET / HTTP/1.1" 200 3379 "-" "Mozilla/5.0 (X11; Linux x86_64) AppleWebKit/537.36 (KHTML, like Gecko) Chrome/113.0.0.0 Safari/537.36"
103.174.255.14 - - [08/Aug/2026:06:28:14 +0000] "POST /xmlrpc.php HTTP/1.1" 200 40960 "-" "Jetpack by WordPress.com"
103.191.203.114 - - [08/Aug/2026:06:28:21 +0000] "POST /xmlrpc.php HTTP/1.1" 200 40961 "-" "WordPress.com; https://wordpress.com"
117.214.224.51 - - [08/Aug/2026:06:28:21 +0000] "POST /xmlrpc.php HTTP/1.1" 200 40960 "-" "Jetpack by WordPress.com"
103.174.255.14 - - [08/Aug/2026:06:28:26 +0000] "POST /xmlrpc.php HTTP/1.1" 200 40960 "-" "Jetpack by WordPress.com (Jetpack 12.5; WordPress 6.2)"
103.191.203.114 - - [08/Aug/2026:06:28:32 +0000] "POST /xmlrpc.php HTTP/1.1" 200 40961 "-" "WordPress.com; https://wordpress.com"
117.214.224.51 - - [08/Aug/2026:06:28:32 +0000] "POST /xmlrpc.php HTTP/1.1" 200 40960 "-" "Jetpack by WordPress.com (Jetpack 13.0; WordPress 6.2)"
103.174.255.14 - - [08/Aug/2026:06:28:37 +0000] "POST /xmlrpc.php HTTP/1.1" 200 40960 "-" "Jetpack by WordPress.com (Jetpack 12.5; WordPress 6.2)"
117.214.224.51 - - [08/Aug/2026:06:28:42 +0000] "POST /xmlrpc.php HTTP/1.1" 200 40960 "-" "WordPress.com; https://wordpress.com"
103.191.203.114 - - [08/Aug/2026:06:28:42 +0000] "POST /xmlrpc.php HTTP/1.1" 200 40961 "-" "Jetpack by WordPress.com (Jetpack 12.1; WordPress 6.4)"
103.174.255.14 - - [08/Aug/2026:06:28:48 +0000] "POST /xmlrpc.php HTTP/1.1" 200 40960 "-" "Jetpack by WordPress.com"
117.214.224.51 - - [08/Aug/2026:06:28:53 +0000] "POST /xmlrpc.php HTTP/1.1" 200 40960 "-" "Jetpack/13.0; WordPress/6.2; http://site22891134.com"
103.191.203.114 - - [08/Aug/2026:06:28:53 +0000] "POST /xmlrpc.php HTTP/1.1" 200 40939 "-" "Jetpack by WordPress.com"
103.174.255.14 - - [08/Aug/2026:06:29:00 +0000] "POST /xmlrpc.php HTTP/1.1" 200 40960 "-" "WordPress.com; https://wordpress.com"
117.214.224.51 - - [08/Aug/2026:06:29:03 +0000] "POST /xmlrpc.php HTTP/1.1" 200 40960 "-" "Jetpack/12.5; WordPress/6.3; http://site86519607.com"
103.191.203.114 - - [08/Aug/2026:06:29:04 +0000] "POST /xmlrpc.php HTTP/1.1" 200 40961 "-" "Jetpack by WordPress.com (Jetpack 13.0; WordPress 6.4)"
43.135.115.233 - - [08/Aug/2026:06:29:10 +0000] "GET /?loknya=/var/www/gunay HTTP/1.1" 200 3378 "-" "Mozilla/5.0 (iPhone; CPU iPhone OS 13_2_3 like Mac OS X) AppleWebKit/605.1.15 (KHTML, like Gecko) Version/13.0.3 Mobile/15E148 Safari/604.1"
103.174.255.14 - - [08/Aug/2026:06:29:11 +0000] "POST /xmlrpc.php HTTP/1.1" 200 40960 "-" "Jetpack by WordPress.com (Jetpack 13.0; WordPress 6.4)"
117.214.224.51 - - [08/Aug/2026:06:29:14 +0000] "POST /xmlrpc.php HTTP/1.1" 200 40960 "-" "Jetpack by WordPress.com"
103.191.203.114 - - [08/Aug/2026:06:29:15 +0000] "POST /xmlrpc.php HTTP/1.1" 200 40939 "-" "Jetpack/12.0; WordPress/6.2; http://site65300527.com"
103.174.255.14 - - [08/Aug/2026:06:29:22 +0000] "POST /xmlrpc.php HTTP/1.1" 200 40960 "-" "Jetpack/13.0; WordPress/6.2; http://site19680663.com"
117.214.224.51 - - [08/Aug/2026:06:29:24 +0000] "POST /xmlrpc.php HTTP/1.1" 200 40960 "-" "Jetpack by WordPress.com (Jetpack 12.5; WordPress 6.3)"
103.191.203.114 - - [08/Aug/2026:06:29:25 +0000] "POST /xmlrpc.php HTTP/1.1" 200 40961 "-" "WordPress.com; https://wordpress.com"
103.174.255.14 - - [08/Aug/2026:06:29:33 +0000] "POST /xmlrpc.php HTTP/1.1" 200 40960 "-" "Jetpack/13.0; WordPress/6.4; http://site79418550.com"
117.214.224.51 - - [08/Aug/2026:06:29:35 +0000] "POST /xmlrpc.php HTTP/1.1" 200 40960 "-" "WordPress.com; https://wordpress.com"
103.191.203.114 - - [08/Aug/2026:06:29:36 +0000] "POST /xmlrpc.php HTTP/1.1" 200 40961 "-" "WordPress.com; https://wordpress.com"
103.174.255.14 - - [08/Aug/2026:06:29:44 +0000] "POST /xmlrpc.php HTTP/1.1" 200 40960 "-" "Jetpack by WordPress.com"
117.214.224.51 - - [08/Aug/2026:06:29:45 +0000] "POST /xmlrpc.php HTTP/1.1" 200 40960 "-" "Jetpack by WordPress.com (Jetpack 12.0; WordPress 6.3)"
103.191.203.114 - - [08/Aug/2026:06:29:47 +0000] "POST /xmlrpc.php HTTP/1.1" 200 40961 "-" "Jetpack/13.0; WordPress/6.1; http://site22058802.com"
103.174.255.14 - - [08/Aug/2026:06:29:55 +0000] "POST /xmlrpc.php HTTP/1.1" 200 40960 "-" "Jetpack by WordPress.com"
117.214.224.51 - - [08/Aug/2026:06:29:56 +0000] "POST /xmlrpc.php HTTP/1.1" 200 40960 "-" "Jetpack by WordPress.com"
103.191.203.114 - - [08/Aug/2026:06:29:58 +0000] "POST /xmlrpc.php HTTP/1.1" 200 40961 "-" "Jetpack by WordPress.com (Jetpack 13.0; WordPress 6.3)"
103.174.255.14 - - [08/Aug/2026:06:30:06 +0000] "POST /xmlrpc.php HTTP/1.1" 200 40960 "-" "Jetpack by WordPress.com"
117.214.224.51 - - [08/Aug/2026:06:30:06 +0000] "POST /xmlrpc.php HTTP/1.1" 200 40960 "-" "WordPress.com; https://wordpress.com"
103.191.203.114 - - [08/Aug/2026:06:30:08 +0000] "POST /xmlrpc.php HTTP/1.1" 200 40961 "-" "Jetpack by WordPress.com"
117.214.224.51 - - [08/Aug/2026:06:30:17 +0000] "POST /xmlrpc.php HTTP/1.1" 200 40960 "-" "Jetpack by WordPress.com (Jetpack 12.1; WordPress 6.4)"
103.174.255.14 - - [08/Aug/2026:06:30:17 +0000] "POST /xmlrpc.php HTTP/1.1" 200 40960 "-" "Jetpack by WordPress.com"
103.191.203.114 - - [08/Aug/2026:06:30:19 +0000] "POST /xmlrpc.php HTTP/1.1" 200 40961 "-" "Jetpack/12.1; WordPress/6.2; http://site27768368.com"
117.214.224.51 - - [08/Aug/2026:06:30:27 +0000] "POST /xmlrpc.php HTTP/1.1" 200 40960 "-" "Jetpack by WordPress.com (Jetpack 12.1; WordPress 6.2)"
103.174.255.14 - - [08/Aug/2026:06:30:28 +0000] "POST /xmlrpc.php HTTP/1.1" 200 40954 "-" "Jetpack by WordPress.com"
103.191.203.114 - - [08/Aug/2026:06:30:30 +0000] "POST /xmlrpc.php HTTP/1.1" 200 40961 "-" "Jetpack by WordPress.com (Jetpack 12.1; WordPress 6.2)"
117.214.224.51 - - [08/Aug/2026:06:30:38 +0000] "POST /xmlrpc.php HTTP/1.1" 200 40960 "-" "Jetpack/13.0; WordPress/6.1; http://site41194535.com"
103.174.255.14 - - [08/Aug/2026:06:30:39 +0000] "POST /xmlrpc.php HTTP/1.1" 200 40954 "-" "Jetpack by WordPress.com (Jetpack 12.0; WordPress 6.1)"
103.191.203.114 - - [08/Aug/2026:06:30:41 +0000] "POST /xmlrpc.php HTTP/1.1" 200 40961 "-" "Jetpack/12.1; WordPress/6.2; http://site94499024.com"
117.214.224.51 - - [08/Aug/2026:06:30:48 +0000] "POST /xmlrpc.php HTTP/1.1" 200 40960 "-" "Jetpack by WordPress.com"
103.174.255.14 - - [08/Aug/2026:06:30:51 +0000] "POST /xmlrpc.php HTTP/1.1" 200 40967 "-" "Jetpack/12.0; WordPress/6.3; http://site67800679.com"
103.191.203.114 - - [08/Aug/2026:06:30:51 +0000] "POST /xmlrpc.php HTTP/1.1" 200 40961 "-" "Jetpack by WordPress.com (Jetpack 12.5; WordPress 6.3)"
117.214.224.51 - - [08/Aug/2026:06:30:59 +0000] "POST /xmlrpc.php HTTP/1.1" 200 40960 "-" "Jetpack by WordPress.com (Jetpack 13.0; WordPress 6.4)"
103.174.255.14 - - [08/Aug/2026:06:31:02 +0000] "POST /xmlrpc.php HTTP/1.1" 200 40960 "-" "Jetpack by WordPress.com (Jetpack 12.5; WordPress 6.4)"
103.191.203.114 - - [08/Aug/2026:06:31:02 +0000] "POST /xmlrpc.php HTTP/1.1" 200 40961 "-" "Jetpack/12.0; WordPress/6.2; http://site34544551.com"
117.214.224.51 - - [08/Aug/2026:06:31:09 +0000] "POST /xmlrpc.php HTTP/1.1" 200 40960 "-" "Jetpack by WordPress.com"
103.191.203.114 - - [08/Aug/2026:06:31:13 +0000] "POST /xmlrpc.php HTTP/1.1" 200 40961 "-" "Jetpack by WordPress.com"
103.174.255.14 - - [08/Aug/2026:06:31:16 +0000] "POST /xmlrpc.php HTTP/1.1" 200 40960 "-" "WordPress.com; https://wordpress.com"
117.214.224.51 - - [08/Aug/2026:06:31:20 +0000] "POST /xmlrpc.php HTTP/1.1" 200 40960 "-" "Jetpack/12.5; WordPress/6.2; http://site20189340.com"
103.191.203.114 - - [08/Aug/2026:06:31:24 +0000] "POST /xmlrpc.php HTTP/1.1" 200 40961 "-" "Jetpack/12.0; WordPress/6.3; http://site72211866.com"
