40.77.167.48 - - [20/Aug/2026:14:01:46 +0000] "GET /4047955688 HTTP/1.1" 200 3380 "-" "Mozilla/5.0 AppleWebKit/537.36 (KHTML, like Gecko; compatible; bingbot/2.0; +http://www.bing.com/bingbot.htm) Chrome/116.0.1938.76 Safari/537.36"
40.77.167.51 - - [20/Aug/2026:14:01:51 +0000] "GET /3516895063 HTTP/1.1" 200 3379 "-" "Mozilla/5.0 AppleWebKit/537.36 (KHTML, like Gecko; compatible; bingbot/2.0; +http://www.bing.com/bingbot.htm) Chrome/116.0.1938.76 Safari/537.36"
40.77.167.51 - - [20/Aug/2026:14:01:51 +0000] "GET /3535008127 HTTP/1.1" 200 3379 "-" "Mozilla/5.0 AppleWebKit/537.36 (KHTML, like Gecko; compatible; bingbot/2.0; +http://www.bing.com/bingbot.htm) Chrome/116.0.1938.76 Safari/537.36"
52.167.144.229 - - [20/Aug/2026:14:01:56 +0000] "GET /1370577734 HTTP/1.1" 200 3381 "-" "Mozilla/5.0 AppleWebKit/537.36 (KHTML, like Gecko; compatible; bingbot/2.0; +http://www.bing.com/bingbot.htm) Chrome/116.0.1938.76 Safari/537.36"
52.167.144.229 - - [20/Aug/2026:14:01:57 +0000] "GET /2328433734 HTTP/1.1" 200 3381 "-" "Mozilla/5.0 AppleWebKit/537.36 (KHTML, like Gecko; compatible; bingbot/2.0; +http://www.bing.com/bingbot.htm) Chrome/116.0.1938.76 Safari/537.36"
43.165.198.224 - - [20/Aug/2026:14:02:15 +0000] "GET /wp-login.php?lokasie=/var/www/gunay/wp-config-sample.php&loknya=/var/www/gunay HTTP/1.1" 200 3013 "-" "Mozilla/5.0 (iPhone; CPU iPhone OS 13_2_3 like Mac OS X) AppleWebKit/605.1.15 (KHTML, like Gecko) Version/13.0.3 Mobile/15E148 Safari/604.1"
40.77.167.51 - - [20/Aug/2026:14:04:12 +0000] "GET /3816541077 HTTP/1.1" 200 3379 "-" "Mozilla/5.0 AppleWebKit/537.36 (KHTML, like Gecko; compatible; bingbot/2.0; +http://www.bing.com/bingbot.htm) Chrome/116.0.1938.76 Safari/537.36"
40.77.167.63 - - [20/Aug/2026:14:04:15 +0000] "GET /2964289285 HTTP/1.1" 200 3379 "-" "Mozilla/5.0 AppleWebKit/537.36 (KHTML, like Gecko; compatible; bingbot/2.0; +http://www.bing.com/bingbot.htm) Chrome/116.0.1938.76 Safari/537.36"
40.77.167.48 - - [20/Aug/2026:14:04:17 +0000] "GET /980946690 HTTP/1.1" 200 3380 "-" "Mozilla/5.0 AppleWebKit/537.36 (KHTML, like Gecko; compatible; bingbot/2.0; +http://www.bing.com/bingbot.htm) Chrome/116.0.1938.76 Safari/537.36"
114.119.134.123 - - [20/Aug/2026:14:04:49 +0000] "GET /?loknya=/var/www/gunay/wp-content/languages/ HTTP/1.1" 200 16093 "https://gunay.com.tm/?loknya=/var/www/gunay/wp-content/languages/plugins" "Mozilla/5.0 (Linux; Android 7.0;) AppleWebKit/537.36 (HTML, like Gecko) Mobile Safari/537.36 (compatible; PetalBot;+https://webmaster.petalsearch.com/site/petalbot)"
40.77.167.51 - - [20/Aug/2026:14:06:31 +0000] "GET /440382211 HTTP/1.1" 200 3379 "-" "Mozilla/5.0 AppleWebKit/537.36 (KHTML, like Gecko; compatible; bingbot/2.0; +http://www.bing.com/bingbot.htm) Chrome/116.0.1938.76 Safari/537.36"
40.77.167.51 - - [20/Aug/2026:14:06:31 +0000] "GET /1919576463 HTTP/1.1" 200 3379 "-" "Mozilla/5.0 AppleWebKit/537.36 (KHTML, like Gecko; compatible; bingbot/2.0; +http://www.bing.com/bingbot.htm) Chrome/116.0.1938.76 Safari/537.36"
40.77.167.63 - - [20/Aug/2026:14:06:37 +0000] "GET /2892497879 HTTP/1.1" 200 3379 "-" "Mozilla/5.0 AppleWebKit/537.36 (KHTML, like Gecko; compatible; bingbot/2.0; +http://www.bing.com/bingbot.htm) Chrome/116.0.1938.76 Safari/537.36"
40.77.167.48 - - [20/Aug/2026:14:06:42 +0000] "GET /4144900548 HTTP/1.1" 200 3380 "-" "Mozilla/5.0 AppleWebKit/537.36 (KHTML, like Gecko; compatible; bingbot/2.0; +http://www.bing.com/bingbot.htm) Chrome/116.0.1938.76 Safari/537.36"
40.77.167.51 - - [20/Aug/2026:14:08:32 +0000] "GET /1025789918 HTTP/1.1" 200 3379 "-" "Mozilla/5.0 AppleWebKit/537.36 (KHTML, like Gecko; compatible; bingbot/2.0; +http://www.bing.com/bingbot.htm) Chrome/116.0.1938.76 Safari/537.36"
40.77.167.51 - - [20/Aug/2026:14:08:32 +0000] "GET /2795601310 HTTP/1.1" 200 3379 "-" "Mozilla/5.0 AppleWebKit/537.36 (KHTML, like Gecko; compatible; bingbot/2.0; +http://www.bing.com/bingbot.htm) Chrome/116.0.1938.76 Safari/537.36"
40.77.167.51 - - [20/Aug/2026:14:08:33 +0000] "GET /1187796393 HTTP/1.1" 200 3379 "-" "Mozilla/5.0 AppleWebKit/537.36 (KHTML, like Gecko; compatible; bingbot/2.0; +http://www.bing.com/bingbot.htm) Chrome/116.0.1938.76 Safari/537.36"
40.77.167.63 - - [20/Aug/2026:14:08:38 +0000] "GET /3630449173 HTTP/1.1" 200 3379 "-" "Mozilla/5.0 AppleWebKit/537.36 (KHTML, like Gecko; compatible; bingbot/2.0; +http://www.bing.com/bingbot.htm) Chrome/116.0.1938.76 Safari/537.36"
40.77.167.48 - - [20/Aug/2026:14:08:45 +0000] "GET /2043229248 HTTP/1.1" 200 3380 "-" "Mozilla/5.0 AppleWebKit/537.36 (KHTML, like Gecko; compatible; bingbot/2.0; +http://www.bing.com/bingbot.htm) Chrome/116.0.1938.76 Safari/537.36"
43.133.187.11 - - [20/Aug/2026:14:09:45 +0000] "GET / HTTP/1.1" 400 264 "-" "Mozilla/5.0 (iPhone; CPU iPhone OS 13_2_3 like Mac OS X) AppleWebKit/605.1.15 (KHTML, like Gecko) Version/13.0.3 Mobile/15E148 Safari/604.1"
150.109.46.88 - - [20/Aug/2026:14:11:30 +0000] "GET /?lokasie=/var/www/gunay/wp-settings.php&loknya=/var/www/gunay HTTP/1.1" 200 6673 "-" "Mozilla/5.0 (iPhone; CPU iPhone OS 13_2_3 like Mac OS X) AppleWebKit/605.1.15 (KHTML, like Gecko) Version/13.0.3 Mobile/15E148 Safari/604.1"
136.243.228.179 - - [20/Aug/2026:14:11:54 +0000] "GET /robots.txt HTTP/1.1" 200 3379 "-" "Mozilla/5.0 (compatible; DataForSeoBot/1.0; +https://dataforseo.com/dataforseo-bot)"
114.119.138.99 - - [20/Aug/2026:14:12:35 +0000] "GET /?loknya=/var/www/gunay/dup-installer/views HTTP/1.1" 200 2661 "https://gunay.com.tm/?loknya=/var/www/gunay/dup-installer" "Mozilla/5.0 (Linux; Android 7.0;) AppleWebKit/537.36 (HTML, like Gecko) Mobile Safari/537.36 (compatible; PetalBot;+https://webmaster.petalsearch.com/site/petalbot)"
40.77.167.45 - - [20/Aug/2026:14:19:25 +0000] "GET /3871999343 HTTP/1.1" 200 3380 "-" "Mozilla/5.0 AppleWebKit/537.36 (KHTML, like Gecko; compatible; bingbot/2.0; +http://www.bing.com/bingbot.htm) Chrome/116.0.1938.76 Safari/537.36"
40.77.167.45 - - [20/Aug/2026:14:19:25 +0000] "GET /585916419 HTTP/1.1" 200 3380 "-" "Mozilla/5.0 AppleWebKit/537.36 (KHTML, like Gecko; compatible; bingbot/2.0; +http://www.bing.com/bingbot.htm) Chrome/116.0.1938.76 Safari/537.36"
52.167.144.163 - - [20/Aug/2026:14:19:29 +0000] "GET /1820495683 HTTP/1.1" 200 3379 "-" "Mozilla/5.0 AppleWebKit/537.36 (KHTML, like Gecko; compatible; bingbot/2.0; +http://www.bing.com/bingbot.htm) Chrome/116.0.1938.76 Safari/537.36"
114.119.135.78 - - [20/Aug/2026:14:20:23 +0000] "GET /index.php?lokasie=/var/backups/apt.extended_states.0&loknya=/var/backups HTTP/1.1" 200 6687 "https://gunay.com.tm/index.php?loknya=/var/backups" "Mozilla/5.0 (Linux; Android 7.0;) AppleWebKit/537.36 (HTML, like Gecko) Mobile Safari/537.36 (compatible; PetalBot;+https://webmaster.petalsearch.com/site/petalbot)"
43.166.128.86 - - [20/Aug/2026:14:22:13 +0000] "GET /?lokasie=/var/www/gunay/wp-links-opml.php&loknya=/var/www/gunay HTTP/1.1" 200 2838 "-" "Mozilla/5.0 (iPhone; CPU iPhone OS 13_2_3 like Mac OS X) AppleWebKit/605.1.15 (KHTML, like Gecko) Version/13.0.3 Mobile/15E148 Safari/604.1"
216.73.216.216 - - [20/Aug/2026:14:26:14 +0000] "GET /sitemap.xml HTTP/1.1" 200 3376 "-" "Mozilla/5.0 AppleWebKit/537.36 (KHTML, like Gecko; compatible; ClaudeBot/1.0; +claudebot@anthropic.com)"
136.243.228.179 - - [20/Aug/2026:14:26:56 +0000] "GET /robots.txt HTTP/1.1" 200 3379 "-" "Mozilla/5.0 (compatible; DataForSeoBot/1.0; +https://dataforseo.com/dataforseo-bot)"
114.119.138.99 - - [20/Aug/2026:14:28:07 +0000] "GET /?loknya=/var/www/gunay/dup-installer/assets HTTP/1.1" 200 2456 "https://gunay.com.tm/?loknya=/var/www/gunay/dup-installer" "Mozilla/5.0 (Linux; Android 7.0;) AppleWebKit/537.36 (HTML, like Gecko) Mobile Safari/537.36 (compatible; PetalBot;+https://webmaster.petalsearch.com/site/petalbot)"
40.77.167.255 - - [20/Aug/2026:14:28:57 +0000] "GET /1805163395 HTTP/1.1" 200 3380 "-" "Mozilla/5.0 AppleWebKit/537.36 (KHTML, like Gecko; compatible; bingbot/2.0; +http://www.bing.com/bingbot.htm) Chrome/116.0.1938.76 Safari/537.36"
40.77.167.255 - - [20/Aug/2026:14:28:58 +0000] "GET /1779858074 HTTP/1.1" 200 3380 "-" "Mozilla/5.0 AppleWebKit/537.36 (KHTML, like Gecko; compatible; bingbot/2.0; +http://www.bing.com/bingbot.htm) Chrome/116.0.1938.76 Safari/537.36"
216.73.216.216 - - [20/Aug/2026:14:29:33 +0000] "GET /ru/gunay-agro-ru/?loknya=%2Fvar HTTP/1.1" 200 2761 "-" "Mozilla/5.0 AppleWebKit/537.36 (KHTML, like Gecko; compatible; ClaudeBot/1.0; +claudebot@anthropic.com)"
216.73.216.216 - - [20/Aug/2026:14:29:33 +0000] "GET /ru/gunay-agro-ru/?loknya=%2F HTTP/1.1" 200 2849 "-" "Mozilla/5.0 AppleWebKit/537.36 (KHTML, like Gecko; compatible; ClaudeBot/1.0; +claudebot@anthropic.com)"
216.73.216.216 - - [20/Aug/2026:14:29:35 +0000] "GET /ru/gunay-agro-ru/?loknya=%2Fvar%2Fwww%2F HTTP/1.1" 200 2745 "-" "Mozilla/5.0 AppleWebKit/537.36 (KHTML, like Gecko; compatible; ClaudeBot/1.0; +claudebot@anthropic.com)"
216.73.216.216 - - [20/Aug/2026:14:29:35 +0000] "GET /ru/gunay-agro-ru/?loknya=%2Fvar%2Fwww%2Fgunay%2Fwp-admin HTTP/1.1" 200 5525 "-" "Mozilla/5.0 AppleWebKit/537.36 (KHTML, like Gecko; compatible; ClaudeBot/1.0; +claudebot@anthropic.com)"
216.73.216.216 - - [20/Aug/2026:14:29:51 +0000] "GET /ru/gunay-agro-ru/?loknya=%2Fvar%2Fwww HTTP/1.1" 200 2741 "-" "Mozilla/5.0 AppleWebKit/537.36 (KHTML, like Gecko; compatible; ClaudeBot/1.0; +claudebot@anthropic.com)"
216.73.216.216 - - [20/Aug/2026:14:29:51 +0000] "GET /ru/gunay-agro-ru/?loknya=%2Fvar%2Fwww%2Fgunay%2Fwp-includes HTTP/1.1" 200 9981 "-" "Mozilla/5.0 AppleWebKit/537.36 (KHTML, like Gecko; compatible; ClaudeBot/1.0; +claudebot@anthropic.com)"
216.73.216.216 - - [20/Aug/2026:14:29:55 +0000] "GET /ru/gunay-agro-ru/?loknya=%2Fvar%2Fwww%2Fgunay HTTP/1.1" 200 3376 "-" "Mozilla/5.0 AppleWebKit/537.36 (KHTML, like Gecko; compatible; ClaudeBot/1.0; +claudebot@anthropic.com)"
216.73.216.216 - - [20/Aug/2026:14:29:55 +0000] "GET /ru/gunay-agro-ru/?loknya=%2Fvar%2Fwww%2Fgunay%2Fwp-content HTTP/1.1" 200 2458 "-" "Mozilla/5.0 AppleWebKit/537.36 (KHTML, like Gecko; compatible; ClaudeBot/1.0; +claudebot@anthropic.com)"
43.163.112.239 - - [20/Aug/2026:14:30:18 +0000] "GET / HTTP/1.1" 200 3380 "http://gunay.com.tm" "Mozilla/5.0 (iPhone; CPU iPhone OS 13_2_3 like Mac OS X) AppleWebKit/605.1.15 (KHTML, like Gecko) Version/13.0.3 Mobile/15E148 Safari/604.1"
216.73.216.216 - - [20/Aug/2026:14:30:29 +0000] "GET /ru/gunay-agro-ru/?lokasie=%2Fvar%2Fwww%2Fgunay%2Fwp-comments-post.php&loknya=%2Fvar%2Fwww%2Fgunay HTTP/1.1" 200 2762 "-" "Mozilla/5.0 AppleWebKit/537.36 (KHTML, like Gecko; compatible; ClaudeBot/1.0; +claudebot@anthropic.com)"
216.73.216.216 - - [20/Aug/2026:14:30:30 +0000] "GET /ru/gunay-agro-ru/?lokasie=%2Fvar%2Fwww%2Fgunay%2Fxmlrpc.php&loknya=%2Fvar%2Fwww%2Fgunay HTTP/1.1" 200 3118 "-" "Mozilla/5.0 AppleWebKit/537.36 (KHTML, like Gecko; compatible; ClaudeBot/1.0; +claudebot@anthropic.com)"
216.73.216.216 - - [20/Aug/2026:14:30:38 +0000] "GET /ru/gunay-agro-ru/?lokasie=%2Fvar%2Fwww%2Fgunay%2Fwp-settings.php&loknya=%2Fvar%2Fwww%2Fgunay HTTP/1.1" 200 6669 "-" "Mozilla/5.0 AppleWebKit/537.36 (KHTML, like Gecko; compatible; ClaudeBot/1.0; +claudebot@anthropic.com)"
216.73.216.216 - - [20/Aug/2026:14:30:38 +0000] "GET /ru/gunay-agro-ru/?lokasie=%2Fvar%2Fwww%2Fgunay%2Fwp-load.php&loknya=%2Fvar%2Fwww%2Fgunay HTTP/1.1" 200 3138 "-" "Mozilla/5.0 AppleWebKit/537.36 (KHTML, like Gecko; compatible; ClaudeBot/1.0; +claudebot@anthropic.com)"
216.73.216.216 - - [20/Aug/2026:14:30:59 +0000] "GET /ru/gunay-agro-ru/?loknya=%2Fvar%2Fwww%2Fgunay%2Fdup-installer HTTP/1.1" 200 2670 "-" "Mozilla/5.0 AppleWebKit/537.36 (KHTML, like Gecko; compatible; ClaudeBot/1.0; +claudebot@anthropic.com)"
216.73.216.216 - - [20/Aug/2026:14:30:59 +0000] "GET /ru/gunay-agro-ru/?lokasie=%2Fvar%2Fwww%2Fgunay%2Fwp-config-sample.php&loknya=%2Fvar%2Fwww%2Fgunay HTTP/1.1" 200 3003 "-" "Mozilla/5.0 AppleWebKit/537.36 (KHTML, like Gecko; compatible; ClaudeBot/1.0; +claudebot@anthropic.com)"
216.73.216.216 - - [20/Aug/2026:14:31:02 +0000] "GET /ru/gunay-agro-ru/?lokasie=%2Fvar%2Fwww%2Fgunay%2Fwp-activate.php&loknya=%2Fvar%2Fwww%2Fgunay HTTP/1.1" 200 4224 "-" "Mozilla/5.0 AppleWebKit/537.36 (KHTML, like Gecko; compatible; ClaudeBot/1.0; +claudebot@anthropic.com)"
216.73.216.216 - - [20/Aug/2026:14:31:02 +0000] "GET /ru/gunay-agro-ru/?lokasie=%2Fvar%2Fwww%2Fgunay%2Fwp-mail.php&loknya=%2Fvar%2Fwww%2Fgunay HTTP/1.1" 200 4653 "-" "Mozilla/5.0 AppleWebKit/537.36 (KHTML, like Gecko; compatible; ClaudeBot/1.0; +claudebot@anthropic.com)"
216.73.216.216 - - [20/Aug/2026:14:31:19 +0000] "GET /ru/gunay-agro-ru/?lokasie=%2Fvar%2Fwww%2Fgunay%2Fwp-cron.php&loknya=%2Fvar%2Fwww%2Fgunay HTTP/1.1" 200 3410 "-" "Mozilla/5.0 AppleWebKit/537.36 (KHTML, like Gecko; compatible; ClaudeBot/1.0; +claudebot@anthropic.com)"
216.73.216.216 - - [20/Aug/2026:14:31:19 +0000] "GET /ru/gunay-agro-ru/?lokasie=%2Fvar%2Fwww%2Fgunay%2Fwp-trackback.php&loknya=%2Fvar%2Fwww%2Fgunay HTTP/1.1" 200 3463 "-" "Mozilla/5.0 AppleWebKit/537.36 (KHTML, like Gecko; compatible; ClaudeBot/1.0; +claudebot@anthropic.com)"
43.135.211.148 - - [20/Aug/2026:14:31:46 +0000] "GET /wp-login.php?loknya=/var/www HTTP/1.1" 200 2749 "-" "Mozilla/5.0 (iPhone; CPU iPhone OS 13_2_3 like Mac OS X) AppleWebKit/605.1.15 (KHTML, like Gecko) Version/13.0.3 Mobile/15E148 Safari/604.1"
216.73.216.216 - - [20/Aug/2026:14:31:50 +0000] "GET /ru/gunay-agro-ru/?lokasie=%2Fvar%2Fwww%2Fgunay%2Fwp-blog-header.php&loknya=%2Fvar%2Fwww%2Fgunay HTTP/1.1" 200 1916 "-" "Mozilla/5.0 AppleWebKit/537.36 (KHTML, like Gecko; compatible; ClaudeBot/1.0; +claudebot@anthropic.com)"
216.73.216.216 - - [20/Aug/2026:14:31:50 +0000] "GET /ru/gunay-agro-ru/?lokasie=%2Fvar%2Fwww%2Fgunay%2Fwp-config.php&loknya=%2Fvar%2Fwww%2Fgunay HTTP/1.1" 200 3511 "-" "Mozilla/5.0 AppleWebKit/537.36 (KHTML, like Gecko; compatible; ClaudeBot/1.0; +claudebot@anthropic.com)"
216.73.216.216 - - [20/Aug/2026:14:32:00 +0000] "GET /ru/gunay-agro-ru/?lokasie=%2Fvar%2Fwww%2Fgunay%2Findex.php&loknya=%2Fvar%2Fwww%2Fgunay HTTP/1.1" 200 1931 "-" "Mozilla/5.0 AppleWebKit/537.36 (KHTML, like Gecko; compatible; ClaudeBot/1.0; +claudebot@anthropic.com)"
52.167.144.195 - - [20/Aug/2026:14:32:04 +0000] "GET /738588145 HTTP/1.1" 200 3380 "-" "Mozilla/5.0 AppleWebKit/537.36 (KHTML, like Gecko; compatible; bingbot/2.0; +http://www.bing.com/bingbot.htm) Chrome/116.0.1938.76 Safari/537.36"
52.167.144.195 - - [20/Aug/2026:14:32:04 +0000] "GET /1792446045 HTTP/1.1" 200 3380 "-" "Mozilla/5.0 AppleWebKit/537.36 (KHTML, like Gecko; compatible; bingbot/2.0; +http://www.bing.com/bingbot.htm) Chrome/116.0.1938.76 Safari/537.36"
40.77.167.255 - - [20/Aug/2026:14:32:14 +0000] "GET /3273174836 HTTP/1.1" 200 3380 "-" "Mozilla/5.0 AppleWebKit/537.36 (KHTML, like Gecko; compatible; bingbot/2.0; +http://www.bing.com/bingbot.htm) Chrome/116.0.1938.76 Safari/537.36"
40.77.167.255 - - [20/Aug/2026:14:32:14 +0000] "GET /59099922 HTTP/1.1" 200 3380 "-" "Mozilla/5.0 AppleWebKit/537.36 (KHTML, like Gecko; compatible; bingbot/2.0; +http://www.bing.com/bingbot.htm) Chrome/116.0.1938.76 Safari/537.36"
216.73.216.216 - - [20/Aug/2026:14:32:26 +0000] "GET /ru/gunay-agro-ru/?lokasie=%2Fvar%2Fwww%2Fgunay%2Fwp-login.php&loknya=%2Fvar%2Fwww%2Fgunay HTTP/1.1" 200 13394 "-" "Mozilla/5.0 AppleWebKit/537.36 (KHTML, like Gecko; compatible; ClaudeBot/1.0; +claudebot@anthropic.com)"
216.73.216.216 - - [20/Aug/2026:14:32:35 +0000] "GET /ru/gunay-agro-ru/?lokasie=%2Fvar%2Fwww%2Fgunay%2F_index.html&loknya=%2Fvar%2Fwww%2Fgunay HTTP/1.1" 200 3157 "-" "Mozilla/5.0 AppleWebKit/537.36 (KHTML, like Gecko; compatible; ClaudeBot/1.0; +claudebot@anthropic.com)"
216.73.216.216 - - [20/Aug/2026:14:32:43 +0000] "GET /ru/gunay-agro-ru/?lokasie=%2Fvar%2Fwww%2Fgunay%2Fwp-links-opml.php&loknya=%2Fvar%2Fwww%2Fgunay HTTP/1.1" 200 2832 "-" "Mozilla/5.0 AppleWebKit/537.36 (KHTML, like Gecko; compatible; ClaudeBot/1.0; +claudebot@anthropic.com)"
216.73.216.216 - - [20/Aug/2026:14:33:02 +0000] "GET /ru/gunay-agro-ru/?lokasie=%2Fvar%2Fwww%2Fgunay%2Freadme.html&loknya=%2Fvar%2Fwww%2Fgunay HTTP/1.1" 200 4745 "-" "Mozilla/5.0 AppleWebKit/537.36 (KHTML, like Gecko; compatible; ClaudeBot/1.0; +claudebot@anthropic.com)"
216.73.216.216 - - [20/Aug/2026:14:33:23 +0000] "GET /ru/gunay-agro-ru/?lokasie=%2Fvar%2Fwww%2Fgunay%2F.user.ini&loknya=%2Fvar%2Fwww%2Fgunay HTTP/1.1" 200 1766 "-" "Mozilla/5.0 AppleWebKit/537.36 (KHTML, like Gecko; compatible; ClaudeBot/1.0; +claudebot@anthropic.com)"
216.73.216.216 - - [20/Aug/2026:14:33:41 +0000] "GET /ru/gunay-agro-ru/?lokasie=%2Fvar%2Fwww%2Fgunay%2Fwp-signup.php&loknya=%2Fvar%2Fwww%2Fgunay HTTP/1.1" 200 9241 "-" "Mozilla/5.0 AppleWebKit/537.36 (KHTML, like Gecko; compatible; ClaudeBot/1.0; +claudebot@anthropic.com)"
216.73.216.216 - - [20/Aug/2026:14:33:47 +0000] "GET /ru/gunay-agro-ru/?lokasie=%2Fvar%2Fwww%2Fgunay%2F.infomaniak-maintenance.html&loknya=%2Fvar%2Fwww%2Fgunay HTTP/1.1" 200 3193 "-" "Mozilla/5.0 AppleWebKit/537.36 (KHTML, like Gecko; compatible; ClaudeBot/1.0; +claudebot@anthropic.com)"
216.73.216.216 - - [20/Aug/2026:14:33:56 +0000] "GET /ru/gunay-agro-ru/?lokasie=%2Fvar%2Fwww%2Fgunay%2F.htaccess__b622285-03052447&loknya=%2Fvar%2Fwww%2Fgunay HTTP/1.1" 200 2347 "-" "Mozilla/5.0 AppleWebKit/537.36 (KHTML, like Gecko; compatible; ClaudeBot/1.0; +claudebot@anthropic.com)"
216.73.216.216 - - [20/Aug/2026:14:34:15 +0000] "GET /ru/gunay-agro-ru/?lokasie=%2Fvar%2Fwww%2Fgunay%2Flicense.txt&loknya=%2Fvar%2Fwww%2Fgunay HTTP/1.1" 200 8957 "-" "Mozilla/5.0 AppleWebKit/537.36 (KHTML, like Gecko; compatible; ClaudeBot/1.0; +claudebot@anthropic.com)"
216.73.216.216 - - [20/Aug/2026:14:34:43 +0000] "GET /ru/gunay-agro-ru/?lokasie=%2Fvar%2Fwww%2Fgunay%2FGunay_WP_website_21_b622285dfefeeace3559_20210703052447_installer-backup.php&loknya=%2Fvar%2Fwww%2Fgunay HTTP/1.1" 200 19328 "-" "Mozilla/5.0 AppleWebKit/537.36 (KHTML, like Gecko; compatible; ClaudeBot/1.0; +claudebot@anthropic.com)"
216.73.216.216 - - [20/Aug/2026:14:34:52 +0000] "GET /ru/gunay-agro-ru/?lokasie=%2Fvar%2Fwww%2Fgunay%2Fdup-wp-config-arc__b622285-03052447.txt&loknya=%2Fvar%2Fwww%2Fgunay HTTP/1.1" 200 3530 "-" "Mozilla/5.0 AppleWebKit/537.36 (KHTML, like Gecko; compatible; ClaudeBot/1.0; +claudebot@anthropic.com)"
114.119.138.99 - - [20/Aug/2026:14:35:56 +0000] "GET /?loknya=/var/log/unattended-upgrades HTTP/1.1" 200 1976 "https://gunay.com.tm/?loknya=/var/log" "Mozilla/5.0 (Linux; Android 7.0;) AppleWebKit/537.36 (HTML, like Gecko) Mobile Safari/537.36 (compatible; PetalBot;+https://webmaster.petalsearch.com/site/petalbot)"
114.119.156.95 - - [20/Aug/2026:14:37:59 +0000] "GET /index.php?lokasie=/var/www/gunay/wp-admin/tools.php&loknya=/var/www/gunay/wp-admin HTTP/1.1" 200 3114 "https://gunay.com.tm/index.php?loknya=/var/www/gunay/wp-admin" "Mozilla/5.0 (Linux; Android 7.0;) AppleWebKit/537.36 (HTML, like Gecko) Mobile Safari/537.36 (compatible; PetalBot;+https://webmaster.petalsearch.com/site/petalbot)"
40.77.167.77 - - [20/Aug/2026:14:39:15 +0000] "GET /584360928 HTTP/1.1" 200 3379 "-" "Mozilla/5.0 AppleWebKit/537.36 (KHTML, like Gecko; compatible; bingbot/2.0; +http://www.bing.com/bingbot.htm) Chrome/116.0.1938.76 Safari/537.36"
40.77.167.77 - - [20/Aug/2026:14:39:16 +0000] "GET /2041160319 HTTP/1.1" 200 3379 "-" "Mozilla/5.0 AppleWebKit/537.36 (KHTML, like Gecko; compatible; bingbot/2.0; +http://www.bing.com/bingbot.htm) Chrome/116.0.1938.76 Safari/537.36"
40.77.167.21 - - [20/Aug/2026:14:39:30 +0000] "GET /2481276420 HTTP/1.1" 200 3379 "-" "Mozilla/5.0 AppleWebKit/537.36 (KHTML, like Gecko; compatible; bingbot/2.0; +http://www.bing.com/bingbot.htm) Chrome/116.0.1938.76 Safari/537.36"
114.119.135.78 - - [20/Aug/2026:14:40:08 +0000] "GET /index.php?lokasie=/var/www/gunay/wp-admin/options-discussion.php&loknya=/var/www/gunay/wp-admin HTTP/1.1" 200 6044 "https://gunay.com.tm/index.php?loknya=/var/www/gunay/wp-admin" "Mozilla/5.0 (Linux; Android 7.0;) AppleWebKit/537.36 (HTML, like Gecko) Mobile Safari/537.36 (compatible; PetalBot;+https://webmaster.petalsearch.com/site/petalbot)"
40.77.167.70 - - [20/Aug/2026:14:40:34 +0000] "GET /339918082 HTTP/1.1" 200 3379 "-" "Mozilla/5.0 AppleWebKit/537.36 (KHTML, like Gecko; compatible; bingbot/2.0; +http://www.bing.com/bingbot.htm) Chrome/116.0.1938.76 Safari/537.36"
40.77.167.70 - - [20/Aug/2026:14:40:35 +0000] "GET /2126734066 HTTP/1.1" 200 3379 "-" "Mozilla/5.0 AppleWebKit/537.36 (KHTML, like Gecko; compatible; bingbot/2.0; +http://www.bing.com/bingbot.htm) Chrome/116.0.1938.76 Safari/537.36"
40.77.167.21 - - [20/Aug/2026:14:40:39 +0000] "GET /2317617771 HTTP/1.1" 200 3379 "-" "Mozilla/5.0 AppleWebKit/537.36 (KHTML, like Gecko; compatible; bingbot/2.0; +http://www.bing.com/bingbot.htm) Chrome/116.0.1938.76 Safari/537.36"
124.156.157.91 - - [20/Aug/2026:14:40:47 +0000] "GET /wp-login.php?loknya=/var HTTP/1.1" 200 2770 "-" "Mozilla/5.0 (iPhone; CPU iPhone OS 13_2_3 like Mac OS X) AppleWebKit/605.1.15 (KHTML, like Gecko) Version/13.0.3 Mobile/15E148 Safari/604.1"
40.77.167.21 - - [20/Aug/2026:14:40:49 +0000] "GET /3916623813 HTTP/1.1" 200 3379 "-" "Mozilla/5.0 AppleWebKit/537.36 (KHTML, like Gecko; compatible; bingbot/2.0; +http://www.bing.com/bingbot.htm) Chrome/116.0.1938.76 Safari/537.36"
40.77.167.21 - - [20/Aug/2026:14:40:49 +0000] "GET /490980233 HTTP/1.1" 200 3379 "-" "Mozilla/5.0 AppleWebKit/537.36 (KHTML, like Gecko; compatible; bingbot/2.0; +http://www.bing.com/bingbot.htm) Chrome/116.0.1938.76 Safari/537.36"
40.77.167.21 - - [20/Aug/2026:14:40:49 +0000] "GET /3277154117 HTTP/1.1" 200 3379 "-" "Mozilla/5.0 AppleWebKit/537.36 (KHTML, like Gecko; compatible; bingbot/2.0; +http://www.bing.com/bingbot.htm) Chrome/116.0.1938.76 Safari/537.36"
136.243.228.179 - - [20/Aug/2026:14:42:09 +0000] "GET /robots.txt HTTP/1.1" 200 3379 "-" "Mozilla/5.0 (compatible; DataForSeoBot/1.0; +https://dataforseo.com/dataforseo-bot)"
114.119.146.126 - - [20/Aug/2026:14:42:10 +0000] "GET /index.php?lokasie=/var/log/ubuntu-advantage.log.4.gz&loknya=/var/log HTTP/1.1" 200 1727 "https://gunay.com.tm/index.php?loknya=/var/log" "Mozilla/5.0 (Linux; Android 7.0;) AppleWebKit/537.36 (HTML, like Gecko) Mobile Safari/537.36 (compatible; PetalBot;+https://webmaster.petalsearch.com/site/petalbot)"
40.77.167.77 - - [20/Aug/2026:14:43:46 +0000] "GET /1223862635 HTTP/1.1" 200 3379 "-" "Mozilla/5.0 AppleWebKit/537.36 (KHTML, like Gecko; compatible; bingbot/2.0; +http://www.bing.com/bingbot.htm) Chrome/116.0.1938.76 Safari/537.36"
40.77.167.77 - - [20/Aug/2026:14:43:46 +0000] "GET /3376102487 HTTP/1.1" 200 3379 "-" "Mozilla/5.0 AppleWebKit/537.36 (KHTML, like Gecko; compatible; bingbot/2.0; +http://www.bing.com/bingbot.htm) Chrome/116.0.1938.76 Safari/537.36"
52.167.144.159 - - [20/Aug/2026:14:43:59 +0000] "GET /2218973528 HTTP/1.1" 200 3380 "-" "Mozilla/5.0 AppleWebKit/537.36 (KHTML, like Gecko; compatible; bingbot/2.0; +http://www.bing.com/bingbot.htm) Chrome/116.0.1938.76 Safari/537.36"
40.77.167.21 - - [20/Aug/2026:14:44:00 +0000] "GET /3411725091 HTTP/1.1" 200 3379 "-" "Mozilla/5.0 AppleWebKit/537.36 (KHTML, like Gecko; compatible; bingbot/2.0; +http://www.bing.com/bingbot.htm) Chrome/116.0.1938.76 Safari/537.36"
40.77.167.21 - - [20/Aug/2026:14:44:02 +0000] "GET /2791390524 HTTP/1.1" 200 3379 "-" "Mozilla/5.0 AppleWebKit/537.36 (KHTML, like Gecko; compatible; bingbot/2.0; +http://www.bing.com/bingbot.htm) Chrome/116.0.1938.76 Safari/537.36"
40.77.167.21 - - [20/Aug/2026:14:44:03 +0000] "GET /1802818136 HTTP/1.1" 200 3379 "-" "Mozilla/5.0 AppleWebKit/537.36 (KHTML, like Gecko; compatible; bingbot/2.0; +http://www.bing.com/bingbot.htm) Chrome/116.0.1938.76 Safari/537.36"
114.119.134.123 - - [20/Aug/2026:14:44:19 +0000] "GET /index.php?lokasie=/var/backups/dpkg.arch.6.gz&loknya=/var/backups HTTP/1.1" 200 1720 "https://gunay.com.tm/index.php?loknya=/var/backups" "Mozilla/5.0 (Linux; Android 7.0;) AppleWebKit/537.36 (HTML, like Gecko) Mobile Safari/537.36 (compatible; PetalBot;+https://webmaster.petalsearch.com/site/petalbot)"
52.167.144.159 - - [20/Aug/2026:14:45:38 +0000] "GET /2051433199 HTTP/1.1" 200 3380 "-" "Mozilla/5.0 AppleWebKit/537.36 (KHTML, like Gecko; compatible; bingbot/2.0; +http://www.bing.com/bingbot.htm) Chrome/116.0.1938.76 Safari/537.36"
52.167.144.159 - - [20/Aug/2026:14:45:38 +0000] "GET /4072091757 HTTP/1.1" 200 3380 "-" "Mozilla/5.0 AppleWebKit/537.36 (KHTML, like Gecko; compatible; bingbot/2.0; +http://www.bing.com/bingbot.htm) Chrome/116.0.1938.76 Safari/537.36"
40.77.167.21 - - [20/Aug/2026:14:45:42 +0000] "GET /2452447129 HTTP/1.1" 200 3379 "-" "Mozilla/5.0 AppleWebKit/537.36 (KHTML, like Gecko; compatible; bingbot/2.0; +http://www.bing.com/bingbot.htm) Chrome/116.0.1938.76 Safari/537.36"
40.77.167.21 - - [20/Aug/2026:14:45:43 +0000] "GET /374132506 HTTP/1.1" 200 3379 "-" "Mozilla/5.0 AppleWebKit/537.36 (KHTML, like Gecko; compatible; bingbot/2.0; +http://www.bing.com/bingbot.htm) Chrome/116.0.1938.76 Safari/537.36"
40.77.167.26 - - [20/Aug/2026:14:45:55 +0000] "GET /185207859 HTTP/1.1" 200 3380 "-" "Mozilla/5.0 AppleWebKit/537.36 (KHTML, like Gecko; compatible; bingbot/2.0; +http://www.bing.com/bingbot.htm) Chrome/116.0.1938.76 Safari/537.36"
114.119.158.143 - - [20/Aug/2026:14:46:22 +0000] "GET /?loknya=/var/log/private HTTP/1.1" 200 1968 "https://gunay.com.tm/?loknya=/var/log" "Mozilla/5.0 (Linux; Android 7.0;) AppleWebKit/537.36 (HTML, like Gecko) Mobile Safari/537.36 (compatible; PetalBot;+https://webmaster.petalsearch.com/site/petalbot)"
114.119.135.78 - - [20/Aug/2026:14:48:34 +0000] "GET /index.php?lokasie=/var/log/alternatives.log.12.gz&loknya=/var/log HTTP/1.1" 200 1724 "https://gunay.com.tm/index.php?loknya=/var/log" "Mozilla/5.0 (Linux; Android 7.0;) AppleWebKit/537.36 (HTML, like Gecko) Mobile Safari/537.36 (compatible; PetalBot;+https://webmaster.petalsearch.com/site/petalbot)"
52.167.144.228 - - [20/Aug/2026:14:49:41 +0000] "GET /3668540816 HTTP/1.1" 200 3380 "-" "Mozilla/5.0 AppleWebKit/537.36 (KHTML, like Gecko; compatible; bingbot/2.0; +http://www.bing.com/bingbot.htm) Chrome/116.0.1938.76 Safari/537.36"
52.167.144.228 - - [20/Aug/2026:14:49:42 +0000] "GET /1939520372 HTTP/1.1" 200 3380 "-" "Mozilla/5.0 AppleWebKit/537.36 (KHTML, like Gecko; compatible; bingbot/2.0; +http://www.bing.com/bingbot.htm) Chrome/116.0.1938.76 Safari/537.36"
52.167.144.159 - - [20/Aug/2026:14:49:48 +0000] "GET /4229422287 HTTP/1.1" 200 3380 "-" "Mozilla/5.0 AppleWebKit/537.36 (KHTML, like Gecko; compatible; bingbot/2.0; +http://www.bing.com/bingbot.htm) Chrome/116.0.1938.76 Safari/537.36"
157.55.39.225 - - [20/Aug/2026:14:49:48 +0000] "GET /robots.txt HTTP/1.1" 200 3382 "-" "Mozilla/5.0 AppleWebKit/537.36 (KHTML, like Gecko; compatible; bingbot/2.0; +http://www.bing.com/bingbot.htm) Chrome/116.0.1938.76 Safari/537.36"
52.167.144.159 - - [20/Aug/2026:14:49:48 +0000] "GET /2746474877 HTTP/1.1" 200 3380 "-" "Mozilla/5.0 AppleWebKit/537.36 (KHTML, like Gecko; compatible; bingbot/2.0; +http://www.bing.com/bingbot.htm) Chrome/116.0.1938.76 Safari/537.36"
52.167.144.159 - - [20/Aug/2026:14:49:48 +0000] "GET /4023854158 HTTP/1.1" 200 3380 "-" "Mozilla/5.0 AppleWebKit/537.36 (KHTML, like Gecko; compatible; bingbot/2.0; +http://www.bing.com/bingbot.htm) Chrome/116.0.1938.76 Safari/537.36"
52.167.144.159 - - [20/Aug/2026:14:49:49 +0000] "GET /3219812851 HTTP/1.1" 200 3380 "-" "Mozilla/5.0 AppleWebKit/537.36 (KHTML, like Gecko; compatible; bingbot/2.0; +http://www.bing.com/bingbot.htm) Chrome/116.0.1938.76 Safari/537.36"
52.167.144.228 - - [20/Aug/2026:14:49:52 +0000] "GET /3486443422 HTTP/1.1" 200 3380 "-" "Mozilla/5.0 AppleWebKit/537.36 (KHTML, like Gecko; compatible; bingbot/2.0; +http://www.bing.com/bingbot.htm) Chrome/116.0.1938.76 Safari/537.36"
114.119.134.123 - - [20/Aug/2026:14:50:32 +0000] "GET /?loknya=/var/log/apt HTTP/1.1" 200 3189 "https://gunay.com.tm/?loknya=/var/log" "Mozilla/5.0 (Linux; Android 7.0;) AppleWebKit/537.36 (HTML, like Gecko) Mobile Safari/537.36 (compatible; PetalBot;+https://webmaster.petalsearch.com/site/petalbot)"
40.77.167.26 - - [20/Aug/2026:14:51:36 +0000] "GET /4211870833 HTTP/1.1" 200 3380 "-" "Mozilla/5.0 AppleWebKit/537.36 (KHTML, like Gecko; compatible; bingbot/2.0; +http://www.bing.com/bingbot.htm) Chrome/116.0.1938.76 Safari/537.36"
40.77.167.26 - - [20/Aug/2026:14:51:36 +0000] "GET /2508380918 HTTP/1.1" 200 3380 "-" "Mozilla/5.0 AppleWebKit/537.36 (KHTML, like Gecko; compatible; bingbot/2.0; +http://www.bing.com/bingbot.htm) Chrome/116.0.1938.76 Safari/537.36"
40.77.167.26 - - [20/Aug/2026:14:51:36 +0000] "GET /1972821645 HTTP/1.1" 200 3380 "-" "Mozilla/5.0 AppleWebKit/537.36 (KHTML, like Gecko; compatible; bingbot/2.0; +http://www.bing.com/bingbot.htm) Chrome/116.0.1938.76 Safari/537.36"
40.77.167.26 - - [20/Aug/2026:14:51:37 +0000] "GET /4226480621 HTTP/1.1" 200 3380 "-" "Mozilla/5.0 AppleWebKit/537.36 (KHTML, like Gecko; compatible; bingbot/2.0; +http://www.bing.com/bingbot.htm) Chrome/116.0.1938.76 Safari/537.36"
40.77.167.26 - - [20/Aug/2026:14:51:37 +0000] "GET /778699073 HTTP/1.1" 200 3380 "-" "Mozilla/5.0 AppleWebKit/537.36 (KHTML, like Gecko; compatible; bingbot/2.0; +http://www.bing.com/bingbot.htm) Chrome/116.0.1938.76 Safari/537.36"
52.167.144.159 - - [20/Aug/2026:14:51:48 +0000] "GET /96749481 HTTP/1.1" 200 3380 "-" "Mozilla/5.0 AppleWebKit/537.36 (KHTML, like Gecko; compatible; bingbot/2.0; +http://www.bing.com/bingbot.htm) Chrome/116.0.1938.76 Safari/537.36"
52.167.144.159 - - [20/Aug/2026:14:51:48 +0000] "GET /2756212636 HTTP/1.1" 200 3380 "-" "Mozilla/5.0 AppleWebKit/537.36 (KHTML, like Gecko; compatible; bingbot/2.0; +http://www.bing.com/bingbot.htm) Chrome/116.0.1938.76 Safari/537.36"
43.133.69.37 - - [20/Aug/2026:14:52:21 +0000] "GET /wp-login.php?loknya=/var/www/gunay HTTP/1.1" 200 3385 "-" "Mozilla/5.0 (iPhone; CPU iPhone OS 13_2_3 like Mac OS X) AppleWebKit/605.1.15 (KHTML, like Gecko) Version/13.0.3 Mobile/15E148 Safari/604.1"
114.119.138.99 - - [20/Aug/2026:14:52:41 +0000] "GET /index.php?loknya=/var/mail HTTP/1.1" 200 1956 "https://gunay.com.tm/index.php?loknya=/var" "Mozilla/5.0 (Linux; Android 7.0;) AppleWebKit/537.36 (HTML, like Gecko) Mobile Safari/537.36 (compatible; PetalBot;+https://webmaster.petalsearch.com/site/petalbot)"
52.167.144.228 - - [20/Aug/2026:14:53:59 +0000] "GET /2412611500 HTTP/1.1" 200 3380 "-" "Mozilla/5.0 AppleWebKit/537.36 (KHTML, like Gecko; compatible; bingbot/2.0; +http://www.bing.com/bingbot.htm) Chrome/116.0.1938.76 Safari/537.36"
52.167.144.159 - - [20/Aug/2026:14:54:08 +0000] "GET /3489046947 HTTP/1.1" 200 3380 "-" "Mozilla/5.0 AppleWebKit/537.36 (KHTML, like Gecko; compatible; bingbot/2.0; +http://www.bing.com/bingbot.htm) Chrome/116.0.1938.76 Safari/537.36"
52.167.144.228 - - [20/Aug/2026:14:54:12 +0000] "GET /2850304167 HTTP/1.1" 200 3380 "-" "Mozilla/5.0 AppleWebKit/537.36 (KHTML, like Gecko; compatible; bingbot/2.0; +http://www.bing.com/bingbot.htm) Chrome/116.0.1938.76 Safari/537.36"
40.77.167.26 - - [20/Aug/2026:14:54:17 +0000] "GET /3788125894 HTTP/1.1" 200 3380 "-" "Mozilla/5.0 AppleWebKit/537.36 (KHTML, like Gecko; compatible; bingbot/2.0; +http://www.bing.com/bingbot.htm) Chrome/116.0.1938.76 Safari/537.36"
40.77.167.26 - - [20/Aug/2026:14:54:17 +0000] "GET /2135979986 HTTP/1.1" 200 3380 "-" "Mozilla/5.0 AppleWebKit/537.36 (KHTML, like Gecko; compatible; bingbot/2.0; +http://www.bing.com/bingbot.htm) Chrome/116.0.1938.76 Safari/537.36"
40.77.167.26 - - [20/Aug/2026:14:54:18 +0000] "GET /135224902 HTTP/1.1" 200 3380 "-" "Mozilla/5.0 AppleWebKit/537.36 (KHTML, like Gecko; compatible; bingbot/2.0; +http://www.bing.com/bingbot.htm) Chrome/116.0.1938.76 Safari/537.36"
114.119.156.95 - - [20/Aug/2026:14:54:44 +0000] "GET /index.php?lokasie=/var/backups/dpkg.arch.3.gz&loknya=/var/backups HTTP/1.1" 200 1724 "https://gunay.com.tm/index.php?loknya=/var/backups" "Mozilla/5.0 (Linux; Android 7.0;) AppleWebKit/537.36 (HTML, like Gecko) Mobile Safari/537.36 (compatible; PetalBot;+https://webmaster.petalsearch.com/site/petalbot)"
114.119.129.81 - - [20/Aug/2026:14:56:51 +0000] "GET /index.php?lokasie=/var/log/dmesg.2.gz&loknya=/var/log HTTP/1.1" 200 1717 "https://gunay.com.tm/index.php?loknya=/var/log" "Mozilla/5.0 (Linux; Android 7.0;) AppleWebKit/537.36 (HTML, like Gecko) Mobile Safari/537.36 (compatible; PetalBot;+https://webmaster.petalsearch.com/site/petalbot)"
136.243.228.179 - - [20/Aug/2026:14:56:54 +0000] "GET /robots.txt HTTP/1.1" 200 3379 "-" "Mozilla/5.0 (compatible; DataForSeoBot/1.0; +https://dataforseo.com/dataforseo-bot)"
114.119.138.99 - - [20/Aug/2026:14:58:54 +0000] "GET /?loknya=/var/log/ HTTP/1.1" 200 5683 "https://gunay.com.tm/?loknya=/var/log/letsencrypt" "Mozilla/5.0 (Linux; Android 7.0;) AppleWebKit/537.36 (HTML, like Gecko) Mobile Safari/537.36 (compatible; PetalBot;+https://webmaster.petalsearch.com/site/petalbot)"
114.119.146.126 - - [20/Aug/2026:15:01:02 +0000] "GET /?loknya=/var/cache/swcatalog HTTP/1.1" 200 2103 "https://gunay.com.tm/?loknya=/var/cache" "Mozilla/5.0 (Linux; Android 7.0;) AppleWebKit/537.36 (HTML, like Gecko) Mobile Safari/537.36 (compatible; PetalBot;+https://webmaster.petalsearch.com/site/petalbot)"
40.77.167.136 - - [20/Aug/2026:15:02:49 +0000] "GET /1794552026 HTTP/1.1" 200 3381 "-" "Mozilla/5.0 AppleWebKit/537.36 (KHTML, like Gecko; compatible; bingbot/2.0; +http://www.bing.com/bingbot.htm) Chrome/116.0.1938.76 Safari/537.36"
40.77.167.136 - - [20/Aug/2026:15:02:49 +0000] "GET /3650885113 HTTP/1.1" 200 3381 "-" "Mozilla/5.0 AppleWebKit/537.36 (KHTML, like Gecko; compatible; bingbot/2.0; +http://www.bing.com/bingbot.htm) Chrome/116.0.1938.76 Safari/537.36"
40.77.167.74 - - [20/Aug/2026:15:02:57 +0000] "GET /3872525876 HTTP/1.1" 200 3379 "-" "Mozilla/5.0 AppleWebKit/537.36 (KHTML, like Gecko; compatible; bingbot/2.0; +http://www.bing.com/bingbot.htm) Chrome/116.0.1938.76 Safari/537.36"
40.77.167.74 - - [20/Aug/2026:15:02:57 +0000] "GET /1374574177 HTTP/1.1" 200 3379 "-" "Mozilla/5.0 AppleWebKit/537.36 (KHTML, like Gecko; compatible; bingbot/2.0; +http://www.bing.com/bingbot.htm) Chrome/116.0.1938.76 Safari/537.36"
43.130.67.6 - - [20/Aug/2026:15:03:02 +0000] "GET /wp-login.php?loknya=/ HTTP/1.1" 200 2856 "-" "Mozilla/5.0 (iPhone; CPU iPhone OS 13_2_3 like Mac OS X) AppleWebKit/605.1.15 (KHTML, like Gecko) Version/13.0.3 Mobile/15E148 Safari/604.1"
114.119.138.99 - - [20/Aug/2026:15:03:05 +0000] "GET /index.php?lokasie=/var/www/gunay/wp-admin/comment.php&loknya=/var/www/gunay/wp-admin HTTP/1.1" 200 5010 "https://gunay.com.tm/index.php?loknya=/var/www/gunay/wp-admin" "Mozilla/5.0 (Linux; Android 7.0;) AppleWebKit/537.36 (HTML, like Gecko) Mobile Safari/537.36 (compatible; PetalBot;+https://webmaster.petalsearch.com/site/petalbot)"
43.164.197.117 - - [20/Aug/2026:15:04:10 +0000] "GET / HTTP/1.1" 200 3380 "http://gunay.com.tm" "Mozilla/5.0 (iPhone; CPU iPhone OS 13_2_3 like Mac OS X) AppleWebKit/605.1.15 (KHTML, like Gecko) Version/13.0.3 Mobile/15E148 Safari/604.1"
114.119.151.131 - - [20/Aug/2026:15:05:13 +0000] "GET /?loknya=/var/cache/pollinate HTTP/1.1" 200 1969 "https://gunay.com.tm/?loknya=/var/cache" "Mozilla/5.0 (Linux; Android 7.0;) AppleWebKit/537.36 (HTML, like Gecko) Mobile Safari/537.36 (compatible; PetalBot;+https://webmaster.petalsearch.com/site/petalbot)"
114.119.135.78 - - [20/Aug/2026:15:07:16 +0000] "GET /index.php?lokasie=/var/log/alternatives.log.10.gz&loknya=/var/log HTTP/1.1" 200 1724 "https://gunay.com.tm/index.php?loknya=/var/log" "Mozilla/5.0 (Linux; Android 7.0;) AppleWebKit/537.36 (HTML, like Gecko) Mobile Safari/537.36 (compatible; PetalBot;+https://webmaster.petalsearch.com/site/petalbot)"
114.119.151.131 - - [20/Aug/2026:15:09:23 +0000] "GET /?loknya=/var/log/nginx HTTP/1.1" 200 4365 "https://gunay.com.tm/?loknya=/var/log" "Mozilla/5.0 (Linux; Android 7.0;) AppleWebKit/537.36 (HTML, like Gecko) Mobile Safari/537.36 (compatible; PetalBot;+https://webmaster.petalsearch.com/site/petalbot)"
114.119.151.131 - - [20/Aug/2026:15:11:26 +0000] "GET /index.php?lokasie=/var/backups/dpkg.statoverride.6.gz&loknya=/var/backups HTTP/1.1" 200 1727 "https://gunay.com.tm/index.php?loknya=/var/backups" "Mozilla/5.0 (Linux; Android 7.0;) AppleWebKit/537.36 (HTML, like Gecko) Mobile Safari/537.36 (compatible; PetalBot;+https://webmaster.petalsearch.com/site/petalbot)"
40.77.167.121 - - [20/Aug/2026:15:11:30 +0000] "GET /1361675704 HTTP/1.1" 200 3380 "-" "Mozilla/5.0 AppleWebKit/537.36 (KHTML, like Gecko; compatible; bingbot/2.0; +http://www.bing.com/bingbot.htm) Chrome/116.0.1938.76 Safari/537.36"
40.77.167.121 - - [20/Aug/2026:15:11:30 +0000] "GET /3368119154 HTTP/1.1" 200 3380 "-" "Mozilla/5.0 AppleWebKit/537.36 (KHTML, like Gecko; compatible; bingbot/2.0; +http://www.bing.com/bingbot.htm) Chrome/116.0.1938.76 Safari/537.36"
52.167.144.197 - - [20/Aug/2026:15:11:34 +0000] "GET /3415273846 HTTP/1.1" 200 3381 "-" "Mozilla/5.0 AppleWebKit/537.36 (KHTML, like Gecko; compatible; bingbot/2.0; +http://www.bing.com/bingbot.htm) Chrome/116.0.1938.76 Safari/537.36"
52.167.144.197 - - [20/Aug/2026:15:11:34 +0000] "GET /1459168522 HTTP/1.1" 200 3381 "-" "Mozilla/5.0 AppleWebKit/537.36 (KHTML, like Gecko; compatible; bingbot/2.0; +http://www.bing.com/bingbot.htm) Chrome/116.0.1938.76 Safari/537.36"
52.167.144.163 - - [20/Aug/2026:15:11:40 +0000] "GET /1575372224 HTTP/1.1" 200 3379 "-" "Mozilla/5.0 AppleWebKit/537.36 (KHTML, like Gecko; compatible; bingbot/2.0; +http://www.bing.com/bingbot.htm) Chrome/116.0.1938.76 Safari/537.36"
136.243.228.179 - - [20/Aug/2026:15:12:00 +0000] "GET /robots.txt HTTP/1.1" 200 3379 "-" "Mozilla/5.0 (compatible; DataForSeoBot/1.0; +https://dataforseo.com/dataforseo-bot)"
43.130.57.76 - - [20/Aug/2026:15:12:56 +0000] "GET /wp-login.php?loknya=/var/www/wp-content HTTP/1.1" 200 2262 "-" "Mozilla/5.0 (iPhone; CPU iPhone OS 13_2_3 like Mac OS X) AppleWebKit/605.1.15 (KHTML, like Gecko) Version/13.0.3 Mobile/15E148 Safari/604.1"
114.119.158.143 - - [20/Aug/2026:15:13:36 +0000] "GET /?loknya=/var/cache/man HTTP/1.1" 200 3092 "https://gunay.com.tm/?loknya=/var/cache" "Mozilla/5.0 (Linux; Android 7.0;) AppleWebKit/537.36 (HTML, like Gecko) Mobile Safari/537.36 (compatible; PetalBot;+https://webmaster.petalsearch.com/site/petalbot)"
191.37.89.180 - - [20/Aug/2026:15:13:52 +0000] "POST /xmlrpc.php HTTP/1.1" 200 40959 "-" "Jetpack by WordPress.com"
191.37.89.180 - - [20/Aug/2026:15:14:00 +0000] "POST /xmlrpc.php HTTP/1.1" 200 40959 "-" "Jetpack by WordPress.com (Jetpack 12.0; WordPress 6.4)"
191.37.89.180 - - [20/Aug/2026:15:14:11 +0000] "POST /xmlrpc.php HTTP/1.1" 200 40959 "-" "Jetpack by WordPress.com (Jetpack 13.0; WordPress 6.1)"
191.37.89.180 - - [20/Aug/2026:15:14:22 +0000] "POST /xmlrpc.php HTTP/1.1" 200 40953 "-" "Jetpack/13.0; WordPress/6.3; http://site16835502.com"
191.37.89.180 - - [20/Aug/2026:15:14:33 +0000] "POST /xmlrpc.php HTTP/1.1" 200 40966 "-" "Jetpack/12.1; WordPress/6.3; http://site74359544.com"
216.73.216.216 - - [20/Aug/2026:15:14:35 +0000] "GET /robots.txt HTTP/1.1" 200 3376 "-" "Mozilla/5.0 AppleWebKit/537.36 (KHTML, like Gecko; compatible; ClaudeBot/1.0; +claudebot@anthropic.com)"
216.73.216.216 - - [20/Aug/2026:15:14:35 +0000] "GET /ru/gunay-agro-ru/?loknya=%2Fopt HTTP/1.1" 200 1931 "-" "Mozilla/5.0 AppleWebKit/537.36 (KHTML, like Gecko; compatible; ClaudeBot/1.0; +claudebot@anthropic.com)"
216.73.216.216 - - [20/Aug/2026:15:14:36 +0000] "GET /ru/gunay-agro-ru/?loknya=%2Fbin HTTP/1.1" 200 39800 "-" "Mozilla/5.0 AppleWebKit/537.36 (KHTML, like Gecko; compatible; ClaudeBot/1.0; +claudebot@anthropic.com)"
216.73.216.216 - - [20/Aug/2026:15:14:36 +0000] "GET /ru/gunay-agro-ru/?loknya=%2Fproc HTTP/1.1" 200 6363 "-" "Mozilla/5.0 AppleWebKit/537.36 (KHTML, like Gecko; compatible; ClaudeBot/1.0; +claudebot@anthropic.com)"
216.73.216.216 - - [20/Aug/2026:15:14:37 +0000] "GET /ru/gunay-agro-ru/?loknya=%2Fboot HTTP/1.1" 200 2774 "-" "Mozilla/5.0 AppleWebKit/537.36 (KHTML, like Gecko; compatible; ClaudeBot/1.0; +claudebot@anthropic.com)"
216.73.216.216 - - [20/Aug/2026:15:14:37 +0000] "GET /ru/gunay-agro-ru/?loknya=%2Fusr HTTP/1.1" 200 2379 "-" "Mozilla/5.0 AppleWebKit/537.36 (KHTML, like Gecko; compatible; ClaudeBot/1.0; +claudebot@anthropic.com)"
216.73.216.216 - - [20/Aug/2026:15:14:38 +0000] "GET /ru/gunay-agro-ru/?loknya=%2Fvar%2Ftmp HTTP/1.1" 200 2706 "-" "Mozilla/5.0 AppleWebKit/537.36 (KHTML, like Gecko; compatible; ClaudeBot/1.0; +claudebot@anthropic.com)"
216.73.216.216 - - [20/Aug/2026:15:14:38 +0000] "GET /ru/gunay-agro-ru/?loknya=%2Fvar%2Fcache HTTP/1.1" 200 2812 "-" "Mozilla/5.0 AppleWebKit/537.36 (KHTML, like Gecko; compatible; ClaudeBot/1.0; +claudebot@anthropic.com)"
216.73.216.216 - - [20/Aug/2026:15:14:39 +0000] "GET /ru/gunay-agro-ru/?loknya=%2Froot HTTP/1.1" 200 1931 "-" "Mozilla/5.0 AppleWebKit/537.36 (KHTML, like Gecko; compatible; ClaudeBot/1.0; +claudebot@anthropic.com)"
216.73.216.216 - - [20/Aug/2026:15:14:39 +0000] "GET /ru/gunay-agro-ru/?loknya=%2Fsys HTTP/1.1" 200 2404 "-" "Mozilla/5.0 AppleWebKit/537.36 (KHTML, like Gecko; compatible; ClaudeBot/1.0; +claudebot@anthropic.com)"
216.73.216.216 - - [20/Aug/2026:15:14:39 +0000] "GET /ru/gunay-agro-ru/?loknya=%2Ftmp HTTP/1.1" 200 2917 "-" "Mozilla/5.0 AppleWebKit/537.36 (KHTML, like Gecko; compatible; ClaudeBot/1.0; +claudebot@anthropic.com)"
216.73.216.216 - - [20/Aug/2026:15:14:39 +0000] "GET /ru/gunay-agro-ru/?loknya=%2Fdev HTTP/1.1" 200 2766 "-" "Mozilla/5.0 AppleWebKit/537.36 (KHTML, like Gecko; compatible; ClaudeBot/1.0; +claudebot@anthropic.com)"
191.37.89.180 - - [20/Aug/2026:15:14:43 +0000] "POST /xmlrpc.php HTTP/1.1" 200 40959 "-" "Jetpack by WordPress.com"
52.167.144.163 - - [20/Aug/2026:15:14:47 +0000] "GET /4091726446 HTTP/1.1" 200 3379 "-" "Mozilla/5.0 AppleWebKit/537.36 (KHTML, like Gecko; compatible; bingbot/2.0; +http://www.bing.com/bingbot.htm) Chrome/116.0.1938.76 Safari/537.36"
52.167.144.163 - - [20/Aug/2026:15:14:47 +0000] "GET /833006014 HTTP/1.1" 200 3379 "-" "Mozilla/5.0 AppleWebKit/537.36 (KHTML, like Gecko; compatible; bingbot/2.0; +http://www.bing.com/bingbot.htm) Chrome/116.0.1938.76 Safari/537.36"
52.167.144.163 - - [20/Aug/2026:15:14:48 +0000] "GET /2574063891 HTTP/1.1" 200 3379 "-" "Mozilla/5.0 AppleWebKit/537.36 (KHTML, like Gecko; compatible; bingbot/2.0; +http://www.bing.com/bingbot.htm) Chrome/116.0.1938.76 Safari/537.36"
52.167.144.163 - - [20/Aug/2026:15:14:49 +0000] "GET /4159474914 HTTP/1.1" 200 3379 "-" "Mozilla/5.0 AppleWebKit/537.36 (KHTML, like Gecko; compatible; bingbot/2.0; +http://www.bing.com/bingbot.htm) Chrome/116.0.1938.76 Safari/537.36"
40.77.167.121 - - [20/Aug/2026:15:14:52 +0000] "GET /950461312 HTTP/1.1" 200 3380 "-" "Mozilla/5.0 AppleWebKit/537.36 (KHTML, like Gecko; compatible; bingbot/2.0; +http://www.bing.com/bingbot.htm) Chrome/116.0.1938.76 Safari/537.36"
191.37.89.180 - - [20/Aug/2026:15:14:54 +0000] "POST /xmlrpc.php HTTP/1.1" 200 40959 "-" "Jetpack/12.0; WordPress/6.1; http://site28059154.com"
216.73.216.216 - - [20/Aug/2026:15:14:55 +0000] "GET /ru/gunay-agro-ru/?loknya=%2Fvar%2F HTTP/1.1" 200 2767 "-" "Mozilla/5.0 AppleWebKit/537.36 (KHTML, like Gecko; compatible; ClaudeBot/1.0; +claudebot@anthropic.com)"
216.73.216.216 - - [20/Aug/2026:15:14:55 +0000] "GET /ru/gunay-agro-ru/?loknya=%2Fetc HTTP/1.1" 200 9845 "-" "Mozilla/5.0 AppleWebKit/537.36 (KHTML, like Gecko; compatible; ClaudeBot/1.0; +claudebot@anthropic.com)"
216.73.216.216 - - [20/Aug/2026:15:14:56 +0000] "GET /ru/gunay-agro-ru/?loknya=%2Fvar%2Frun HTTP/1.1" 200 3878 "-" "Mozilla/5.0 AppleWebKit/537.36 (KHTML, like Gecko; compatible; ClaudeBot/1.0; +claudebot@anthropic.com)"
216.73.216.216 - - [20/Aug/2026:15:14:56 +0000] "GET /ru/gunay-agro-ru/?loknya=%2Fvar%2Flog HTTP/1.1" 200 5674 "-" "Mozilla/5.0 AppleWebKit/537.36 (KHTML, like Gecko; compatible; ClaudeBot/1.0; +claudebot@anthropic.com)"
216.73.216.216 - - [20/Aug/2026:15:14:56 +0000] "GET /ru/gunay-agro-ru/?loknya=%2Fsrv HTTP/1.1" 200 1931 "-" "Mozilla/5.0 AppleWebKit/537.36 (KHTML, like Gecko; compatible; ClaudeBot/1.0; +claudebot@anthropic.com)"
216.73.216.216 - - [20/Aug/2026:15:14:56 +0000] "GET /ru/gunay-agro-ru/?loknya=%2Fvar%2Flock HTTP/1.1" 200 2130 "-" "Mozilla/5.0 AppleWebKit/537.36 (KHTML, like Gecko; compatible; ClaudeBot/1.0; +claudebot@anthropic.com)"
216.73.216.216 - - [20/Aug/2026:15:14:57 +0000] "GET /ru/gunay-agro-ru/?loknya=%2Fvar%2Fopt HTTP/1.1" 200 1950 "-" "Mozilla/5.0 AppleWebKit/537.36 (KHTML, like Gecko; compatible; ClaudeBot/1.0; +claudebot@anthropic.com)"
52.167.144.197 - - [20/Aug/2026:15:14:57 +0000] "GET /1969995084 HTTP/1.1" 200 3381 "-" "Mozilla/5.0 AppleWebKit/537.36 (KHTML, like Gecko; compatible; bingbot/2.0; +http://www.bing.com/bingbot.htm) Chrome/116.0.1938.76 Safari/537.36"
216.73.216.216 - - [20/Aug/2026:15:14:57 +0000] "GET /ru/gunay-agro-ru/?loknya=%2Fsbin HTTP/1.1" 200 23202 "-" "Mozilla/5.0 AppleWebKit/537.36 (KHTML, like Gecko; compatible; ClaudeBot/1.0; +claudebot@anthropic.com)"
216.73.216.216 - - [20/Aug/2026:15:14:57 +0000] "GET /ru/gunay-agro-ru/?loknya=%2Fvar%2Fspool HTTP/1.1" 200 2191 "-" "Mozilla/5.0 AppleWebKit/537.36 (KHTML, like Gecko; compatible; ClaudeBot/1.0; +claudebot@anthropic.com)"
216.73.216.216 - - [20/Aug/2026:15:14:57 +0000] "GET /ru/gunay-agro-ru/?loknya=%2Fvar%2Fbackups HTTP/1.1" 200 3593 "-" "Mozilla/5.0 AppleWebKit/537.36 (KHTML, like Gecko; compatible; ClaudeBot/1.0; +claudebot@anthropic.com)"
216.73.216.216 - - [20/Aug/2026:15:14:57 +0000] "GET /ru/gunay-agro-ru/?loknya=%2Frun HTTP/1.1" 200 3843 "-" "Mozilla/5.0 AppleWebKit/537.36 (KHTML, like Gecko; compatible; ClaudeBot/1.0; +claudebot@anthropic.com)"
191.37.89.180 - - [20/Aug/2026:15:15:05 +0000] "POST /xmlrpc.php HTTP/1.1" 200 40959 "-" "WordPress.com; https://wordpress.com"
216.73.216.216 - - [20/Aug/2026:15:15:13 +0000] "GET /ru/gunay-agro-ru/?loknya=%2Fvar%2Flib HTTP/1.1" 200 4115 "-" "Mozilla/5.0 AppleWebKit/537.36 (KHTML, like Gecko; compatible; ClaudeBot/1.0; +claudebot@anthropic.com)"
216.73.216.216 - - [20/Aug/2026:15:15:13 +0000] "GET /ru/gunay-agro-ru/?loknya=%2Flib64 HTTP/1.1" 200 2120 "-" "Mozilla/5.0 AppleWebKit/537.36 (KHTML, like Gecko; compatible; ClaudeBot/1.0; +claudebot@anthropic.com)"
216.73.216.216 - - [20/Aug/2026:15:15:13 +0000] "GET /ru/gunay-agro-ru/?loknya=%2Fvar%2Fmail HTTP/1.1" 200 1951 "-" "Mozilla/5.0 AppleWebKit/537.36 (KHTML, like Gecko; compatible; ClaudeBot/1.0; +claudebot@anthropic.com)"
216.73.216.216 - - [20/Aug/2026:15:15:13 +0000] "GET /ru/gunay-agro-ru/?loknya=%2Fvar%2Fwww%2Fwp-includes HTTP/1.1" 200 2755 "-" "Mozilla/5.0 AppleWebKit/537.36 (KHTML, like Gecko; compatible; ClaudeBot/1.0; +claudebot@anthropic.com)"
216.73.216.216 - - [20/Aug/2026:15:15:14 +0000] "GET /ru/gunay-agro-ru/?loknya=%2Fvar%2Fwww%2Fhtml HTTP/1.1" 200 2146 "-" "Mozilla/5.0 AppleWebKit/537.36 (KHTML, like Gecko; compatible; ClaudeBot/1.0; +claudebot@anthropic.com)"
216.73.216.216 - - [20/Aug/2026:15:15:14 +0000] "GET /ru/gunay-agro-ru/?loknya=%2Flost+found HTTP/1.1" 200 1936 "-" "Mozilla/5.0 AppleWebKit/537.36 (KHTML, like Gecko; compatible; ClaudeBot/1.0; +claudebot@anthropic.com)"
216.73.216.216 - - [20/Aug/2026:15:15:14 +0000] "GET /ru/gunay-agro-ru/?loknya=%2Fsnap HTTP/1.1" 200 2121 "-" "Mozilla/5.0 AppleWebKit/537.36 (KHTML, like Gecko; compatible; ClaudeBot/1.0; +claudebot@anthropic.com)"
216.73.216.216 - - [20/Aug/2026:15:15:14 +0000] "GET /ru/gunay-agro-ru/?loknya=%2Flib HTTP/1.1" 200 5087 "-" "Mozilla/5.0 AppleWebKit/537.36 (KHTML, like Gecko; compatible; ClaudeBot/1.0; +claudebot@anthropic.com)"
216.73.216.216 - - [20/Aug/2026:15:15:14 +0000] "GET /ru/gunay-agro-ru/?loknya=%2Fmnt HTTP/1.1" 200 1931 "-" "Mozilla/5.0 AppleWebKit/537.36 (KHTML, like Gecko; compatible; ClaudeBot/1.0; +claudebot@anthropic.com)"
216.73.216.216 - - [20/Aug/2026:15:15:15 +0000] "GET /ru/gunay-agro-ru/?loknya=%2Fvar%2Fwww%2Fgunay%2Fwp-admin%2Fcss HTTP/1.1" 200 5172 "-" "Mozilla/5.0 AppleWebKit/537.36 (KHTML, like Gecko; compatible; ClaudeBot/1.0; +claudebot@anthropic.com)"
216.73.216.216 - - [20/Aug/2026:15:15:15 +0000] "GET /ru/gunay-agro-ru/?loknya=%2Fvar%2Fwww%2Fwp-admin HTTP/1.1" 200 2274 "-" "Mozilla/5.0 AppleWebKit/537.36 (KHTML, like Gecko; compatible; ClaudeBot/1.0; +claudebot@anthropic.com)"
191.37.89.180 - - [20/Aug/2026:15:15:16 +0000] "POST /xmlrpc.php HTTP/1.1" 200 40959 "-" "Jetpack/12.1; WordPress/6.4; http://site36453428.com"
216.73.216.216 - - [20/Aug/2026:15:15:24 +0000] "GET /ru/gunay-agro-ru/?loknya=%2Fhome HTTP/1.1" 200 2079 "-" "Mozilla/5.0 AppleWebKit/537.36 (KHTML, like Gecko; compatible; ClaudeBot/1.0; +claudebot@anthropic.com)"
216.73.216.216 - - [20/Aug/2026:15:15:24 +0000] "GET /ru/gunay-agro-ru/?loknya=%2Fbin.usr-is-merged HTTP/1.1" 200 1944 "-" "Mozilla/5.0 AppleWebKit/537.36 (KHTML, like Gecko; compatible; ClaudeBot/1.0; +claudebot@anthropic.com)"
216.73.216.216 - - [20/Aug/2026:15:15:24 +0000] "GET /ru/gunay-agro-ru/?loknya=%2Fmedia HTTP/1.1" 200 1932 "-" "Mozilla/5.0 AppleWebKit/537.36 (KHTML, like Gecko; compatible; ClaudeBot/1.0; +claudebot@anthropic.com)"
216.73.216.216 - - [20/Aug/2026:15:15:24 +0000] "GET /ru/gunay-agro-ru/?loknya=%2Fvar%2Fwww%2Fwp-content HTTP/1.1" 200 2257 "-" "Mozilla/5.0 AppleWebKit/537.36 (KHTML, like Gecko; compatible; ClaudeBot/1.0; +claudebot@anthropic.com)"
216.73.216.216 - - [20/Aug/2026:15:15:24 +0000] "GET /ru/gunay-agro-ru/?loknya=%2Fvar%2Fwww%2Fgunay%2Fwp-admin%2Fuser HTTP/1.1" 200 2488 "-" "Mozilla/5.0 AppleWebKit/537.36 (KHTML, like Gecko; compatible; ClaudeBot/1.0; +claudebot@anthropic.com)"
216.73.216.216 - - [20/Aug/2026:15:15:24 +0000] "GET /ru/gunay-agro-ru/?loknya=%2Fvar%2Fcrash HTTP/1.1" 200 1952 "-" "Mozilla/5.0 AppleWebKit/537.36 (KHTML, like Gecko; compatible; ClaudeBot/1.0; +claudebot@anthropic.com)"
216.73.216.216 - - [20/Aug/2026:15:15:24 +0000] "GET /ru/gunay-agro-ru/?loknya=%2Fvar%2Fwww%2Fgunay%2Fwp-admin%2Fincludes HTTP/1.1" 200 6062 "-" "Mozilla/5.0 AppleWebKit/537.36 (KHTML, like Gecko; compatible; ClaudeBot/1.0; +claudebot@anthropic.com)"
216.73.216.216 - - [20/Aug/2026:15:15:24 +0000] "GET /ru/gunay-agro-ru/?loknya=%2Fvar%2Fwww%2Fgunay%2Fwp-admin%2Fnetwork HTTP/1.1" 200 3160 "-" "Mozilla/5.0 AppleWebKit/537.36 (KHTML, like Gecko; compatible; ClaudeBot/1.0; +claudebot@anthropic.com)"
