114.119.146.126 - - [20/Aug/2026:07:23:10 +0000] "GET /index.php?loknya=/var/cache/fwupdmgr HTTP/1.1" 200 1971 "https://gunay.com.tm/index.php?loknya=/var/cache" "Mozilla/5.0 (Linux; Android 7.0;) AppleWebKit/537.36 (HTML, like Gecko) Mobile Safari/537.36 (compatible; PetalBot;+https://webmaster.petalsearch.com/site/petalbot)"
52.167.144.20 - - [20/Aug/2026:07:27:06 +0000] "GET /1713953423 HTTP/1.1" 200 3379 "-" "Mozilla/5.0 AppleWebKit/537.36 (KHTML, like Gecko; compatible; bingbot/2.0; +http://www.bing.com/bingbot.htm) Chrome/116.0.1938.76 Safari/537.36"
40.77.167.70 - - [20/Aug/2026:07:27:10 +0000] "GET /979528277 HTTP/1.1" 200 3379 "-" "Mozilla/5.0 AppleWebKit/537.36 (KHTML, like Gecko; compatible; bingbot/2.0; +http://www.bing.com/bingbot.htm) Chrome/116.0.1938.76 Safari/537.36"
136.243.228.179 - - [20/Aug/2026:07:29:21 +0000] "GET /robots.txt HTTP/1.1" 200 3379 "-" "Mozilla/5.0 (compatible; DataForSeoBot/1.0; +https://dataforseo.com/dataforseo-bot)"
52.167.144.20 - - [20/Aug/2026:07:31:16 +0000] "GET /3837210820 HTTP/1.1" 200 3379 "-" "Mozilla/5.0 AppleWebKit/537.36 (KHTML, like Gecko; compatible; bingbot/2.0; +http://www.bing.com/bingbot.htm) Chrome/116.0.1938.76 Safari/537.36"
52.167.144.20 - - [20/Aug/2026:07:31:16 +0000] "GET /2619821772 HTTP/1.1" 200 3379 "-" "Mozilla/5.0 AppleWebKit/537.36 (KHTML, like Gecko; compatible; bingbot/2.0; +http://www.bing.com/bingbot.htm) Chrome/116.0.1938.76 Safari/537.36"
52.167.144.20 - - [20/Aug/2026:07:31:17 +0000] "GET /733800074 HTTP/1.1" 200 3379 "-" "Mozilla/5.0 AppleWebKit/537.36 (KHTML, like Gecko; compatible; bingbot/2.0; +http://www.bing.com/bingbot.htm) Chrome/116.0.1938.76 Safari/537.36"
40.77.167.143 - - [20/Aug/2026:07:31:20 +0000] "GET /3928306969 HTTP/1.1" 200 3380 "-" "Mozilla/5.0 AppleWebKit/537.36 (KHTML, like Gecko; compatible; bingbot/2.0; +http://www.bing.com/bingbot.htm) Chrome/116.0.1938.76 Safari/537.36"
40.77.167.143 - - [20/Aug/2026:07:31:20 +0000] "GET /610126450 HTTP/1.1" 200 3380 "-" "Mozilla/5.0 AppleWebKit/537.36 (KHTML, like Gecko; compatible; bingbot/2.0; +http://www.bing.com/bingbot.htm) Chrome/116.0.1938.76 Safari/537.36"
43.158.91.71 - - [20/Aug/2026:07:31:23 +0000] "GET /?lokasie=/var/www/gunay/wp-admin/edit-comments.php&loknya=/var/www/gunay/wp-admin HTTP/1.1" 200 5592 "-" "Mozilla/5.0 (iPhone; CPU iPhone OS 13_2_3 like Mac OS X) AppleWebKit/605.1.15 (KHTML, like Gecko) Version/13.0.3 Mobile/15E148 Safari/604.1"
114.119.158.143 - - [20/Aug/2026:07:31:41 +0000] "GET /index.php?loknya=/var/cache/fwupd HTTP/1.1" 200 2328 "https://gunay.com.tm/index.php?loknya=/var/cache" "Mozilla/5.0 (Linux; Android 7.0;) AppleWebKit/537.36 (HTML, like Gecko) Mobile Safari/537.36 (compatible; PetalBot;+https://webmaster.petalsearch.com/site/petalbot)"
40.77.167.65 - - [20/Aug/2026:07:32:45 +0000] "GET /3993008288 HTTP/1.1" 200 3380 "-" "Mozilla/5.0 AppleWebKit/537.36 (KHTML, like Gecko; compatible; bingbot/2.0; +http://www.bing.com/bingbot.htm) Chrome/116.0.1938.76 Safari/537.36"
52.167.144.227 - - [20/Aug/2026:07:32:49 +0000] "GET /3267460645 HTTP/1.1" 200 3380 "-" "Mozilla/5.0 AppleWebKit/537.36 (KHTML, like Gecko; compatible; bingbot/2.0; +http://www.bing.com/bingbot.htm) Chrome/116.0.1938.76 Safari/537.36"
52.167.144.227 - - [20/Aug/2026:07:32:50 +0000] "GET /2231065163 HTTP/1.1" 200 3380 "-" "Mozilla/5.0 AppleWebKit/537.36 (KHTML, like Gecko; compatible; bingbot/2.0; +http://www.bing.com/bingbot.htm) Chrome/116.0.1938.76 Safari/537.36"
52.167.144.227 - - [20/Aug/2026:07:32:50 +0000] "GET /2640756084 HTTP/1.1" 200 3380 "-" "Mozilla/5.0 AppleWebKit/537.36 (KHTML, like Gecko; compatible; bingbot/2.0; +http://www.bing.com/bingbot.htm) Chrome/116.0.1938.76 Safari/537.36"
52.167.144.227 - - [20/Aug/2026:07:32:50 +0000] "GET /903478933 HTTP/1.1" 200 3380 "-" "Mozilla/5.0 AppleWebKit/537.36 (KHTML, like Gecko; compatible; bingbot/2.0; +http://www.bing.com/bingbot.htm) Chrome/116.0.1938.76 Safari/537.36"
52.167.144.227 - - [20/Aug/2026:07:32:51 +0000] "GET /2364305280 HTTP/1.1" 200 3380 "-" "Mozilla/5.0 AppleWebKit/537.36 (KHTML, like Gecko; compatible; bingbot/2.0; +http://www.bing.com/bingbot.htm) Chrome/116.0.1938.76 Safari/537.36"
40.77.167.65 - - [20/Aug/2026:07:32:53 +0000] "GET /2685818260 HTTP/1.1" 200 3380 "-" "Mozilla/5.0 AppleWebKit/537.36 (KHTML, like Gecko; compatible; bingbot/2.0; +http://www.bing.com/bingbot.htm) Chrome/116.0.1938.76 Safari/537.36"
40.77.167.65 - - [20/Aug/2026:07:32:54 +0000] "GET /1453661489 HTTP/1.1" 200 3380 "-" "Mozilla/5.0 AppleWebKit/537.36 (KHTML, like Gecko; compatible; bingbot/2.0; +http://www.bing.com/bingbot.htm) Chrome/116.0.1938.76 Safari/537.36"
40.77.167.65 - - [20/Aug/2026:07:32:54 +0000] "GET /2154337356 HTTP/1.1" 200 3380 "-" "Mozilla/5.0 AppleWebKit/537.36 (KHTML, like Gecko; compatible; bingbot/2.0; +http://www.bing.com/bingbot.htm) Chrome/116.0.1938.76 Safari/537.36"
40.77.167.143 - - [20/Aug/2026:07:33:09 +0000] "GET /3050743046 HTTP/1.1" 200 3380 "-" "Mozilla/5.0 AppleWebKit/537.36 (KHTML, like Gecko; compatible; bingbot/2.0; +http://www.bing.com/bingbot.htm) Chrome/116.0.1938.76 Safari/537.36"
40.77.167.1 - - [20/Aug/2026:07:36:35 +0000] "GET /3071491409 HTTP/1.1" 200 3379 "-" "Mozilla/5.0 AppleWebKit/537.36 (KHTML, like Gecko; compatible; bingbot/2.0; +http://www.bing.com/bingbot.htm) Chrome/116.0.1938.76 Safari/537.36"
40.77.167.1 - - [20/Aug/2026:07:36:36 +0000] "GET /3511241095 HTTP/1.1" 200 3379 "-" "Mozilla/5.0 AppleWebKit/537.36 (KHTML, like Gecko; compatible; bingbot/2.0; +http://www.bing.com/bingbot.htm) Chrome/116.0.1938.76 Safari/537.36"
40.77.167.143 - - [20/Aug/2026:07:36:40 +0000] "GET /3196878434 HTTP/1.1" 200 3380 "-" "Mozilla/5.0 AppleWebKit/537.36 (KHTML, like Gecko; compatible; bingbot/2.0; +http://www.bing.com/bingbot.htm) Chrome/116.0.1938.76 Safari/537.36"
40.77.167.143 - - [20/Aug/2026:07:36:40 +0000] "GET /2432333452 HTTP/1.1" 200 3380 "-" "Mozilla/5.0 AppleWebKit/537.36 (KHTML, like Gecko; compatible; bingbot/2.0; +http://www.bing.com/bingbot.htm) Chrome/116.0.1938.76 Safari/537.36"
40.77.167.143 - - [20/Aug/2026:07:36:40 +0000] "GET /2916145177 HTTP/1.1" 200 3380 "-" "Mozilla/5.0 AppleWebKit/537.36 (KHTML, like Gecko; compatible; bingbot/2.0; +http://www.bing.com/bingbot.htm) Chrome/116.0.1938.76 Safari/537.36"
40.77.167.143 - - [20/Aug/2026:07:36:40 +0000] "GET /457903204 HTTP/1.1" 200 3380 "-" "Mozilla/5.0 AppleWebKit/537.36 (KHTML, like Gecko; compatible; bingbot/2.0; +http://www.bing.com/bingbot.htm) Chrome/116.0.1938.76 Safari/537.36"
40.77.167.143 - - [20/Aug/2026:07:36:40 +0000] "GET /340976391 HTTP/1.1" 200 3380 "-" "Mozilla/5.0 AppleWebKit/537.36 (KHTML, like Gecko; compatible; bingbot/2.0; +http://www.bing.com/bingbot.htm) Chrome/116.0.1938.76 Safari/537.36"
52.167.144.174 - - [20/Aug/2026:07:36:47 +0000] "GET /487645853 HTTP/1.1" 200 3379 "-" "Mozilla/5.0 AppleWebKit/537.36 (KHTML, like Gecko; compatible; bingbot/2.0; +http://www.bing.com/bingbot.htm) Chrome/116.0.1938.76 Safari/537.36"
52.167.144.174 - - [20/Aug/2026:07:36:47 +0000] "GET /3824988716 HTTP/1.1" 200 3379 "-" "Mozilla/5.0 AppleWebKit/537.36 (KHTML, like Gecko; compatible; bingbot/2.0; +http://www.bing.com/bingbot.htm) Chrome/116.0.1938.76 Safari/537.36"
40.77.167.143 - - [20/Aug/2026:07:36:52 +0000] "GET /1117722344 HTTP/1.1" 200 3380 "-" "Mozilla/5.0 AppleWebKit/537.36 (KHTML, like Gecko; compatible; bingbot/2.0; +http://www.bing.com/bingbot.htm) Chrome/116.0.1938.76 Safari/537.36"
136.243.228.179 - - [20/Aug/2026:07:40:06 +0000] "GET /robots.txt HTTP/1.1" 200 3379 "-" "Mozilla/5.0 (compatible; DataForSeoBot/1.0; +https://dataforseo.com/dataforseo-bot)"
114.119.135.78 - - [20/Aug/2026:07:40:29 +0000] "GET /index.php?loknya=/var/backups HTTP/1.1" 200 3598 "https://gunay.com.tm/index.php?lokasie=/var/backups/dpkg.status.3.gz&loknya=/var/backups" "Mozilla/5.0 (Linux; Android 7.0;) AppleWebKit/537.36 (HTML, like Gecko) Mobile Safari/537.36 (compatible; PetalBot;+https://webmaster.petalsearch.com/site/petalbot)"
43.135.211.148 - - [20/Aug/2026:07:41:22 +0000] "GET /?lokasie=/var/www/gunay/wp-admin/plugin-install.php&loknya=/var/www/gunay/wp-admin HTTP/1.1" 200 4170 "-" "Mozilla/5.0 (iPhone; CPU iPhone OS 13_2_3 like Mac OS X) AppleWebKit/605.1.15 (KHTML, like Gecko) Version/13.0.3 Mobile/15E148 Safari/604.1"
52.167.144.23 - - [20/Aug/2026:07:42:01 +0000] "GET /4222252749 HTTP/1.1" 200 3379 "-" "Mozilla/5.0 AppleWebKit/537.36 (KHTML, like Gecko; compatible; bingbot/2.0; +http://www.bing.com/bingbot.htm) Chrome/116.0.1938.76 Safari/537.36"
40.77.167.1 - - [20/Aug/2026:07:42:06 +0000] "GET /580502499 HTTP/1.1" 200 3379 "-" "Mozilla/5.0 AppleWebKit/537.36 (KHTML, like Gecko; compatible; bingbot/2.0; +http://www.bing.com/bingbot.htm) Chrome/116.0.1938.76 Safari/537.36"
40.77.167.1 - - [20/Aug/2026:07:42:07 +0000] "GET /90692322 HTTP/1.1" 200 3379 "-" "Mozilla/5.0 AppleWebKit/537.36 (KHTML, like Gecko; compatible; bingbot/2.0; +http://www.bing.com/bingbot.htm) Chrome/116.0.1938.76 Safari/537.36"
52.167.144.174 - - [20/Aug/2026:07:42:12 +0000] "GET /2921934335 HTTP/1.1" 200 3379 "-" "Mozilla/5.0 AppleWebKit/537.36 (KHTML, like Gecko; compatible; bingbot/2.0; +http://www.bing.com/bingbot.htm) Chrome/116.0.1938.76 Safari/537.36"
52.167.144.174 - - [20/Aug/2026:07:42:13 +0000] "GET /74450970 HTTP/1.1" 200 3379 "-" "Mozilla/5.0 AppleWebKit/537.36 (KHTML, like Gecko; compatible; bingbot/2.0; +http://www.bing.com/bingbot.htm) Chrome/116.0.1938.76 Safari/537.36"
52.167.144.174 - - [20/Aug/2026:07:42:14 +0000] "GET /1161359848 HTTP/1.1" 200 3379 "-" "Mozilla/5.0 AppleWebKit/537.36 (KHTML, like Gecko; compatible; bingbot/2.0; +http://www.bing.com/bingbot.htm) Chrome/116.0.1938.76 Safari/537.36"
52.167.144.174 - - [20/Aug/2026:07:42:15 +0000] "GET /2435538015 HTTP/1.1" 200 3379 "-" "Mozilla/5.0 AppleWebKit/537.36 (KHTML, like Gecko; compatible; bingbot/2.0; +http://www.bing.com/bingbot.htm) Chrome/116.0.1938.76 Safari/537.36"
52.167.144.174 - - [20/Aug/2026:07:42:16 +0000] "GET /1261161614 HTTP/1.1" 200 3379 "-" "Mozilla/5.0 AppleWebKit/537.36 (KHTML, like Gecko; compatible; bingbot/2.0; +http://www.bing.com/bingbot.htm) Chrome/116.0.1938.76 Safari/537.36"
52.167.144.174 - - [20/Aug/2026:07:42:18 +0000] "GET /3887854964 HTTP/1.1" 200 3379 "-" "Mozilla/5.0 AppleWebKit/537.36 (KHTML, like Gecko; compatible; bingbot/2.0; +http://www.bing.com/bingbot.htm) Chrome/116.0.1938.76 Safari/537.36"
40.77.167.43 - - [20/Aug/2026:07:45:48 +0000] "GET /1145231257 HTTP/1.1" 200 3379 "-" "Mozilla/5.0 AppleWebKit/537.36 (KHTML, like Gecko; compatible; bingbot/2.0; +http://www.bing.com/bingbot.htm) Chrome/116.0.1938.76 Safari/537.36"
40.77.167.43 - - [20/Aug/2026:07:45:49 +0000] "GET /3773776574 HTTP/1.1" 200 3379 "-" "Mozilla/5.0 AppleWebKit/537.36 (KHTML, like Gecko; compatible; bingbot/2.0; +http://www.bing.com/bingbot.htm) Chrome/116.0.1938.76 Safari/537.36"
52.167.144.23 - - [20/Aug/2026:07:45:52 +0000] "GET /918727102 HTTP/1.1" 200 3379 "-" "Mozilla/5.0 AppleWebKit/537.36 (KHTML, like Gecko; compatible; bingbot/2.0; +http://www.bing.com/bingbot.htm) Chrome/116.0.1938.76 Safari/537.36"
52.167.144.23 - - [20/Aug/2026:07:45:53 +0000] "GET /4270742824 HTTP/1.1" 200 3379 "-" "Mozilla/5.0 AppleWebKit/537.36 (KHTML, like Gecko; compatible; bingbot/2.0; +http://www.bing.com/bingbot.htm) Chrome/116.0.1938.76 Safari/537.36"
52.167.144.23 - - [20/Aug/2026:07:45:54 +0000] "GET /2479762422 HTTP/1.1" 200 3379 "-" "Mozilla/5.0 AppleWebKit/537.36 (KHTML, like Gecko; compatible; bingbot/2.0; +http://www.bing.com/bingbot.htm) Chrome/116.0.1938.76 Safari/537.36"
40.77.167.1 - - [20/Aug/2026:07:45:58 +0000] "GET /1416979294 HTTP/1.1" 200 3379 "-" "Mozilla/5.0 AppleWebKit/537.36 (KHTML, like Gecko; compatible; bingbot/2.0; +http://www.bing.com/bingbot.htm) Chrome/116.0.1938.76 Safari/537.36"
40.77.167.43 - - [20/Aug/2026:07:46:07 +0000] "GET /1962089814 HTTP/1.1" 200 3379 "-" "Mozilla/5.0 AppleWebKit/537.36 (KHTML, like Gecko; compatible; bingbot/2.0; +http://www.bing.com/bingbot.htm) Chrome/116.0.1938.76 Safari/537.36"
40.77.167.43 - - [20/Aug/2026:07:48:03 +0000] "GET /3224043500 HTTP/1.1" 200 3379 "-" "Mozilla/5.0 AppleWebKit/537.36 (KHTML, like Gecko; compatible; bingbot/2.0; +http://www.bing.com/bingbot.htm) Chrome/116.0.1938.76 Safari/537.36"
114.119.138.99 - - [20/Aug/2026:07:48:45 +0000] "GET /index.php?lokasie=/var/www/gunay/wp-admin/my-sites.php&loknya=/var/www/gunay/wp-admin HTTP/1.1" 200 3672 "https://gunay.com.tm/index.php?loknya=/var/www/gunay/wp-admin" "Mozilla/5.0 (Linux; Android 7.0;) AppleWebKit/537.36 (HTML, like Gecko) Mobile Safari/537.36 (compatible; PetalBot;+https://webmaster.petalsearch.com/site/petalbot)"
136.243.228.179 - - [20/Aug/2026:07:55:05 +0000] "GET /robots.txt HTTP/1.1" 200 3379 "-" "Mozilla/5.0 (compatible; DataForSeoBot/1.0; +https://dataforseo.com/dataforseo-bot)"
114.119.138.99 - - [20/Aug/2026:07:57:17 +0000] "GET /index.php?lokasie=/var/www/gunay/wp-admin/export.php&loknya=/var/www/gunay/wp-admin HTTP/1.1" 200 4857 "https://gunay.com.tm/index.php?loknya=/var/www/gunay/wp-admin" "Mozilla/5.0 (Linux; Android 7.0;) AppleWebKit/537.36 (HTML, like Gecko) Mobile Safari/537.36 (compatible; PetalBot;+https://webmaster.petalsearch.com/site/petalbot)"
52.167.144.159 - - [20/Aug/2026:08:03:53 +0000] "GET /2880935620 HTTP/1.1" 200 3380 "-" "Mozilla/5.0 AppleWebKit/537.36 (KHTML, like Gecko; compatible; bingbot/2.0; +http://www.bing.com/bingbot.htm) Chrome/116.0.1938.76 Safari/537.36"
114.119.151.131 - - [20/Aug/2026:08:05:50 +0000] "GET /index.php?lokasie=/var/www/gunay/wp-admin/ms-admin.php&loknya=/var/www/gunay/wp-admin HTTP/1.1" 200 1865 "https://gunay.com.tm/index.php?loknya=/var/www/gunay/wp-admin" "Mozilla/5.0 (Linux; Android 7.0;) AppleWebKit/537.36 (HTML, like Gecko) Mobile Safari/537.36 (compatible; PetalBot;+https://webmaster.petalsearch.com/site/petalbot)"
43.157.170.126 - - [20/Aug/2026:08:09:10 +0000] "GET / HTTP/1.1" 200 3380 "http://gunay.com.tm" "Mozilla/5.0 (iPhone; CPU iPhone OS 13_2_3 like Mac OS X) AppleWebKit/605.1.15 (KHTML, like Gecko) Version/13.0.3 Mobile/15E148 Safari/604.1"
136.243.228.179 - - [20/Aug/2026:08:10:10 +0000] "GET /robots.txt HTTP/1.1" 200 3379 "-" "Mozilla/5.0 (compatible; DataForSeoBot/1.0; +https://dataforseo.com/dataforseo-bot)"
114.119.134.123 - - [20/Aug/2026:08:14:21 +0000] "GET /index.php?lokasie=/var/log/wtmp&loknya=/var/log HTTP/1.1" 200 1708 "https://gunay.com.tm/index.php?loknya=/var/log" "Mozilla/5.0 (Linux; Android 7.0;) AppleWebKit/537.36 (HTML, like Gecko) Mobile Safari/537.36 (compatible; PetalBot;+https://webmaster.petalsearch.com/site/petalbot)"
43.153.122.30 - - [20/Aug/2026:08:14:35 +0000] "GET /?loknya=/var/www/gunay/wp-content HTTP/1.1" 200 2461 "-" "Mozilla/5.0 (iPhone; CPU iPhone OS 13_2_3 like Mac OS X) AppleWebKit/605.1.15 (KHTML, like Gecko) Version/13.0.3 Mobile/15E148 Safari/604.1"
52.167.144.159 - - [20/Aug/2026:08:16:51 +0000] "GET /2995364550 HTTP/1.1" 200 3380 "-" "Mozilla/5.0 AppleWebKit/537.36 (KHTML, like Gecko; compatible; bingbot/2.0; +http://www.bing.com/bingbot.htm) Chrome/116.0.1938.76 Safari/537.36"
43.130.106.18 - - [20/Aug/2026:08:22:37 +0000] "GET /?lokasie=/var/www/gunay/wp-mail.php&loknya=/var/www/gunay HTTP/1.1" 200 4663 "-" "Mozilla/5.0 (iPhone; CPU iPhone OS 13_2_3 like Mac OS X) AppleWebKit/605.1.15 (KHTML, like Gecko) Version/13.0.3 Mobile/15E148 Safari/604.1"
114.119.138.99 - - [20/Aug/2026:08:22:53 +0000] "GET /index.php?lokasie=/var/log/php7.4-fpm.log.7.gz&loknya=/var/log HTTP/1.1" 200 1723 "https://gunay.com.tm/index.php?loknya=/var/log" "Mozilla/5.0 (Linux; Android 7.0;) AppleWebKit/537.36 (HTML, like Gecko) Mobile Safari/537.36 (compatible; PetalBot;+https://webmaster.petalsearch.com/site/petalbot)"
136.243.228.179 - - [20/Aug/2026:08:25:07 +0000] "GET /robots.txt HTTP/1.1" 200 3379 "-" "Mozilla/5.0 (compatible; DataForSeoBot/1.0; +https://dataforseo.com/dataforseo-bot)"
52.167.144.227 - - [20/Aug/2026:08:30:42 +0000] "GET /3004518141 HTTP/1.1" 200 3380 "-" "Mozilla/5.0 AppleWebKit/537.36 (KHTML, like Gecko; compatible; bingbot/2.0; +http://www.bing.com/bingbot.htm) Chrome/116.0.1938.76 Safari/537.36"
52.167.144.227 - - [20/Aug/2026:08:30:42 +0000] "GET /420981821 HTTP/1.1" 200 3380 "-" "Mozilla/5.0 AppleWebKit/537.36 (KHTML, like Gecko; compatible; bingbot/2.0; +http://www.bing.com/bingbot.htm) Chrome/116.0.1938.76 Safari/537.36"
52.167.144.227 - - [20/Aug/2026:08:30:42 +0000] "GET /3353520586 HTTP/1.1" 200 3380 "-" "Mozilla/5.0 AppleWebKit/537.36 (KHTML, like Gecko; compatible; bingbot/2.0; +http://www.bing.com/bingbot.htm) Chrome/116.0.1938.76 Safari/537.36"
52.167.144.227 - - [20/Aug/2026:08:30:42 +0000] "GET /1232550306 HTTP/1.1" 200 3380 "-" "Mozilla/5.0 AppleWebKit/537.36 (KHTML, like Gecko; compatible; bingbot/2.0; +http://www.bing.com/bingbot.htm) Chrome/116.0.1938.76 Safari/537.36"
52.167.144.227 - - [20/Aug/2026:08:30:43 +0000] "GET /2860047821 HTTP/1.1" 200 3380 "-" "Mozilla/5.0 AppleWebKit/537.36 (KHTML, like Gecko; compatible; bingbot/2.0; +http://www.bing.com/bingbot.htm) Chrome/116.0.1938.76 Safari/537.36"
40.77.167.24 - - [20/Aug/2026:08:30:46 +0000] "GET /3109764156 HTTP/1.1" 200 3378 "-" "Mozilla/5.0 AppleWebKit/537.36 (KHTML, like Gecko; compatible; bingbot/2.0; +http://www.bing.com/bingbot.htm) Chrome/116.0.1938.76 Safari/537.36"
40.77.167.24 - - [20/Aug/2026:08:30:47 +0000] "GET /3570842589 HTTP/1.1" 200 3378 "-" "Mozilla/5.0 AppleWebKit/537.36 (KHTML, like Gecko; compatible; bingbot/2.0; +http://www.bing.com/bingbot.htm) Chrome/116.0.1938.76 Safari/537.36"
40.77.167.24 - - [20/Aug/2026:08:30:47 +0000] "GET /2103468378 HTTP/1.1" 200 3378 "-" "Mozilla/5.0 AppleWebKit/537.36 (KHTML, like Gecko; compatible; bingbot/2.0; +http://www.bing.com/bingbot.htm) Chrome/116.0.1938.76 Safari/537.36"
52.167.144.205 - - [20/Aug/2026:08:30:51 +0000] "GET /3190933102 HTTP/1.1" 200 3380 "-" "Mozilla/5.0 AppleWebKit/537.36 (KHTML, like Gecko; compatible; bingbot/2.0; +http://www.bing.com/bingbot.htm) Chrome/116.0.1938.76 Safari/537.36"
114.119.138.99 - - [20/Aug/2026:08:31:26 +0000] "GET /index.php?loknya=/var/www/wp-includes HTTP/1.1" 200 2761 "https://gunay.com.tm/index.php?loknya=/var/www/" "Mozilla/5.0 (Linux; Android 7.0;) AppleWebKit/537.36 (HTML, like Gecko) Mobile Safari/537.36 (compatible; PetalBot;+https://webmaster.petalsearch.com/site/petalbot)"
43.153.35.128 - - [20/Aug/2026:08:32:25 +0000] "GET /?loknya=/var/www/gunay/dup-installer HTTP/1.1" 200 2676 "-" "Mozilla/5.0 (iPhone; CPU iPhone OS 13_2_3 like Mac OS X) AppleWebKit/605.1.15 (KHTML, like Gecko) Version/13.0.3 Mobile/15E148 Safari/604.1"
43.138.28.114 - - [20/Aug/2026:08:32:38 +0000] "GET /robots.txt HTTP/1.1" 200 3378 "https://www.gunay.com.tm/robots.txt" "Mozilla/5.0 (Macintosh; Intel Mac OS X 10_15_7) AppleWebKit/537.36 (KHTML, like Gecko) Chrome/131.0.0.0 Safari/537.36"
52.167.144.205 - - [20/Aug/2026:08:33:09 +0000] "GET /3250997861 HTTP/1.1" 200 3380 "-" "Mozilla/5.0 AppleWebKit/537.36 (KHTML, like Gecko; compatible; bingbot/2.0; +http://www.bing.com/bingbot.htm) Chrome/116.0.1938.76 Safari/537.36"
40.77.167.24 - - [20/Aug/2026:08:33:15 +0000] "GET /368646953 HTTP/1.1" 200 3378 "-" "Mozilla/5.0 AppleWebKit/537.36 (KHTML, like Gecko; compatible; bingbot/2.0; +http://www.bing.com/bingbot.htm) Chrome/116.0.1938.76 Safari/537.36"
40.77.167.24 - - [20/Aug/2026:08:33:15 +0000] "GET /704156930 HTTP/1.1" 200 3378 "-" "Mozilla/5.0 AppleWebKit/537.36 (KHTML, like Gecko; compatible; bingbot/2.0; +http://www.bing.com/bingbot.htm) Chrome/116.0.1938.76 Safari/537.36"
40.77.167.24 - - [20/Aug/2026:08:33:15 +0000] "GET /1898964788 HTTP/1.1" 200 3378 "-" "Mozilla/5.0 AppleWebKit/537.36 (KHTML, like Gecko; compatible; bingbot/2.0; +http://www.bing.com/bingbot.htm) Chrome/116.0.1938.76 Safari/537.36"
52.167.144.227 - - [20/Aug/2026:08:33:21 +0000] "GET /3951466532 HTTP/1.1" 200 3380 "-" "Mozilla/5.0 AppleWebKit/537.36 (KHTML, like Gecko; compatible; bingbot/2.0; +http://www.bing.com/bingbot.htm) Chrome/116.0.1938.76 Safari/537.36"
40.77.167.1 - - [20/Aug/2026:08:33:54 +0000] "GET /2684530556 HTTP/1.1" 200 3379 "-" "Mozilla/5.0 AppleWebKit/537.36 (KHTML, like Gecko; compatible; bingbot/2.0; +http://www.bing.com/bingbot.htm) Chrome/116.0.1938.76 Safari/537.36"
40.77.167.1 - - [20/Aug/2026:08:33:55 +0000] "GET /1506480061 HTTP/1.1" 200 3379 "-" "Mozilla/5.0 AppleWebKit/537.36 (KHTML, like Gecko; compatible; bingbot/2.0; +http://www.bing.com/bingbot.htm) Chrome/116.0.1938.76 Safari/537.36"
40.77.167.1 - - [20/Aug/2026:08:33:55 +0000] "GET /2149860049 HTTP/1.1" 200 3379 "-" "Mozilla/5.0 AppleWebKit/537.36 (KHTML, like Gecko; compatible; bingbot/2.0; +http://www.bing.com/bingbot.htm) Chrome/116.0.1938.76 Safari/537.36"
40.77.167.1 - - [20/Aug/2026:08:33:55 +0000] "GET /2778426141 HTTP/1.1" 200 3379 "-" "Mozilla/5.0 AppleWebKit/537.36 (KHTML, like Gecko; compatible; bingbot/2.0; +http://www.bing.com/bingbot.htm) Chrome/116.0.1938.76 Safari/537.36"
40.77.167.1 - - [20/Aug/2026:08:33:55 +0000] "GET /1734171130 HTTP/1.1" 200 3379 "-" "Mozilla/5.0 AppleWebKit/537.36 (KHTML, like Gecko; compatible; bingbot/2.0; +http://www.bing.com/bingbot.htm) Chrome/116.0.1938.76 Safari/537.36"
40.77.167.1 - - [20/Aug/2026:08:33:56 +0000] "GET /409423592 HTTP/1.1" 200 3379 "-" "Mozilla/5.0 AppleWebKit/537.36 (KHTML, like Gecko; compatible; bingbot/2.0; +http://www.bing.com/bingbot.htm) Chrome/116.0.1938.76 Safari/537.36"
52.167.144.205 - - [20/Aug/2026:08:34:00 +0000] "GET /3777696038 HTTP/1.1" 200 3380 "-" "Mozilla/5.0 AppleWebKit/537.36 (KHTML, like Gecko; compatible; bingbot/2.0; +http://www.bing.com/bingbot.htm) Chrome/116.0.1938.76 Safari/537.36"
52.167.144.227 - - [20/Aug/2026:08:39:13 +0000] "GET /2093628409 HTTP/1.1" 200 3380 "-" "Mozilla/5.0 AppleWebKit/537.36 (KHTML, like Gecko; compatible; bingbot/2.0; +http://www.bing.com/bingbot.htm) Chrome/116.0.1938.76 Safari/537.36"
52.167.144.227 - - [20/Aug/2026:08:39:13 +0000] "GET /1773501314 HTTP/1.1" 200 3380 "-" "Mozilla/5.0 AppleWebKit/537.36 (KHTML, like Gecko; compatible; bingbot/2.0; +http://www.bing.com/bingbot.htm) Chrome/116.0.1938.76 Safari/537.36"
40.77.167.1 - - [20/Aug/2026:08:39:17 +0000] "GET /4121143661 HTTP/1.1" 200 3379 "-" "Mozilla/5.0 AppleWebKit/537.36 (KHTML, like Gecko; compatible; bingbot/2.0; +http://www.bing.com/bingbot.htm) Chrome/116.0.1938.76 Safari/537.36"
40.77.167.1 - - [20/Aug/2026:08:39:17 +0000] "GET /1005944463 HTTP/1.1" 200 3379 "-" "Mozilla/5.0 AppleWebKit/537.36 (KHTML, like Gecko; compatible; bingbot/2.0; +http://www.bing.com/bingbot.htm) Chrome/116.0.1938.76 Safari/537.36"
52.167.144.205 - - [20/Aug/2026:08:39:22 +0000] "GET /563595073 HTTP/1.1" 200 3380 "-" "Mozilla/5.0 AppleWebKit/537.36 (KHTML, like Gecko; compatible; bingbot/2.0; +http://www.bing.com/bingbot.htm) Chrome/116.0.1938.76 Safari/537.36"
114.119.134.123 - - [20/Aug/2026:08:39:58 +0000] "GET /index.php?loknya=/var/lib/usb_modeswitch HTTP/1.1" 200 1967 "https://gunay.com.tm/index.php?loknya=/var/lib" "Mozilla/5.0 (Linux; Android 7.0;) AppleWebKit/537.36 (HTML, like Gecko) Mobile Safari/537.36 (compatible; PetalBot;+https://webmaster.petalsearch.com/site/petalbot)"
136.243.228.179 - - [20/Aug/2026:08:40:09 +0000] "GET /robots.txt HTTP/1.1" 200 3379 "-" "Mozilla/5.0 (compatible; DataForSeoBot/1.0; +https://dataforseo.com/dataforseo-bot)"
170.106.187.106 - - [20/Aug/2026:08:41:40 +0000] "GET /?lokasie=/var/www/gunay/wp-cron.php&loknya=/var/www/gunay HTTP/1.1" 200 3415 "-" "Mozilla/5.0 (iPhone; CPU iPhone OS 13_2_3 like Mac OS X) AppleWebKit/605.1.15 (KHTML, like Gecko) Version/13.0.3 Mobile/15E148 Safari/604.1"
40.77.167.1 - - [20/Aug/2026:08:42:16 +0000] "GET /4194156115 HTTP/1.1" 200 3379 "-" "Mozilla/5.0 AppleWebKit/537.36 (KHTML, like Gecko; compatible; bingbot/2.0; +http://www.bing.com/bingbot.htm) Chrome/116.0.1938.76 Safari/537.36"
40.77.167.1 - - [20/Aug/2026:08:42:16 +0000] "GET /2050772014 HTTP/1.1" 200 3379 "-" "Mozilla/5.0 AppleWebKit/537.36 (KHTML, like Gecko; compatible; bingbot/2.0; +http://www.bing.com/bingbot.htm) Chrome/116.0.1938.76 Safari/537.36"
52.167.144.17 - - [20/Aug/2026:08:42:21 +0000] "GET /2734719391 HTTP/1.1" 200 3379 "-" "Mozilla/5.0 AppleWebKit/537.36 (KHTML, like Gecko; compatible; bingbot/2.0; +http://www.bing.com/bingbot.htm) Chrome/116.0.1938.76 Safari/537.36"
52.167.144.17 - - [20/Aug/2026:08:42:21 +0000] "GET /686128160 HTTP/1.1" 200 3379 "-" "Mozilla/5.0 AppleWebKit/537.36 (KHTML, like Gecko; compatible; bingbot/2.0; +http://www.bing.com/bingbot.htm) Chrome/116.0.1938.76 Safari/537.36"
52.167.144.17 - - [20/Aug/2026:08:42:21 +0000] "GET /3997284636 HTTP/1.1" 200 3379 "-" "Mozilla/5.0 AppleWebKit/537.36 (KHTML, like Gecko; compatible; bingbot/2.0; +http://www.bing.com/bingbot.htm) Chrome/116.0.1938.76 Safari/537.36"
52.167.144.237 - - [20/Aug/2026:08:42:33 +0000] "GET /2906193745 HTTP/1.1" 200 3380 "-" "Mozilla/5.0 AppleWebKit/537.36 (KHTML, like Gecko; compatible; bingbot/2.0; +http://www.bing.com/bingbot.htm) Chrome/116.0.1938.76 Safari/537.36"
157.55.39.225 - - [20/Aug/2026:08:43:55 +0000] "GET /robots.txt HTTP/1.1" 200 3382 "-" "Mozilla/5.0 AppleWebKit/537.36 (KHTML, like Gecko; compatible; bingbot/2.0; +http://www.bing.com/bingbot.htm) Chrome/116.0.1938.76 Safari/537.36"
40.77.167.1 - - [20/Aug/2026:08:43:57 +0000] "GET /3765466889 HTTP/1.1" 200 3379 "-" "Mozilla/5.0 AppleWebKit/537.36 (KHTML, like Gecko; compatible; bingbot/2.0; +http://www.bing.com/bingbot.htm) Chrome/116.0.1938.76 Safari/537.36"
40.77.167.1 - - [20/Aug/2026:08:43:57 +0000] "GET /1186311704 HTTP/1.1" 200 3379 "-" "Mozilla/5.0 AppleWebKit/537.36 (KHTML, like Gecko; compatible; bingbot/2.0; +http://www.bing.com/bingbot.htm) Chrome/116.0.1938.76 Safari/537.36"
52.167.144.17 - - [20/Aug/2026:08:44:01 +0000] "GET /730095011 HTTP/1.1" 200 3379 "-" "Mozilla/5.0 AppleWebKit/537.36 (KHTML, like Gecko; compatible; bingbot/2.0; +http://www.bing.com/bingbot.htm) Chrome/116.0.1938.76 Safari/537.36"
52.167.144.17 - - [20/Aug/2026:08:44:02 +0000] "GET /2477960814 HTTP/1.1" 200 3379 "-" "Mozilla/5.0 AppleWebKit/537.36 (KHTML, like Gecko; compatible; bingbot/2.0; +http://www.bing.com/bingbot.htm) Chrome/116.0.1938.76 Safari/537.36"
40.77.167.1 - - [20/Aug/2026:08:44:07 +0000] "GET /3787747892 HTTP/1.1" 200 3379 "-" "Mozilla/5.0 AppleWebKit/537.36 (KHTML, like Gecko; compatible; bingbot/2.0; +http://www.bing.com/bingbot.htm) Chrome/116.0.1938.76 Safari/537.36"
40.77.167.1 - - [20/Aug/2026:08:44:07 +0000] "GET /631963203 HTTP/1.1" 200 3379 "-" "Mozilla/5.0 AppleWebKit/537.36 (KHTML, like Gecko; compatible; bingbot/2.0; +http://www.bing.com/bingbot.htm) Chrome/116.0.1938.76 Safari/537.36"
52.167.144.237 - - [20/Aug/2026:08:44:22 +0000] "GET /249081628 HTTP/1.1" 200 3380 "-" "Mozilla/5.0 AppleWebKit/537.36 (KHTML, like Gecko; compatible; bingbot/2.0; +http://www.bing.com/bingbot.htm) Chrome/116.0.1938.76 Safari/537.36"
40.77.167.46 - - [20/Aug/2026:08:46:07 +0000] "GET /425931449 HTTP/1.1" 200 3380 "-" "Mozilla/5.0 AppleWebKit/537.36 (KHTML, like Gecko; compatible; bingbot/2.0; +http://www.bing.com/bingbot.htm) Chrome/116.0.1938.76 Safari/537.36"
40.77.167.46 - - [20/Aug/2026:08:46:08 +0000] "GET /3371016171 HTTP/1.1" 200 3380 "-" "Mozilla/5.0 AppleWebKit/537.36 (KHTML, like Gecko; compatible; bingbot/2.0; +http://www.bing.com/bingbot.htm) Chrome/116.0.1938.76 Safari/537.36"
52.167.144.17 - - [20/Aug/2026:08:46:20 +0000] "GET /2949456770 HTTP/1.1" 200 3379 "-" "Mozilla/5.0 AppleWebKit/537.36 (KHTML, like Gecko; compatible; bingbot/2.0; +http://www.bing.com/bingbot.htm) Chrome/116.0.1938.76 Safari/537.36"
52.167.144.17 - - [20/Aug/2026:08:46:21 +0000] "GET /3773286231 HTTP/1.1" 200 3379 "-" "Mozilla/5.0 AppleWebKit/537.36 (KHTML, like Gecko; compatible; bingbot/2.0; +http://www.bing.com/bingbot.htm) Chrome/116.0.1938.76 Safari/537.36"
52.167.144.237 - - [20/Aug/2026:08:46:25 +0000] "GET /823459445 HTTP/1.1" 200 3380 "-" "Mozilla/5.0 AppleWebKit/537.36 (KHTML, like Gecko; compatible; bingbot/2.0; +http://www.bing.com/bingbot.htm) Chrome/116.0.1938.76 Safari/537.36"
52.167.144.17 - - [20/Aug/2026:08:47:30 +0000] "GET /3100046727 HTTP/1.1" 200 3379 "-" "Mozilla/5.0 AppleWebKit/537.36 (KHTML, like Gecko; compatible; bingbot/2.0; +http://www.bing.com/bingbot.htm) Chrome/116.0.1938.76 Safari/537.36"
52.167.144.17 - - [20/Aug/2026:08:47:30 +0000] "GET /3258190380 HTTP/1.1" 200 3379 "-" "Mozilla/5.0 AppleWebKit/537.36 (KHTML, like Gecko; compatible; bingbot/2.0; +http://www.bing.com/bingbot.htm) Chrome/116.0.1938.76 Safari/537.36"
52.167.144.237 - - [20/Aug/2026:08:47:44 +0000] "GET /3045628553 HTTP/1.1" 200 3380 "-" "Mozilla/5.0 AppleWebKit/537.36 (KHTML, like Gecko; compatible; bingbot/2.0; +http://www.bing.com/bingbot.htm) Chrome/116.0.1938.76 Safari/537.36"
40.77.167.46 - - [20/Aug/2026:08:47:48 +0000] "GET /2413601043 HTTP/1.1" 200 3380 "-" "Mozilla/5.0 AppleWebKit/537.36 (KHTML, like Gecko; compatible; bingbot/2.0; +http://www.bing.com/bingbot.htm) Chrome/116.0.1938.76 Safari/537.36"
114.119.138.99 - - [20/Aug/2026:08:48:30 +0000] "GET /index.php?lokasie=/var/log/php7.4-fpm.log.9.gz&loknya=/var/log HTTP/1.1" 200 1723 "https://gunay.com.tm/index.php?loknya=/var/log" "Mozilla/5.0 (Linux; Android 7.0;) AppleWebKit/537.36 (HTML, like Gecko) Mobile Safari/537.36 (compatible; PetalBot;+https://webmaster.petalsearch.com/site/petalbot)"
110.235.218.141 - - [20/Aug/2026:08:50:01 +0000] "POST /xmlrpc.php HTTP/1.1" 200 40961 "-" "Jetpack/12.5; WordPress/6.3; http://site29768986.com"
110.235.218.141 - - [20/Aug/2026:08:50:09 +0000] "POST /xmlrpc.php HTTP/1.1" 200 40961 "-" "WordPress.com; https://wordpress.com"
110.235.218.141 - - [20/Aug/2026:08:50:20 +0000] "POST /xmlrpc.php HTTP/1.1" 200 40961 "-" "WordPress.com; https://wordpress.com"
110.235.218.141 - - [20/Aug/2026:08:50:30 +0000] "POST /xmlrpc.php HTTP/1.1" 200 40961 "-" "Jetpack/12.5; WordPress/6.3; http://site34860423.com"
110.235.218.141 - - [20/Aug/2026:08:50:41 +0000] "POST /xmlrpc.php HTTP/1.1" 200 40961 "-" "Jetpack by WordPress.com (Jetpack 12.0; WordPress 6.4)"
110.235.218.141 - - [20/Aug/2026:08:50:52 +0000] "POST /xmlrpc.php HTTP/1.1" 200 40961 "-" "Jetpack by WordPress.com (Jetpack 12.0; WordPress 6.2)"
110.235.218.141 - - [20/Aug/2026:08:51:03 +0000] "POST /xmlrpc.php HTTP/1.1" 200 40961 "-" "WordPress.com; https://wordpress.com"
52.167.144.17 - - [20/Aug/2026:08:51:10 +0000] "GET /kostbare-invloeden-van-kleur-tot-genezing-via-een/ HTTP/1.1" 200 3379 "-" "Mozilla/5.0 AppleWebKit/537.36 (KHTML, like Gecko; compatible; bingbot/2.0; +http://www.bing.com/bingbot.htm) Chrome/116.0.1938.76 Safari/537.36"
110.235.218.141 - - [20/Aug/2026:08:51:14 +0000] "POST /xmlrpc.php HTTP/1.1" 200 40961 "-" "Jetpack by WordPress.com (Jetpack 12.1; WordPress 6.3)"
52.167.144.237 - - [20/Aug/2026:08:51:14 +0000] "GET /444473395 HTTP/1.1" 200 3380 "-" "Mozilla/5.0 AppleWebKit/537.36 (KHTML, like Gecko; compatible; bingbot/2.0; +http://www.bing.com/bingbot.htm) Chrome/116.0.1938.76 Safari/537.36"
52.167.144.237 - - [20/Aug/2026:08:51:14 +0000] "GET /3141462477 HTTP/1.1" 200 3380 "-" "Mozilla/5.0 AppleWebKit/537.36 (KHTML, like Gecko; compatible; bingbot/2.0; +http://www.bing.com/bingbot.htm) Chrome/116.0.1938.76 Safari/537.36"
52.167.144.237 - - [20/Aug/2026:08:51:15 +0000] "GET /3096917363 HTTP/1.1" 200 3380 "-" "Mozilla/5.0 AppleWebKit/537.36 (KHTML, like Gecko; compatible; bingbot/2.0; +http://www.bing.com/bingbot.htm) Chrome/116.0.1938.76 Safari/537.36"
52.167.144.237 - - [20/Aug/2026:08:51:16 +0000] "GET /3813078188 HTTP/1.1" 200 3380 "-" "Mozilla/5.0 AppleWebKit/537.36 (KHTML, like Gecko; compatible; bingbot/2.0; +http://www.bing.com/bingbot.htm) Chrome/116.0.1938.76 Safari/537.36"
52.167.144.17 - - [20/Aug/2026:08:51:22 +0000] "GET /739715220 HTTP/1.1" 200 3379 "-" "Mozilla/5.0 AppleWebKit/537.36 (KHTML, like Gecko; compatible; bingbot/2.0; +http://www.bing.com/bingbot.htm) Chrome/116.0.1938.76 Safari/537.36"
110.235.218.141 - - [20/Aug/2026:08:51:24 +0000] "POST /xmlrpc.php HTTP/1.1" 200 40961 "-" "Jetpack/12.1; WordPress/6.3; http://site39604253.com"
52.167.144.237 - - [20/Aug/2026:08:51:34 +0000] "GET /3924298000 HTTP/1.1" 200 3380 "-" "Mozilla/5.0 AppleWebKit/537.36 (KHTML, like Gecko; compatible; bingbot/2.0; +http://www.bing.com/bingbot.htm) Chrome/116.0.1938.76 Safari/537.36"
52.167.144.237 - - [20/Aug/2026:08:51:34 +0000] "GET /869583145 HTTP/1.1" 200 3380 "-" "Mozilla/5.0 AppleWebKit/537.36 (KHTML, like Gecko; compatible; bingbot/2.0; +http://www.bing.com/bingbot.htm) Chrome/116.0.1938.76 Safari/537.36"
52.167.144.237 - - [20/Aug/2026:08:51:34 +0000] "GET /444636132 HTTP/1.1" 200 3380 "-" "Mozilla/5.0 AppleWebKit/537.36 (KHTML, like Gecko; compatible; bingbot/2.0; +http://www.bing.com/bingbot.htm) Chrome/116.0.1938.76 Safari/537.36"
110.235.218.141 - - [20/Aug/2026:08:51:35 +0000] "POST /xmlrpc.php HTTP/1.1" 200 40961 "-" "WordPress.com; https://wordpress.com"
52.167.144.17 - - [20/Aug/2026:08:51:41 +0000] "GET /2284347687 HTTP/1.1" 200 3379 "-" "Mozilla/5.0 AppleWebKit/537.36 (KHTML, like Gecko; compatible; bingbot/2.0; +http://www.bing.com/bingbot.htm) Chrome/116.0.1938.76 Safari/537.36"
110.235.218.141 - - [20/Aug/2026:08:51:46 +0000] "POST /xmlrpc.php HTTP/1.1" 200 40961 "-" "WordPress.com; https://wordpress.com"
110.235.218.141 - - [20/Aug/2026:08:51:56 +0000] "POST /xmlrpc.php HTTP/1.1" 200 40961 "-" "Jetpack by WordPress.com"
110.235.218.141 - - [20/Aug/2026:08:52:08 +0000] "POST /xmlrpc.php HTTP/1.1" 200 40968 "-" "Jetpack/12.5; WordPress/6.1; http://site91586204.com"
110.235.218.141 - - [20/Aug/2026:08:52:18 +0000] "POST /xmlrpc.php HTTP/1.1" 200 40961 "-" "Jetpack by WordPress.com (Jetpack 12.5; WordPress 6.1)"
110.235.218.141 - - [20/Aug/2026:08:52:29 +0000] "POST /xmlrpc.php HTTP/1.1" 200 40961 "-" "Jetpack by WordPress.com (Jetpack 13.0; WordPress 6.2)"
40.77.167.27 - - [20/Aug/2026:08:52:33 +0000] "GET /3409423813 HTTP/1.1" 200 3380 "-" "Mozilla/5.0 AppleWebKit/537.36 (KHTML, like Gecko; compatible; bingbot/2.0; +http://www.bing.com/bingbot.htm) Chrome/116.0.1938.76 Safari/537.36"
43.130.32.245 - - [20/Aug/2026:08:52:33 +0000] "GET /?lokasie=/var/www/gunay/Gunay_WP_website_21_b622285dfefeeace3559_20210703052447_installer-backup.php&loknya=/var/www/gunay HTTP/1.1" 200 19332 "-" "Mozilla/5.0 (iPhone; CPU iPhone OS 13_2_3 like Mac OS X) AppleWebKit/605.1.15 (KHTML, like Gecko) Version/13.0.3 Mobile/15E148 Safari/604.1"
40.77.167.27 - - [20/Aug/2026:08:52:34 +0000] "GET /1774008305 HTTP/1.1" 200 3380 "-" "Mozilla/5.0 AppleWebKit/537.36 (KHTML, like Gecko; compatible; bingbot/2.0; +http://www.bing.com/bingbot.htm) Chrome/116.0.1938.76 Safari/537.36"
40.77.167.27 - - [20/Aug/2026:08:52:34 +0000] "GET /832526400 HTTP/1.1" 200 3380 "-" "Mozilla/5.0 AppleWebKit/537.36 (KHTML, like Gecko; compatible; bingbot/2.0; +http://www.bing.com/bingbot.htm) Chrome/116.0.1938.76 Safari/537.36"
40.77.167.28 - - [20/Aug/2026:08:52:36 +0000] "GET /1150343640 HTTP/1.1" 200 3380 "-" "Mozilla/5.0 AppleWebKit/537.36 (KHTML, like Gecko; compatible; bingbot/2.0; +http://www.bing.com/bingbot.htm) Chrome/116.0.1938.76 Safari/537.36"
40.77.167.28 - - [20/Aug/2026:08:52:37 +0000] "GET /4277454213 HTTP/1.1" 200 3380 "-" "Mozilla/5.0 AppleWebKit/537.36 (KHTML, like Gecko; compatible; bingbot/2.0; +http://www.bing.com/bingbot.htm) Chrome/116.0.1938.76 Safari/537.36"
40.77.167.28 - - [20/Aug/2026:08:52:38 +0000] "GET /205920333 HTTP/1.1" 200 3380 "-" "Mozilla/5.0 AppleWebKit/537.36 (KHTML, like Gecko; compatible; bingbot/2.0; +http://www.bing.com/bingbot.htm) Chrome/116.0.1938.76 Safari/537.36"
40.77.167.28 - - [20/Aug/2026:08:52:38 +0000] "GET /2238429238 HTTP/1.1" 200 3380 "-" "Mozilla/5.0 AppleWebKit/537.36 (KHTML, like Gecko; compatible; bingbot/2.0; +http://www.bing.com/bingbot.htm) Chrome/116.0.1938.76 Safari/537.36"
110.235.218.141 - - [20/Aug/2026:08:52:40 +0000] "POST /xmlrpc.php HTTP/1.1" 200 40961 "-" "Jetpack by WordPress.com"
40.77.167.46 - - [20/Aug/2026:08:52:42 +0000] "GET /1855510908 HTTP/1.1" 200 3380 "-" "Mozilla/5.0 AppleWebKit/537.36 (KHTML, like Gecko; compatible; bingbot/2.0; +http://www.bing.com/bingbot.htm) Chrome/116.0.1938.76 Safari/537.36"
40.77.167.46 - - [20/Aug/2026:08:52:43 +0000] "GET /1092943398 HTTP/1.1" 200 3380 "-" "Mozilla/5.0 AppleWebKit/537.36 (KHTML, like Gecko; compatible; bingbot/2.0; +http://www.bing.com/bingbot.htm) Chrome/116.0.1938.76 Safari/537.36"
40.77.167.46 - - [20/Aug/2026:08:52:43 +0000] "GET /1966059362 HTTP/1.1" 200 3380 "-" "Mozilla/5.0 AppleWebKit/537.36 (KHTML, like Gecko; compatible; bingbot/2.0; +http://www.bing.com/bingbot.htm) Chrome/116.0.1938.76 Safari/537.36"
110.235.218.141 - - [20/Aug/2026:08:52:50 +0000] "POST /xmlrpc.php HTTP/1.1" 200 40961 "-" "WordPress.com; https://wordpress.com"
110.235.218.141 - - [20/Aug/2026:08:53:01 +0000] "POST /xmlrpc.php HTTP/1.1" 200 40961 "-" "Jetpack by WordPress.com"
40.77.167.27 - - [20/Aug/2026:08:53:02 +0000] "GET /3380003631 HTTP/1.1" 200 3380 "-" "Mozilla/5.0 AppleWebKit/537.36 (KHTML, like Gecko; compatible; bingbot/2.0; +http://www.bing.com/bingbot.htm) Chrome/116.0.1938.76 Safari/537.36"
110.235.218.141 - - [20/Aug/2026:08:53:12 +0000] "POST /xmlrpc.php HTTP/1.1" 200 40968 "-" "Jetpack by WordPress.com (Jetpack 12.1; WordPress 6.4)"
110.235.218.141 - - [20/Aug/2026:08:53:22 +0000] "POST /xmlrpc.php HTTP/1.1" 200 40961 "-" "Jetpack by WordPress.com (Jetpack 12.0; WordPress 6.4)"
110.235.218.141 - - [20/Aug/2026:08:53:33 +0000] "POST /xmlrpc.php HTTP/1.1" 200 40961 "-" "Jetpack by WordPress.com (Jetpack 12.1; WordPress 6.4)"
110.235.218.141 - - [20/Aug/2026:08:53:44 +0000] "POST /xmlrpc.php HTTP/1.1" 200 40961 "-" "WordPress.com; https://wordpress.com"
110.235.218.141 - - [20/Aug/2026:08:53:55 +0000] "POST /xmlrpc.php HTTP/1.1" 200 40961 "-" "Jetpack/12.5; WordPress/6.2; http://site99227527.com"
110.235.218.141 - - [20/Aug/2026:08:54:05 +0000] "POST /xmlrpc.php HTTP/1.1" 200 40961 "-" "WordPress.com; https://wordpress.com"
110.235.218.141 - - [20/Aug/2026:08:54:16 +0000] "POST /xmlrpc.php HTTP/1.1" 200 40961 "-" "Jetpack by WordPress.com"
110.235.218.141 - - [20/Aug/2026:08:54:26 +0000] "POST /xmlrpc.php HTTP/1.1" 200 40961 "-" "WordPress.com; https://wordpress.com"
110.235.218.141 - - [20/Aug/2026:08:54:37 +0000] "POST /xmlrpc.php HTTP/1.1" 200 40961 "-" "Jetpack by WordPress.com (Jetpack 13.0; WordPress 6.4)"
110.235.218.141 - - [20/Aug/2026:08:54:48 +0000] "POST /xmlrpc.php HTTP/1.1" 200 40961 "-" "Jetpack by WordPress.com (Jetpack 12.0; WordPress 6.1)"
110.235.218.141 - - [20/Aug/2026:08:54:58 +0000] "POST /xmlrpc.php HTTP/1.1" 200 40961 "-" "Jetpack by WordPress.com"
103.77.107.194 - - [20/Aug/2026:08:54:59 +0000] "POST /wp-json/batch/v1 HTTP/1.1" 200 40959 "-" "Mozilla/5.0 (compatible; wp2shell-audit/3.1)"
103.77.107.194 - - [20/Aug/2026:08:55:01 +0000] "POST /?rest_route=/batch/v1 HTTP/1.1" 200 40953 "-" "Mozilla/5.0 (compatible; wp2shell-audit/3.1)"
110.235.218.141 - - [20/Aug/2026:08:55:09 +0000] "POST /xmlrpc.php HTTP/1.1" 200 40961 "-" "Jetpack by WordPress.com"
110.235.218.141 - - [20/Aug/2026:08:55:20 +0000] "POST /xmlrpc.php HTTP/1.1" 200 40961 "-" "WordPress.com; https://wordpress.com"
110.235.218.141 - - [20/Aug/2026:08:55:30 +0000] "POST /xmlrpc.php HTTP/1.1" 200 40939 "-" "WordPress.com; https://wordpress.com"
110.235.218.141 - - [20/Aug/2026:08:55:41 +0000] "POST /xmlrpc.php HTTP/1.1" 200 40961 "-" "Jetpack by WordPress.com (Jetpack 12.5; WordPress 6.4)"
110.235.218.141 - - [20/Aug/2026:08:55:52 +0000] "POST /xmlrpc.php HTTP/1.1" 200 40961 "-" "WordPress.com; https://wordpress.com"
110.235.218.141 - - [20/Aug/2026:08:56:03 +0000] "POST /xmlrpc.php HTTP/1.1" 200 40961 "-" "Jetpack by WordPress.com (Jetpack 12.1; WordPress 6.2)"
136.243.228.179 - - [20/Aug/2026:08:56:07 +0000] "GET /robots.txt HTTP/1.1" 200 3379 "-" "Mozilla/5.0 (compatible; DataForSeoBot/1.0; +https://dataforseo.com/dataforseo-bot)"
110.235.218.141 - - [20/Aug/2026:08:56:13 +0000] "POST /xmlrpc.php HTTP/1.1" 200 40961 "-" "Jetpack/13.0; WordPress/6.2; http://site51946808.com"
110.235.218.141 - - [20/Aug/2026:08:56:24 +0000] "POST /xmlrpc.php HTTP/1.1" 200 40961 "-" "Jetpack by WordPress.com"
110.235.218.141 - - [20/Aug/2026:08:56:35 +0000] "POST /xmlrpc.php HTTP/1.1" 200 40961 "-" "Jetpack/12.1; WordPress/6.4; http://site43386370.com"
110.235.218.141 - - [20/Aug/2026:08:56:45 +0000] "POST /xmlrpc.php HTTP/1.1" 200 40961 "-" "Jetpack/12.5; WordPress/6.1; http://site37649552.com"
110.235.218.141 - - [20/Aug/2026:08:56:56 +0000] "POST /xmlrpc.php HTTP/1.1" 200 40961 "-" "Jetpack by WordPress.com (Jetpack 12.5; WordPress 6.2)"
114.119.138.99 - - [20/Aug/2026:08:57:02 +0000] "GET /index.php?lokasie=/var/log/php7.4-fpm.log.3.gz&loknya=/var/log HTTP/1.1" 200 1723 "https://gunay.com.tm/index.php?loknya=/var/log" "Mozilla/5.0 (Linux; Android 7.0;) AppleWebKit/537.36 (HTML, like Gecko) Mobile Safari/537.36 (compatible; PetalBot;+https://webmaster.petalsearch.com/site/petalbot)"
110.235.218.141 - - [20/Aug/2026:08:57:06 +0000] "POST /xmlrpc.php HTTP/1.1" 200 40961 "-" "Jetpack by WordPress.com"
110.235.218.141 - - [20/Aug/2026:08:57:17 +0000] "POST /xmlrpc.php HTTP/1.1" 200 40961 "-" "Jetpack by WordPress.com"
110.235.218.141 - - [20/Aug/2026:08:57:27 +0000] "POST /xmlrpc.php HTTP/1.1" 200 40961 "-" "WordPress.com; https://wordpress.com"
110.235.218.141 - - [20/Aug/2026:08:57:38 +0000] "POST /xmlrpc.php HTTP/1.1" 200 40961 "-" "Jetpack by WordPress.com (Jetpack 12.1; WordPress 6.1)"
110.235.218.141 - - [20/Aug/2026:08:57:49 +0000] "POST /xmlrpc.php HTTP/1.1" 200 40961 "-" "Jetpack/12.5; WordPress/6.1; http://site81910160.com"
110.235.218.141 - - [20/Aug/2026:08:57:59 +0000] "POST /xmlrpc.php HTTP/1.1" 200 40961 "-" "Jetpack by WordPress.com"
110.235.218.141 - - [20/Aug/2026:08:58:10 +0000] "POST /xmlrpc.php HTTP/1.1" 200 40961 "-" "Jetpack by WordPress.com (Jetpack 12.1; WordPress 6.4)"
110.235.218.141 - - [20/Aug/2026:08:58:21 +0000] "POST /xmlrpc.php HTTP/1.1" 200 40961 "-" "WordPress.com; https://wordpress.com"
110.235.218.141 - - [20/Aug/2026:08:58:31 +0000] "POST /xmlrpc.php HTTP/1.1" 200 40961 "-" "Jetpack by WordPress.com (Jetpack 12.1; WordPress 6.4)"
110.235.218.141 - - [20/Aug/2026:08:58:42 +0000] "POST /xmlrpc.php HTTP/1.1" 200 40961 "-" "Jetpack by WordPress.com"
110.235.218.141 - - [20/Aug/2026:08:58:52 +0000] "POST /xmlrpc.php HTTP/1.1" 200 40961 "-" "Jetpack by WordPress.com (Jetpack 12.0; WordPress 6.3)"
110.235.218.141 - - [20/Aug/2026:08:59:03 +0000] "POST /xmlrpc.php HTTP/1.1" 200 40961 "-" "Jetpack by WordPress.com (Jetpack 13.0; WordPress 6.1)"
110.235.218.141 - - [20/Aug/2026:08:59:14 +0000] "POST /xmlrpc.php HTTP/1.1" 200 40961 "-" "WordPress.com; https://wordpress.com"
110.235.218.141 - - [20/Aug/2026:08:59:24 +0000] "POST /xmlrpc.php HTTP/1.1" 200 40961 "-" "WordPress.com; https://wordpress.com"
110.235.218.141 - - [20/Aug/2026:08:59:35 +0000] "POST /xmlrpc.php HTTP/1.1" 200 40961 "-" "Jetpack/12.5; WordPress/6.3; http://site51275150.com"
110.235.218.141 - - [20/Aug/2026:08:59:46 +0000] "POST /xmlrpc.php HTTP/1.1" 200 40961 "-" "WordPress.com; https://wordpress.com"
110.235.218.141 - - [20/Aug/2026:08:59:56 +0000] "POST /xmlrpc.php HTTP/1.1" 200 40961 "-" "Jetpack by WordPress.com"
110.235.218.141 - - [20/Aug/2026:09:00:07 +0000] "POST /xmlrpc.php HTTP/1.1" 200 40961 "-" "WordPress.com; https://wordpress.com"
110.235.218.141 - - [20/Aug/2026:09:00:18 +0000] "POST /xmlrpc.php HTTP/1.1" 200 40961 "-" "Jetpack by WordPress.com (Jetpack 12.0; WordPress 6.2)"
110.235.218.141 - - [20/Aug/2026:09:00:28 +0000] "POST /xmlrpc.php HTTP/1.1" 200 40961 "-" "WordPress.com; https://wordpress.com"
110.235.218.141 - - [20/Aug/2026:09:00:39 +0000] "POST /xmlrpc.php HTTP/1.1" 200 40961 "-" "Jetpack/13.0; WordPress/6.4; http://site89812295.com"
110.235.218.141 - - [20/Aug/2026:09:00:49 +0000] "POST /xmlrpc.php HTTP/1.1" 200 40961 "-" "Jetpack by WordPress.com (Jetpack 13.0; WordPress 6.2)"
110.235.218.141 - - [20/Aug/2026:09:01:00 +0000] "POST /xmlrpc.php HTTP/1.1" 200 40961 "-" "Jetpack/12.5; WordPress/6.1; http://site89275866.com"
110.235.218.141 - - [20/Aug/2026:09:01:10 +0000] "POST /xmlrpc.php HTTP/1.1" 200 40961 "-" "WordPress.com; https://wordpress.com"
110.235.218.141 - - [20/Aug/2026:09:01:21 +0000] "POST /xmlrpc.php HTTP/1.1" 200 40961 "-" "Jetpack by WordPress.com"
110.235.218.141 - - [20/Aug/2026:09:01:32 +0000] "POST /xmlrpc.php HTTP/1.1" 200 40961 "-" "Jetpack by WordPress.com"
110.235.218.141 - - [20/Aug/2026:09:01:43 +0000] "POST /xmlrpc.php HTTP/1.1" 200 40961 "-" "WordPress.com; https://wordpress.com"
110.235.218.141 - - [20/Aug/2026:09:01:54 +0000] "POST /xmlrpc.php HTTP/1.1" 200 40931 "-" "Jetpack by WordPress.com (Jetpack 12.1; WordPress 6.2)"
110.235.218.141 - - [20/Aug/2026:09:02:05 +0000] "POST /xmlrpc.php HTTP/1.1" 200 40961 "-" "Jetpack by WordPress.com"
110.235.218.141 - - [20/Aug/2026:09:02:15 +0000] "POST /xmlrpc.php HTTP/1.1" 200 40961 "-" "WordPress.com; https://wordpress.com"
43.155.129.131 - - [20/Aug/2026:09:02:21 +0000] "GET /?lokasie=/var/www/gunay/wp-load.php&loknya=/var/www/gunay HTTP/1.1" 200 3144 "-" "Mozilla/5.0 (iPhone; CPU iPhone OS 13_2_3 like Mac OS X) AppleWebKit/605.1.15 (KHTML, like Gecko) Version/13.0.3 Mobile/15E148 Safari/604.1"
110.235.218.141 - - [20/Aug/2026:09:02:26 +0000] "POST /xmlrpc.php HTTP/1.1" 200 40961 "-" "Jetpack/12.5; WordPress/6.2; http://site38971321.com"
110.235.218.141 - - [20/Aug/2026:09:02:37 +0000] "POST /xmlrpc.php HTTP/1.1" 200 40961 "-" "Jetpack by WordPress.com (Jetpack 12.0; WordPress 6.4)"
110.235.218.141 - - [20/Aug/2026:09:02:47 +0000] "POST /xmlrpc.php HTTP/1.1" 200 40961 "-" "WordPress.com; https://wordpress.com"
110.235.218.141 - - [20/Aug/2026:09:02:58 +0000] "POST /xmlrpc.php HTTP/1.1" 200 40961 "-" "Jetpack by WordPress.com (Jetpack 12.1; WordPress 6.2)"
110.235.218.141 - - [20/Aug/2026:09:03:09 +0000] "POST /xmlrpc.php HTTP/1.1" 200 40955 "-" "Jetpack by WordPress.com"
110.235.218.141 - - [20/Aug/2026:09:03:19 +0000] "POST /xmlrpc.php HTTP/1.1" 200 40961 "-" "Jetpack/12.0; WordPress/6.2; http://site20387508.com"
110.235.218.141 - - [20/Aug/2026:09:03:30 +0000] "POST /xmlrpc.php HTTP/1.1" 200 40961 "-" "WordPress.com; https://wordpress.com"
110.235.218.141 - - [20/Aug/2026:09:03:40 +0000] "POST /xmlrpc.php HTTP/1.1" 200 40961 "-" "Jetpack/12.0; WordPress/6.2; http://site68166440.com"
110.235.218.141 - - [20/Aug/2026:09:03:51 +0000] "POST /xmlrpc.php HTTP/1.1" 200 40961 "-" "Jetpack by WordPress.com (Jetpack 12.1; WordPress 6.3)"
110.235.218.141 - - [20/Aug/2026:09:04:02 +0000] "POST /xmlrpc.php HTTP/1.1" 200 40961 "-" "Jetpack by WordPress.com (Jetpack 12.0; WordPress 6.2)"
110.235.218.141 - - [20/Aug/2026:09:04:12 +0000] "POST /xmlrpc.php HTTP/1.1" 200 40961 "-" "Jetpack by WordPress.com"
110.235.218.141 - - [20/Aug/2026:09:04:23 +0000] "POST /xmlrpc.php HTTP/1.1" 200 40961 "-" "Jetpack by WordPress.com"
110.235.218.141 - - [20/Aug/2026:09:04:33 +0000] "POST /xmlrpc.php HTTP/1.1" 200 40961 "-" "Jetpack/12.1; WordPress/6.2; http://site42995489.com"
110.235.218.141 - - [20/Aug/2026:09:04:44 +0000] "POST /xmlrpc.php HTTP/1.1" 200 40961 "-" "Jetpack by WordPress.com (Jetpack 12.5; WordPress 6.4)"
110.235.218.141 - - [20/Aug/2026:09:04:55 +0000] "POST /xmlrpc.php HTTP/1.1" 200 40961 "-" "Jetpack by WordPress.com (Jetpack 12.5; WordPress 6.4)"
110.235.218.141 - - [20/Aug/2026:09:05:06 +0000] "POST /xmlrpc.php HTTP/1.1" 200 40961 "-" "WordPress.com; https://wordpress.com"
110.235.218.141 - - [20/Aug/2026:09:05:16 +0000] "POST /xmlrpc.php HTTP/1.1" 200 40961 "-" "Jetpack by WordPress.com (Jetpack 12.0; WordPress 6.3)"
110.235.218.141 - - [20/Aug/2026:09:05:27 +0000] "POST /xmlrpc.php HTTP/1.1" 200 40961 "-" "Jetpack by WordPress.com (Jetpack 12.1; WordPress 6.4)"
114.119.134.123 - - [20/Aug/2026:09:05:36 +0000] "GET /index.php?lokasie=/var/log/alternatives.log.4.gz&loknya=/var/log HTTP/1.1" 200 1721 "https://gunay.com.tm/index.php?loknya=/var/log" "Mozilla/5.0 (Linux; Android 7.0;) AppleWebKit/537.36 (HTML, like Gecko) Mobile Safari/537.36 (compatible; PetalBot;+https://webmaster.petalsearch.com/site/petalbot)"
110.235.218.141 - - [20/Aug/2026:09:05:38 +0000] "POST /xmlrpc.php HTTP/1.1" 200 40961 "-" "Jetpack/12.1; WordPress/6.3; http://site47247169.com"
110.235.218.141 - - [20/Aug/2026:09:05:48 +0000] "POST /xmlrpc.php HTTP/1.1" 200 40961 "-" "Jetpack by WordPress.com"
110.235.218.141 - - [20/Aug/2026:09:05:59 +0000] "POST /xmlrpc.php HTTP/1.1" 200 40961 "-" "Jetpack by WordPress.com"
110.235.218.141 - - [20/Aug/2026:09:06:10 +0000] "POST /xmlrpc.php HTTP/1.1" 200 40961 "-" "WordPress.com; https://wordpress.com"
101.32.49.171 - - [20/Aug/2026:09:06:20 +0000] "GET / HTTP/1.1" 400 264 "-" "Mozilla/5.0 (iPhone; CPU iPhone OS 13_2_3 like Mac OS X) AppleWebKit/605.1.15 (KHTML, like Gecko) Version/13.0.3 Mobile/15E148 Safari/604.1"
110.235.218.141 - - [20/Aug/2026:09:06:20 +0000] "POST /xmlrpc.php HTTP/1.1" 200 40961 "-" "WordPress.com; https://wordpress.com"
110.235.218.141 - - [20/Aug/2026:09:06:31 +0000] "POST /xmlrpc.php HTTP/1.1" 200 40961 "-" "WordPress.com; https://wordpress.com"
110.235.218.141 - - [20/Aug/2026:09:06:41 +0000] "POST /xmlrpc.php HTTP/1.1" 200 40961 "-" "Jetpack by WordPress.com (Jetpack 12.5; WordPress 6.2)"
110.235.218.141 - - [20/Aug/2026:09:06:52 +0000] "POST /xmlrpc.php HTTP/1.1" 200 40961 "-" "Jetpack/12.5; WordPress/6.1; http://site32048707.com"
110.235.218.141 - - [20/Aug/2026:09:07:03 +0000] "POST /xmlrpc.php HTTP/1.1" 200 40961 "-" "Jetpack by WordPress.com"
110.235.218.141 - - [20/Aug/2026:09:07:13 +0000] "POST /xmlrpc.php HTTP/1.1" 200 40961 "-" "WordPress.com; https://wordpress.com"
110.235.218.141 - - [20/Aug/2026:09:07:24 +0000] "POST /xmlrpc.php HTTP/1.1" 200 40968 "-" "Jetpack/12.1; WordPress/6.4; http://site39162696.com"
110.235.218.141 - - [20/Aug/2026:09:07:35 +0000] "POST /xmlrpc.php HTTP/1.1" 200 40961 "-" "Jetpack by WordPress.com (Jetpack 12.0; WordPress 6.2)"
110.235.218.141 - - [20/Aug/2026:09:07:45 +0000] "POST /xmlrpc.php HTTP/1.1" 200 40961 "-" "WordPress.com; https://wordpress.com"
