216.73.216.216 - - [20/Aug/2026:15:22:33 +0000] "GET /ru/gunay-agro-ru/?lokasie=%2Fvar%2Fwww%2Fgunay%2Fwp-includes%2Fclass-walker-page-dropdown.php&loknya=%2Fvar%2Fwww%2Fgunay%2Fwp-includes HTTP/1.1" 200 2688 "-" "Mozilla/5.0 AppleWebKit/537.36 (KHTML, like Gecko; compatible; ClaudeBot/1.0; +claudebot@anthropic.com)"
216.73.216.216 - - [20/Aug/2026:15:22:33 +0000] "GET /ru/gunay-agro-ru/?lokasie=%2Fvar%2Fwww%2Fgunay%2Fwp-includes%2Fmeta.php&loknya=%2Fvar%2Fwww%2Fgunay%2Fwp-includes HTTP/1.1" 200 11614 "-" "Mozilla/5.0 AppleWebKit/537.36 (KHTML, like Gecko; compatible; ClaudeBot/1.0; +claudebot@anthropic.com)"
216.73.216.216 - - [20/Aug/2026:15:22:33 +0000] "GET /ru/gunay-agro-ru/?lokasie=%2Fvar%2Fwww%2Fgunay%2Fwp-includes%2Fclass-walker-page.php&loknya=%2Fvar%2Fwww%2Fgunay%2Fwp-includes HTTP/1.1" 200 3616 "-" "Mozilla/5.0 AppleWebKit/537.36 (KHTML, like Gecko; compatible; ClaudeBot/1.0; +claudebot@anthropic.com)"
216.73.216.216 - - [20/Aug/2026:15:22:33 +0000] "GET /ru/gunay-agro-ru/?lokasie=%2Fvar%2Fwww%2Fgunay%2Fwp-includes%2Fms-blogs.php&loknya=%2Fvar%2Fwww%2Fgunay%2Fwp-includes HTTP/1.1" 200 7825 "-" "Mozilla/5.0 AppleWebKit/537.36 (KHTML, like Gecko; compatible; ClaudeBot/1.0; +claudebot@anthropic.com)"
216.73.216.216 - - [20/Aug/2026:15:22:33 +0000] "GET /ru/gunay-agro-ru/?lokasie=%2Fvar%2Fwww%2Fgunay%2Fwp-includes%2Fhttp.php&loknya=%2Fvar%2Fwww%2Fgunay%2Fwp-includes HTTP/1.1" 200 6752 "-" "Mozilla/5.0 AppleWebKit/537.36 (KHTML, like Gecko; compatible; ClaudeBot/1.0; +claudebot@anthropic.com)"
216.73.216.216 - - [20/Aug/2026:15:22:33 +0000] "GET /ru/gunay-agro-ru/?lokasie=%2Fvar%2Fwww%2Fgunay%2Fwp-includes%2Fclass-wp-http-ixr-client.php&loknya=%2Fvar%2Fwww%2Fgunay%2Fwp-includes HTTP/1.1" 200 3059 "-" "Mozilla/5.0 AppleWebKit/537.36 (KHTML, like Gecko; compatible; ClaudeBot/1.0; +claudebot@anthropic.com)"
216.73.216.216 - - [20/Aug/2026:15:22:33 +0000] "GET /ru/gunay-agro-ru/?lokasie=%2Fvar%2Fwww%2Fgunay%2Fwp-includes%2Fpost-template.php&loknya=%2Fvar%2Fwww%2Fgunay%2Fwp-includes HTTP/1.1" 200 17395 "-" "Mozilla/5.0 AppleWebKit/537.36 (KHTML, like Gecko; compatible; ClaudeBot/1.0; +claudebot@anthropic.com)"
216.73.216.216 - - [20/Aug/2026:15:22:33 +0000] "GET /ru/gunay-agro-ru/?lokasie=%2Fvar%2Fwww%2Fgunay%2Fwp-includes%2Fclass-wp-role.php&loknya=%2Fvar%2Fwww%2Fgunay%2Fwp-includes HTTP/1.1" 200 2444 "-" "Mozilla/5.0 AppleWebKit/537.36 (KHTML, like Gecko; compatible; ClaudeBot/1.0; +claudebot@anthropic.com)"
216.73.216.216 - - [20/Aug/2026:15:22:33 +0000] "GET /ru/gunay-agro-ru/?lokasie=%2Fvar%2Fwww%2Fgunay%2Fwp-includes%2Fsitemaps.php&loknya=%2Fvar%2Fwww%2Fgunay%2Fwp-includes HTTP/1.1" 200 2756 "-" "Mozilla/5.0 AppleWebKit/537.36 (KHTML, like Gecko; compatible; ClaudeBot/1.0; +claudebot@anthropic.com)"
191.37.89.180 - - [20/Aug/2026:15:22:34 +0000] "POST /xmlrpc.php HTTP/1.1" 200 40959 "-" "Jetpack by WordPress.com (Jetpack 12.0; WordPress 6.2)"
103.125.179.35 - - [20/Aug/2026:15:22:43 +0000] "POST /xmlrpc.php HTTP/1.1" 200 40960 "-" "Jetpack by WordPress.com (Jetpack 12.0; WordPress 6.1)"
191.37.89.180 - - [20/Aug/2026:15:22:44 +0000] "POST /xmlrpc.php HTTP/1.1" 200 40959 "-" "Jetpack/12.5; WordPress/6.2; http://site36260447.com"
103.125.179.35 - - [20/Aug/2026:15:22:54 +0000] "POST /xmlrpc.php HTTP/1.1" 200 40954 "-" "Jetpack by WordPress.com"
216.73.216.216 - - [20/Aug/2026:15:22:54 +0000] "GET /ru/gunay-agro-ru/?lokasie=%2Fvar%2Fwww%2Fgunay%2Fwp-includes%2Fclass-wp-session-tokens.php&loknya=%2Fvar%2Fwww%2Fgunay%2Fwp-includes HTTP/1.1" 200 3593 "-" "Mozilla/5.0 AppleWebKit/537.36 (KHTML, like Gecko; compatible; ClaudeBot/1.0; +claudebot@anthropic.com)"
216.73.216.216 - - [20/Aug/2026:15:22:55 +0000] "GET /ru/gunay-agro-ru/?lokasie=%2Fvar%2Fwww%2Fgunay%2Fwp-includes%2Fkses.php&loknya=%2Fvar%2Fwww%2Fgunay%2Fwp-includes HTTP/1.1" 200 17348 "-" "Mozilla/5.0 AppleWebKit/537.36 (KHTML, like Gecko; compatible; ClaudeBot/1.0; +claudebot@anthropic.com)"
216.73.216.216 - - [20/Aug/2026:15:22:55 +0000] "GET /ru/gunay-agro-ru/?lokasie=%2Fvar%2Fwww%2Fgunay%2Fwp-includes%2Fvars.php&loknya=%2Fvar%2Fwww%2Fgunay%2Fwp-includes HTTP/1.1" 200 3437 "-" "Mozilla/5.0 AppleWebKit/537.36 (KHTML, like Gecko; compatible; ClaudeBot/1.0; +claudebot@anthropic.com)"
216.73.216.216 - - [20/Aug/2026:15:22:55 +0000] "GET /ru/gunay-agro-ru/?lokasie=%2Fvar%2Fwww%2Fgunay%2Fwp-includes%2Fclass-wp-block-supports.php&loknya=%2Fvar%2Fwww%2Fgunay%2Fwp-includes HTTP/1.1" 200 3186 "-" "Mozilla/5.0 AppleWebKit/537.36 (KHTML, like Gecko; compatible; ClaudeBot/1.0; +claudebot@anthropic.com)"
191.37.89.180 - - [20/Aug/2026:15:22:55 +0000] "POST /xmlrpc.php HTTP/1.1" 200 40959 "-" "Jetpack/12.0; WordPress/6.4; http://site92210344.com"
216.73.216.216 - - [20/Aug/2026:15:22:55 +0000] "GET /ru/gunay-agro-ru/?lokasie=%2Fvar%2Fwww%2Fgunay%2Fwp-includes%2Flocale.php&loknya=%2Fvar%2Fwww%2Fgunay%2Fwp-includes HTTP/1.1" 200 1837 "-" "Mozilla/5.0 AppleWebKit/537.36 (KHTML, like Gecko; compatible; ClaudeBot/1.0; +claudebot@anthropic.com)"
216.73.216.216 - - [20/Aug/2026:15:22:55 +0000] "GET /ru/gunay-agro-ru/?lokasie=%2Fvar%2Fwww%2Fgunay%2Fwp-includes%2Fpost-formats.php&loknya=%2Fvar%2Fwww%2Fgunay%2Fwp-includes HTTP/1.1" 200 3612 "-" "Mozilla/5.0 AppleWebKit/537.36 (KHTML, like Gecko; compatible; ClaudeBot/1.0; +claudebot@anthropic.com)"
216.73.216.216 - - [20/Aug/2026:15:22:55 +0000] "GET /ru/gunay-agro-ru/?lokasie=%2Fvar%2Fwww%2Fgunay%2Fwp-includes%2Flink-template.php&loknya=%2Fvar%2Fwww%2Fgunay%2Fwp-includes HTTP/1.1" 200 27157 "-" "Mozilla/5.0 AppleWebKit/537.36 (KHTML, like Gecko; compatible; ClaudeBot/1.0; +claudebot@anthropic.com)"
216.73.216.216 - - [20/Aug/2026:15:22:56 +0000] "GET /ru/gunay-agro-ru/?lokasie=%2Fvar%2Fwww%2Fgunay%2Fwp-includes%2Fclass-wp-locale.php&loknya=%2Fvar%2Fwww%2Fgunay%2Fwp-includes HTTP/1.1" 200 4652 "-" "Mozilla/5.0 AppleWebKit/537.36 (KHTML, like Gecko; compatible; ClaudeBot/1.0; +claudebot@anthropic.com)"
216.73.216.216 - - [20/Aug/2026:15:22:56 +0000] "GET /ru/gunay-agro-ru/?lokasie=%2Fvar%2Fwww%2Fgunay%2Fwp-includes%2Fclass-wp-simplepie-sanitize-kses.php&loknya=%2Fvar%2Fwww%2Fgunay%2Fwp-includes HTTP/1.1" 200 2545 "-" "Mozilla/5.0 AppleWebKit/537.36 (KHTML, like Gecko; compatible; ClaudeBot/1.0; +claudebot@anthropic.com)"
216.73.216.216 - - [20/Aug/2026:15:22:56 +0000] "GET /ru/gunay-agro-ru/?lokasie=%2Fvar%2Fwww%2Fgunay%2Fwp-includes%2Fbookmark-template.php&loknya=%2Fvar%2Fwww%2Fgunay%2Fwp-includes HTTP/1.1" 200 5016 "-" "Mozilla/5.0 AppleWebKit/537.36 (KHTML, like Gecko; compatible; ClaudeBot/1.0; +claudebot@anthropic.com)"
216.73.216.216 - - [20/Aug/2026:15:22:56 +0000] "GET /ru/gunay-agro-ru/?lokasie=%2Fvar%2Fwww%2Fgunay%2Fwp-includes%2Fclass-wp-tax-query.php&loknya=%2Fvar%2Fwww%2Fgunay%2Fwp-includes HTTP/1.1" 200 6849 "-" "Mozilla/5.0 AppleWebKit/537.36 (KHTML, like Gecko; compatible; ClaudeBot/1.0; +claudebot@anthropic.com)"
216.73.216.216 - - [20/Aug/2026:15:22:56 +0000] "GET /ru/gunay-agro-ru/?lokasie=%2Fvar%2Fwww%2Fgunay%2Fwp-includes%2Fclass-wp-user-meta-session-tokens.php&loknya=%2Fvar%2Fwww%2Fgunay%2Fwp-includes HTTP/1.1" 200 2585 "-" "Mozilla/5.0 AppleWebKit/537.36 (KHTML, like Gecko; compatible; ClaudeBot/1.0; +claudebot@anthropic.com)"
216.73.216.216 - - [20/Aug/2026:15:22:56 +0000] "GET /ru/gunay-agro-ru/?lokasie=%2Fvar%2Fwww%2Fgunay%2Fwp-includes%2Fclass-wp-block-styles-registry.php&loknya=%2Fvar%2Fwww%2Fgunay%2Fwp-includes HTTP/1.1" 200 2826 "-" "Mozilla/5.0 AppleWebKit/537.36 (KHTML, like Gecko; compatible; ClaudeBot/1.0; +claudebot@anthropic.com)"
216.73.216.216 - - [20/Aug/2026:15:22:57 +0000] "GET /ru/gunay-agro-ru/?lokasie=%2Fvar%2Fwww%2Fgunay%2Fwp-includes%2Fmedia-template.php&loknya=%2Fvar%2Fwww%2Fgunay%2Fwp-includes HTTP/1.1" 200 13038 "-" "Mozilla/5.0 AppleWebKit/537.36 (KHTML, like Gecko; compatible; ClaudeBot/1.0; +claudebot@anthropic.com)"
216.73.216.216 - - [20/Aug/2026:15:22:57 +0000] "GET /ru/gunay-agro-ru/?lokasie=%2Fvar%2Fwww%2Fgunay%2Fwp-includes%2Ftaxonomy.php&loknya=%2Fvar%2Fwww%2Fgunay%2Fwp-includes HTTP/1.1" 200 38023 "-" "Mozilla/5.0 AppleWebKit/537.36 (KHTML, like Gecko; compatible; ClaudeBot/1.0; +claudebot@anthropic.com)"
216.73.216.216 - - [20/Aug/2026:15:22:57 +0000] "GET /ru/gunay-agro-ru/?lokasie=%2Fvar%2Fwww%2Fgunay%2Fwp-includes%2Fclass-wp-locale-switcher.php&loknya=%2Fvar%2Fwww%2Fgunay%2Fwp-includes HTTP/1.1" 200 3123 "-" "Mozilla/5.0 AppleWebKit/537.36 (KHTML, like Gecko; compatible; ClaudeBot/1.0; +claudebot@anthropic.com)"
216.73.216.216 - - [20/Aug/2026:15:22:57 +0000] "GET /ru/gunay-agro-ru/?lokasie=%2Fvar%2Fwww%2Fgunay%2Fwp-includes%2Fl10n.php&loknya=%2Fvar%2Fwww%2Fgunay%2Fwp-includes HTTP/1.1" 200 12368 "-" "Mozilla/5.0 AppleWebKit/537.36 (KHTML, like Gecko; compatible; ClaudeBot/1.0; +claudebot@anthropic.com)"
216.73.216.216 - - [20/Aug/2026:15:22:58 +0000] "GET /ru/gunay-agro-ru/?lokasie=%2Fvar%2Fwww%2Fgunay%2Fwp-includes%2Fclass-wp-paused-extensions-storage.php&loknya=%2Fvar%2Fwww%2Fgunay%2Fwp-includes HTTP/1.1" 200 2887 "-" "Mozilla/5.0 AppleWebKit/537.36 (KHTML, like Gecko; compatible; ClaudeBot/1.0; +claudebot@anthropic.com)"
216.73.216.216 - - [20/Aug/2026:15:22:58 +0000] "GET /ru/gunay-agro-ru/?lokasie=%2Fvar%2Fwww%2Fgunay%2Fwp-includes%2Ffeed-rdf.php&loknya=%2Fvar%2Fwww%2Fgunay%2Fwp-includes HTTP/1.1" 200 2737 "-" "Mozilla/5.0 AppleWebKit/537.36 (KHTML, like Gecko; compatible; ClaudeBot/1.0; +claudebot@anthropic.com)"
216.73.216.216 - - [20/Aug/2026:15:22:58 +0000] "GET /ru/gunay-agro-ru/?lokasie=%2Fvar%2Fwww%2Fgunay%2Fwp-includes%2Fclass-wp-recovery-mode.php&loknya=%2Fvar%2Fwww%2Fgunay%2Fwp-includes HTTP/1.1" 200 4885 "-" "Mozilla/5.0 AppleWebKit/537.36 (KHTML, like Gecko; compatible; ClaudeBot/1.0; +claudebot@anthropic.com)"
216.73.216.216 - - [20/Aug/2026:15:22:58 +0000] "GET /ru/gunay-agro-ru/?lokasie=%2Fvar%2Fwww%2Fgunay%2Fwp-includes%2Fmedia.php&loknya=%2Fvar%2Fwww%2Fgunay%2Fwp-includes HTTP/1.1" 200 41274 "-" "Mozilla/5.0 AppleWebKit/537.36 (KHTML, like Gecko; compatible; ClaudeBot/1.0; +claudebot@anthropic.com)"
216.73.216.216 - - [20/Aug/2026:15:22:58 +0000] "GET /ru/gunay-agro-ru/?lokasie=%2Fvar%2Fwww%2Fgunay%2Fwp-includes%2Fms-files.php&loknya=%2Fvar%2Fwww%2Fgunay%2Fwp-includes HTTP/1.1" 200 2834 "-" "Mozilla/5.0 AppleWebKit/537.36 (KHTML, like Gecko; compatible; ClaudeBot/1.0; +claudebot@anthropic.com)"
216.73.216.216 - - [20/Aug/2026:15:22:59 +0000] "GET /ru/gunay-agro-ru/?lokasie=%2Fvar%2Fwww%2Fgunay%2Fwp-includes%2Fwlwmanifest.xml&loknya=%2Fvar%2Fwww%2Fgunay%2Fwp-includes HTTP/1.1" 200 2166 "-" "Mozilla/5.0 AppleWebKit/537.36 (KHTML, like Gecko; compatible; ClaudeBot/1.0; +claudebot@anthropic.com)"
216.73.216.216 - - [20/Aug/2026:15:23:00 +0000] "GET /ru/gunay-agro-ru/?loknya=%2Fvar%2Fwww%2Fgunay%2Fdup-installer%2Flib HTTP/1.1" 200 2133 "-" "Mozilla/5.0 AppleWebKit/537.36 (KHTML, like Gecko; compatible; ClaudeBot/1.0; +claudebot@anthropic.com)"
216.73.216.216 - - [20/Aug/2026:15:23:00 +0000] "GET /ru/gunay-agro-ru/?loknya=%2Fvar%2Fwww%2Fgunay%2Fdup-installer%2Fviews HTTP/1.1" 200 2655 "-" "Mozilla/5.0 AppleWebKit/537.36 (KHTML, like Gecko; compatible; ClaudeBot/1.0; +claudebot@anthropic.com)"
216.73.216.216 - - [20/Aug/2026:15:23:00 +0000] "GET /ru/gunay-agro-ru/?loknya=%2Fvar%2Fwww%2Fgunay%2Fdup-installer%2Fassets HTTP/1.1" 200 2451 "-" "Mozilla/5.0 AppleWebKit/537.36 (KHTML, like Gecko; compatible; ClaudeBot/1.0; +claudebot@anthropic.com)"
216.73.216.216 - - [20/Aug/2026:15:23:00 +0000] "GET /ru/gunay-agro-ru/?lokasie=%2Fvar%2Fwww%2Fgunay%2Fwp-includes%2Fclass-wp-recovery-mode-key-service.php&loknya=%2Fvar%2Fwww%2Fgunay%2Fwp-includes HTTP/1.1" 200 3005 "-" "Mozilla/5.0 AppleWebKit/537.36 (KHTML, like Gecko; compatible; ClaudeBot/1.0; +claudebot@anthropic.com)"
216.73.216.216 - - [20/Aug/2026:15:23:00 +0000] "GET /ru/gunay-agro-ru/?lokasie=%2Fvar%2Fwww%2F.user.ini&loknya=%2Fvar%2Fwww HTTP/1.1" 200 1760 "-" "Mozilla/5.0 AppleWebKit/537.36 (KHTML, like Gecko; compatible; ClaudeBot/1.0; +claudebot@anthropic.com)"
216.73.216.216 - - [20/Aug/2026:15:23:00 +0000] "GET /ru/gunay-agro-ru/?lokasie=%2Fvar%2Fwww%2Fgunay%2Fwp-content%2Findex.php&loknya=%2Fvar%2Fwww%2Fgunay%2Fwp-content HTTP/1.1" 200 1747 "-" "Mozilla/5.0 AppleWebKit/537.36 (KHTML, like Gecko; compatible; ClaudeBot/1.0; +claudebot@anthropic.com)"
216.73.216.216 - - [20/Aug/2026:15:23:00 +0000] "GET /ru/gunay-agro-ru/?lokasie=%2Fvar%2Fwww%2Fgunay%2Fwp-includes%2Fclass-wp-recovery-mode-cookie-service.php&loknya=%2Fvar%2Fwww%2Fgunay%2Fwp-includes HTTP/1.1" 200 3621 "-" "Mozilla/5.0 AppleWebKit/537.36 (KHTML, like Gecko; compatible; ClaudeBot/1.0; +claudebot@anthropic.com)"
216.73.216.216 - - [20/Aug/2026:15:23:00 +0000] "GET /ru/gunay-agro-ru/?lokasie=%2Fvar%2Fwww%2Fgunay%2Fwp-includes%2Fclass-wp-recovery-mode-email-service.php&loknya=%2Fvar%2Fwww%2Fgunay%2Fwp-includes HTTP/1.1" 200 5258 "-" "Mozilla/5.0 AppleWebKit/537.36 (KHTML, like Gecko; compatible; ClaudeBot/1.0; +claudebot@anthropic.com)"
216.73.216.216 - - [20/Aug/2026:15:23:01 +0000] "GET /ru/gunay-agro-ru/?lokasie=%2Fvar%2Fwww%2Fgunay%2Fwp-includes%2Fclass-wp-recovery-mode-link-service.php&loknya=%2Fvar%2Fwww%2Fgunay%2Fwp-includes HTTP/1.1" 200 2806 "-" "Mozilla/5.0 AppleWebKit/537.36 (KHTML, like Gecko; compatible; ClaudeBot/1.0; +claudebot@anthropic.com)"
216.73.216.216 - - [20/Aug/2026:15:23:01 +0000] "GET /ru/gunay-agro-ru/?lokasie=%2Fvar%2Fwww%2Fgunay%2Fwp-includes%2Fcanonical.php&loknya=%2Fvar%2Fwww%2Fgunay%2Fwp-includes HTTP/1.1" 200 10116 "-" "Mozilla/5.0 AppleWebKit/537.36 (KHTML, like Gecko; compatible; ClaudeBot/1.0; +claudebot@anthropic.com)"
103.125.179.35 - - [20/Aug/2026:15:23:04 +0000] "POST /xmlrpc.php HTTP/1.1" 200 40960 "-" "WordPress.com; https://wordpress.com"
191.37.89.180 - - [20/Aug/2026:15:23:06 +0000] "POST /xmlrpc.php HTTP/1.1" 200 40959 "-" "Jetpack/12.1; WordPress/6.1; http://site12751325.com"
103.125.179.35 - - [20/Aug/2026:15:23:15 +0000] "POST /xmlrpc.php HTTP/1.1" 200 40960 "-" "Jetpack by WordPress.com"
191.37.89.180 - - [20/Aug/2026:15:23:16 +0000] "POST /xmlrpc.php HTTP/1.1" 200 40959 "-" "Jetpack by WordPress.com"
103.125.179.35 - - [20/Aug/2026:15:23:26 +0000] "POST /xmlrpc.php HTTP/1.1" 200 40960 "-" "WordPress.com; https://wordpress.com"
191.37.89.180 - - [20/Aug/2026:15:23:27 +0000] "POST /xmlrpc.php HTTP/1.1" 200 40959 "-" "WordPress.com; https://wordpress.com"
103.125.179.35 - - [20/Aug/2026:15:23:36 +0000] "POST /xmlrpc.php HTTP/1.1" 200 40960 "-" "Jetpack/12.0; WordPress/6.2; http://site59949704.com"
191.37.89.180 - - [20/Aug/2026:15:23:38 +0000] "POST /xmlrpc.php HTTP/1.1" 200 40959 "-" "Jetpack/12.1; WordPress/6.1; http://site67122967.com"
103.125.179.35 - - [20/Aug/2026:15:23:47 +0000] "POST /xmlrpc.php HTTP/1.1" 200 40960 "-" "WordPress.com; https://wordpress.com"
191.37.89.180 - - [20/Aug/2026:15:23:48 +0000] "POST /xmlrpc.php HTTP/1.1" 200 40959 "-" "WordPress.com; https://wordpress.com"
216.73.216.216 - - [20/Aug/2026:15:23:53 +0000] "GET /ru/gunay-agro-ru/?lokasie=%2Fvar%2Fwww%2Fgunay%2Fdup-installer%2Fdup-archive__b622285-03052447.txt&loknya=%2Fvar%2Fwww%2Fgunay%2Fdup-installer HTTP/1.1" 200 2806 "-" "Mozilla/5.0 AppleWebKit/537.36 (KHTML, like Gecko; compatible; ClaudeBot/1.0; +claudebot@anthropic.com)"
216.73.216.216 - - [20/Aug/2026:15:23:53 +0000] "GET /ru/gunay-agro-ru/?lokasie=%2Fvar%2Fwww%2Fgunay%2Fdup-installer%2Fdup-scan__b622285-03052447.json&loknya=%2Fvar%2Fwww%2Fgunay%2Fdup-installer HTTP/1.1" 200 59660 "-" "Mozilla/5.0 AppleWebKit/537.36 (KHTML, like Gecko; compatible; ClaudeBot/1.0; +claudebot@anthropic.com)"
216.73.216.216 - - [20/Aug/2026:15:23:53 +0000] "GET /ru/gunay-agro-ru/?lokasie=%2Fvar%2Fwww%2Fgunay%2Fdup-installer%2Findex.php&loknya=%2Fvar%2Fwww%2Fgunay%2Fdup-installer HTTP/1.1" 200 2329 "-" "Mozilla/5.0 AppleWebKit/537.36 (KHTML, like Gecko; compatible; ClaudeBot/1.0; +claudebot@anthropic.com)"
216.73.216.216 - - [20/Aug/2026:15:23:54 +0000] "GET /ru/gunay-agro-ru/?lokasie=%2Fvar%2Fwww%2Fgunay%2Fdup-installer%2Fmain.installer.php&loknya=%2Fvar%2Fwww%2Fgunay%2Fdup-installer HTTP/1.1" 200 8204 "-" "Mozilla/5.0 AppleWebKit/537.36 (KHTML, like Gecko; compatible; ClaudeBot/1.0; +claudebot@anthropic.com)"
216.73.216.216 - - [20/Aug/2026:15:23:54 +0000] "GET /ru/gunay-agro-ru/?lokasie=%2Fvar%2Fwww%2Fgunay%2Fdup-installer%2Fdup-database__b622285-03052447.sql&loknya=%2Fvar%2Fwww%2Fgunay%2Fdup-installer HTTP/1.1" 200 465024 "-" "Mozilla/5.0 AppleWebKit/537.36 (KHTML, like Gecko; compatible; ClaudeBot/1.0; +claudebot@anthropic.com)"
216.73.216.216 - - [20/Aug/2026:15:23:54 +0000] "GET /ru/gunay-agro-ru/?lokasie=%2Fvar%2Fwww%2F.htaccess__b622285-03052447&loknya=%2Fvar%2Fwww HTTP/1.1" 200 2338 "-" "Mozilla/5.0 AppleWebKit/537.36 (KHTML, like Gecko; compatible; ClaudeBot/1.0; +claudebot@anthropic.com)"
216.73.216.216 - - [20/Aug/2026:15:23:54 +0000] "GET /ru/gunay-agro-ru/?lokasie=%2Fvar%2Fwww%2F.infomaniak-maintenance.html&loknya=%2Fvar%2Fwww HTTP/1.1" 200 3184 "-" "Mozilla/5.0 AppleWebKit/537.36 (KHTML, like Gecko; compatible; ClaudeBot/1.0; +claudebot@anthropic.com)"
216.73.216.216 - - [20/Aug/2026:15:23:54 +0000] "GET /ru/gunay-agro-ru/?lokasie=%2Fvar%2Fwww%2FGunay_WP_website_2-1.zip&loknya=%2Fvar%2Fwww HTTP/1.1" 500 2649 "-" "Mozilla/5.0 AppleWebKit/537.36 (KHTML, like Gecko; compatible; ClaudeBot/1.0; +claudebot@anthropic.com)"
216.73.216.216 - - [20/Aug/2026:15:23:54 +0000] "GET /ru/gunay-agro-ru/?loknya=%2Fvar%2Fwww%2Fgunay%2Fdup-installer%2Ffavicon HTTP/1.1" 200 2643 "-" "Mozilla/5.0 AppleWebKit/537.36 (KHTML, like Gecko; compatible; ClaudeBot/1.0; +claudebot@anthropic.com)"
216.73.216.216 - - [20/Aug/2026:15:23:54 +0000] "GET /sitemap.xml HTTP/1.1" 200 3376 "-" "Mozilla/5.0 AppleWebKit/537.36 (KHTML, like Gecko; compatible; ClaudeBot/1.0; +claudebot@anthropic.com)"
216.73.216.216 - - [20/Aug/2026:15:23:54 +0000] "GET /ru/gunay-agro-ru/?lokasie=%2Fvar%2Fwww%2FPluginduplicator.1.4.1.zip&loknya=%2Fvar%2Fwww HTTP/1.1" 200 1720 "-" "Mozilla/5.0 AppleWebKit/537.36 (KHTML, like Gecko; compatible; ClaudeBot/1.0; +claudebot@anthropic.com)"
191.37.89.180 - - [20/Aug/2026:15:23:59 +0000] "POST /xmlrpc.php HTTP/1.1" 200 40959 "-" "Jetpack by WordPress.com"
114.119.129.81 - - [20/Aug/2026:15:24:00 +0000] "GET /index.php?lokasie=/var/www//.htaccess__b622285-03052447&loknya=/var/www/ HTTP/1.1" 200 2345 "https://gunay.com.tm/index.php?loknya=/var/www/" "Mozilla/5.0 (Linux; Android 7.0;) AppleWebKit/537.36 (HTML, like Gecko) Mobile Safari/537.36 (compatible; PetalBot;+https://webmaster.petalsearch.com/site/petalbot)"
191.37.89.180 - - [20/Aug/2026:15:24:10 +0000] "POST /xmlrpc.php HTTP/1.1" 200 40959 "-" "Jetpack/12.0; WordPress/6.4; http://site22767275.com"
191.37.89.180 - - [20/Aug/2026:15:24:20 +0000] "POST /xmlrpc.php HTTP/1.1" 200 40959 "-" "WordPress.com; https://wordpress.com"
191.37.89.180 - - [20/Aug/2026:15:24:31 +0000] "POST /xmlrpc.php HTTP/1.1" 200 40959 "-" "Jetpack by WordPress.com"
103.125.179.35 - - [20/Aug/2026:15:24:34 +0000] "POST /xmlrpc.php HTTP/1.1" 200 40960 "-" "Jetpack by WordPress.com"
191.37.89.180 - - [20/Aug/2026:15:24:42 +0000] "POST /xmlrpc.php HTTP/1.1" 200 40959 "-" "WordPress.com; https://wordpress.com"
191.37.89.180 - - [20/Aug/2026:15:24:52 +0000] "POST /xmlrpc.php HTTP/1.1" 200 40959 "-" "Jetpack by WordPress.com"
191.37.89.180 - - [20/Aug/2026:15:25:03 +0000] "POST /xmlrpc.php HTTP/1.1" 200 40959 "-" "Jetpack/12.1; WordPress/6.3; http://site93295884.com"
103.125.179.35 - - [20/Aug/2026:15:25:06 +0000] "POST /xmlrpc.php HTTP/1.1" 200 40960 "-" "Jetpack by WordPress.com"
191.37.89.180 - - [20/Aug/2026:15:25:14 +0000] "POST /xmlrpc.php HTTP/1.1" 200 40959 "-" "Jetpack by WordPress.com (Jetpack 12.0; WordPress 6.2)"
103.125.179.35 - - [20/Aug/2026:15:25:14 +0000] "POST /xmlrpc.php HTTP/1.1" 200 40960 "-" "WordPress.com; https://wordpress.com"
103.125.179.35 - - [20/Aug/2026:15:25:23 +0000] "POST /xmlrpc.php HTTP/1.1" 200 40960 "-" "Jetpack by WordPress.com (Jetpack 12.0; WordPress 6.4)"
191.37.89.180 - - [20/Aug/2026:15:25:25 +0000] "POST /xmlrpc.php HTTP/1.1" 200 40959 "-" "Jetpack by WordPress.com"
103.125.179.35 - - [20/Aug/2026:15:25:34 +0000] "POST /xmlrpc.php HTTP/1.1" 200 40960 "-" "Jetpack by WordPress.com (Jetpack 12.1; WordPress 6.3)"
191.37.89.180 - - [20/Aug/2026:15:25:35 +0000] "POST /xmlrpc.php HTTP/1.1" 200 40966 "-" "Jetpack by WordPress.com (Jetpack 12.0; WordPress 6.4)"
191.37.89.180 - - [20/Aug/2026:15:25:46 +0000] "POST /xmlrpc.php HTTP/1.1" 200 40959 "-" "Jetpack/12.1; WordPress/6.4; http://site34095954.com"
103.125.179.35 - - [20/Aug/2026:15:25:48 +0000] "POST /xmlrpc.php HTTP/1.1" 200 40967 "-" "Jetpack by WordPress.com (Jetpack 13.0; WordPress 6.2)"
103.125.179.35 - - [20/Aug/2026:15:25:57 +0000] "POST /xmlrpc.php HTTP/1.1" 200 40960 "-" "Jetpack by WordPress.com"
191.37.89.180 - - [20/Aug/2026:15:25:57 +0000] "POST /xmlrpc.php HTTP/1.1" 200 40959 "-" "WordPress.com; https://wordpress.com"
103.125.179.35 - - [20/Aug/2026:15:26:06 +0000] "POST /xmlrpc.php HTTP/1.1" 200 40946 "-" "Jetpack by WordPress.com (Jetpack 12.5; WordPress 6.2)"
191.37.89.180 - - [20/Aug/2026:15:26:08 +0000] "POST /xmlrpc.php HTTP/1.1" 200 40959 "-" "Jetpack/13.0; WordPress/6.1; http://site21538526.com"
114.119.151.131 - - [20/Aug/2026:15:26:08 +0000] "GET /?loknya=/var/cache/app-info HTTP/1.1" 200 2101 "https://gunay.com.tm/?loknya=/var/cache" "Mozilla/5.0 (Linux; Android 7.0;) AppleWebKit/537.36 (HTML, like Gecko) Mobile Safari/537.36 (compatible; PetalBot;+https://webmaster.petalsearch.com/site/petalbot)"
103.125.179.35 - - [20/Aug/2026:15:26:18 +0000] "POST /xmlrpc.php HTTP/1.1" 200 40960 "-" "Jetpack by WordPress.com (Jetpack 12.1; WordPress 6.2)"
191.37.89.180 - - [20/Aug/2026:15:26:18 +0000] "POST /xmlrpc.php HTTP/1.1" 200 40959 "-" "Jetpack by WordPress.com"
191.37.89.180 - - [20/Aug/2026:15:26:29 +0000] "POST /xmlrpc.php HTTP/1.1" 200 40959 "-" "Jetpack by WordPress.com"
103.125.179.35 - - [20/Aug/2026:15:26:30 +0000] "POST /xmlrpc.php HTTP/1.1" 200 40960 "-" "Jetpack by WordPress.com"
103.125.179.35 - - [20/Aug/2026:15:26:39 +0000] "POST /xmlrpc.php HTTP/1.1" 200 40960 "-" "Jetpack by WordPress.com (Jetpack 13.0; WordPress 6.4)"
191.37.89.180 - - [20/Aug/2026:15:26:40 +0000] "POST /xmlrpc.php HTTP/1.1" 200 40959 "-" "Jetpack/13.0; WordPress/6.2; http://site57637428.com"
103.125.179.35 - - [20/Aug/2026:15:26:50 +0000] "POST /xmlrpc.php HTTP/1.1" 200 40960 "-" "Jetpack by WordPress.com"
191.37.89.180 - - [20/Aug/2026:15:26:50 +0000] "POST /xmlrpc.php HTTP/1.1" 200 40959 "-" "WordPress.com; https://wordpress.com"
136.243.228.179 - - [20/Aug/2026:15:26:54 +0000] "GET /robots.txt HTTP/1.1" 200 3379 "-" "Mozilla/5.0 (compatible; DataForSeoBot/1.0; +https://dataforseo.com/dataforseo-bot)"
103.125.179.35 - - [20/Aug/2026:15:26:59 +0000] "POST /xmlrpc.php HTTP/1.1" 200 40960 "-" "Jetpack/12.5; WordPress/6.3; http://site53483709.com"
191.37.89.180 - - [20/Aug/2026:15:27:01 +0000] "POST /xmlrpc.php HTTP/1.1" 200 40959 "-" "Jetpack by WordPress.com (Jetpack 12.0; WordPress 6.2)"
103.125.179.35 - - [20/Aug/2026:15:27:10 +0000] "POST /xmlrpc.php HTTP/1.1" 200 40960 "-" "Jetpack by WordPress.com"
191.37.89.180 - - [20/Aug/2026:15:27:12 +0000] "POST /xmlrpc.php HTTP/1.1" 200 40959 "-" "Jetpack by WordPress.com (Jetpack 13.0; WordPress 6.3)"
103.125.179.35 - - [20/Aug/2026:15:27:21 +0000] "POST /xmlrpc.php HTTP/1.1" 200 40960 "-" "Jetpack by WordPress.com (Jetpack 13.0; WordPress 6.2)"
191.37.89.180 - - [20/Aug/2026:15:27:23 +0000] "POST /xmlrpc.php HTTP/1.1" 200 40959 "-" "Jetpack by WordPress.com (Jetpack 13.0; WordPress 6.4)"
103.125.179.35 - - [20/Aug/2026:15:27:32 +0000] "POST /xmlrpc.php HTTP/1.1" 200 40960 "-" "Jetpack/13.0; WordPress/6.3; http://site33226702.com"
191.37.89.180 - - [20/Aug/2026:15:27:33 +0000] "POST /xmlrpc.php HTTP/1.1" 200 40959 "-" "Jetpack/13.0; WordPress/6.2; http://site12966277.com"
103.125.179.35 - - [20/Aug/2026:15:27:42 +0000] "POST /xmlrpc.php HTTP/1.1" 200 40960 "-" "Jetpack by WordPress.com (Jetpack 13.0; WordPress 6.4)"
191.37.89.180 - - [20/Aug/2026:15:27:44 +0000] "POST /xmlrpc.php HTTP/1.1" 200 40959 "-" "Jetpack/13.0; WordPress/6.2; http://site93534394.com"
103.125.179.35 - - [20/Aug/2026:15:27:53 +0000] "POST /xmlrpc.php HTTP/1.1" 200 40930 "-" "Jetpack by WordPress.com"
191.37.89.180 - - [20/Aug/2026:15:27:55 +0000] "POST /xmlrpc.php HTTP/1.1" 200 40959 "-" "Jetpack by WordPress.com"
103.125.179.35 - - [20/Aug/2026:15:28:04 +0000] "POST /xmlrpc.php HTTP/1.1" 200 40960 "-" "WordPress.com; https://wordpress.com"
191.37.89.180 - - [20/Aug/2026:15:28:06 +0000] "POST /xmlrpc.php HTTP/1.1" 200 40959 "-" "Jetpack by WordPress.com (Jetpack 12.1; WordPress 6.4)"
114.119.158.143 - - [20/Aug/2026:15:28:14 +0000] "GET /?loknya=/var/cache/adduser HTTP/1.1" 200 1968 "https://gunay.com.tm/?loknya=/var/cache" "Mozilla/5.0 (Linux; Android 7.0;) AppleWebKit/537.36 (HTML, like Gecko) Mobile Safari/537.36 (compatible; PetalBot;+https://webmaster.petalsearch.com/site/petalbot)"
103.125.179.35 - - [20/Aug/2026:15:28:14 +0000] "POST /xmlrpc.php HTTP/1.1" 200 40960 "-" "Jetpack by WordPress.com (Jetpack 12.0; WordPress 6.4)"
191.37.89.180 - - [20/Aug/2026:15:28:16 +0000] "POST /xmlrpc.php HTTP/1.1" 200 40959 "-" "Jetpack by WordPress.com (Jetpack 12.0; WordPress 6.2)"
103.125.179.35 - - [20/Aug/2026:15:28:25 +0000] "POST /xmlrpc.php HTTP/1.1" 200 40960 "-" "WordPress.com; https://wordpress.com"
40.77.167.149 - - [20/Aug/2026:15:28:25 +0000] "GET /2907361499 HTTP/1.1" 200 3381 "-" "Mozilla/5.0 AppleWebKit/537.36 (KHTML, like Gecko; compatible; bingbot/2.0; +http://www.bing.com/bingbot.htm) Chrome/116.0.1938.76 Safari/537.36"
191.37.89.180 - - [20/Aug/2026:15:28:27 +0000] "POST /xmlrpc.php HTTP/1.1" 200 40959 "-" "Jetpack by WordPress.com (Jetpack 12.1; WordPress 6.4)"
52.167.144.195 - - [20/Aug/2026:15:28:30 +0000] "GET /3696142496 HTTP/1.1" 200 3380 "-" "Mozilla/5.0 AppleWebKit/537.36 (KHTML, like Gecko; compatible; bingbot/2.0; +http://www.bing.com/bingbot.htm) Chrome/116.0.1938.76 Safari/537.36"
103.125.179.35 - - [20/Aug/2026:15:28:36 +0000] "POST /xmlrpc.php HTTP/1.1" 200 40960 "-" "Jetpack by WordPress.com (Jetpack 12.0; WordPress 6.2)"
191.37.89.180 - - [20/Aug/2026:15:28:38 +0000] "POST /xmlrpc.php HTTP/1.1" 200 40959 "-" "Jetpack by WordPress.com (Jetpack 12.0; WordPress 6.4)"
191.37.89.180 - - [20/Aug/2026:15:28:48 +0000] "POST /xmlrpc.php HTTP/1.1" 200 40959 "-" "Jetpack by WordPress.com (Jetpack 12.5; WordPress 6.3)"
103.125.179.35 - - [20/Aug/2026:15:28:49 +0000] "POST /xmlrpc.php HTTP/1.1" 200 40960 "-" "Jetpack by WordPress.com"
103.125.179.35 - - [20/Aug/2026:15:28:58 +0000] "POST /xmlrpc.php HTTP/1.1" 200 40960 "-" "Jetpack/13.0; WordPress/6.4; http://site81759688.com"
191.37.89.180 - - [20/Aug/2026:15:28:59 +0000] "POST /xmlrpc.php HTTP/1.1" 200 40959 "-" "Jetpack by WordPress.com"
103.125.179.35 - - [20/Aug/2026:15:29:10 +0000] "POST /xmlrpc.php HTTP/1.1" 200 40960 "-" "Jetpack/12.1; WordPress/6.1; http://site22076713.com"
191.37.89.180 - - [20/Aug/2026:15:29:10 +0000] "POST /xmlrpc.php HTTP/1.1" 200 40959 "-" "Jetpack by WordPress.com (Jetpack 12.5; WordPress 6.3)"
191.37.89.180 - - [20/Aug/2026:15:29:21 +0000] "POST /xmlrpc.php HTTP/1.1" 200 40959 "-" "Jetpack by WordPress.com"
191.37.89.180 - - [20/Aug/2026:15:29:31 +0000] "POST /xmlrpc.php HTTP/1.1" 200 40959 "-" "WordPress.com; https://wordpress.com"
103.125.179.35 - - [20/Aug/2026:15:29:42 +0000] "POST /xmlrpc.php HTTP/1.1" 200 40960 "-" "Jetpack by WordPress.com"
191.37.89.180 - - [20/Aug/2026:15:29:42 +0000] "POST /xmlrpc.php HTTP/1.1" 200 40959 "-" "Jetpack by WordPress.com (Jetpack 12.0; WordPress 6.1)"
103.125.179.35 - - [20/Aug/2026:15:29:51 +0000] "POST /xmlrpc.php HTTP/1.1" 200 40960 "-" "Jetpack by WordPress.com (Jetpack 12.0; WordPress 6.1)"
191.37.89.180 - - [20/Aug/2026:15:29:53 +0000] "POST /xmlrpc.php HTTP/1.1" 200 40959 "-" "Jetpack/12.0; WordPress/6.4; http://site71154008.com"
52.167.144.195 - - [20/Aug/2026:15:29:59 +0000] "GET /4172417073 HTTP/1.1" 200 3380 "-" "Mozilla/5.0 AppleWebKit/537.36 (KHTML, like Gecko; compatible; bingbot/2.0; +http://www.bing.com/bingbot.htm) Chrome/116.0.1938.76 Safari/537.36"
52.167.144.195 - - [20/Aug/2026:15:29:59 +0000] "GET /2537518355 HTTP/1.1" 200 3380 "-" "Mozilla/5.0 AppleWebKit/537.36 (KHTML, like Gecko; compatible; bingbot/2.0; +http://www.bing.com/bingbot.htm) Chrome/116.0.1938.76 Safari/537.36"
103.125.179.35 - - [20/Aug/2026:15:30:01 +0000] "POST /xmlrpc.php HTTP/1.1" 200 40960 "-" "Jetpack by WordPress.com"
191.37.89.180 - - [20/Aug/2026:15:30:04 +0000] "POST /xmlrpc.php HTTP/1.1" 200 40959 "-" "Jetpack by WordPress.com (Jetpack 12.1; WordPress 6.4)"
40.77.167.48 - - [20/Aug/2026:15:30:04 +0000] "GET /685502049 HTTP/1.1" 200 3380 "-" "Mozilla/5.0 AppleWebKit/537.36 (KHTML, like Gecko; compatible; bingbot/2.0; +http://www.bing.com/bingbot.htm) Chrome/116.0.1938.76 Safari/537.36"
40.77.167.48 - - [20/Aug/2026:15:30:04 +0000] "GET /1169326125 HTTP/1.1" 200 3380 "-" "Mozilla/5.0 AppleWebKit/537.36 (KHTML, like Gecko; compatible; bingbot/2.0; +http://www.bing.com/bingbot.htm) Chrome/116.0.1938.76 Safari/537.36"
40.77.167.48 - - [20/Aug/2026:15:30:04 +0000] "GET /589982412 HTTP/1.1" 200 3380 "-" "Mozilla/5.0 AppleWebKit/537.36 (KHTML, like Gecko; compatible; bingbot/2.0; +http://www.bing.com/bingbot.htm) Chrome/116.0.1938.76 Safari/537.36"
40.77.167.149 - - [20/Aug/2026:15:30:08 +0000] "GET /1406019323 HTTP/1.1" 200 3381 "-" "Mozilla/5.0 AppleWebKit/537.36 (KHTML, like Gecko; compatible; bingbot/2.0; +http://www.bing.com/bingbot.htm) Chrome/116.0.1938.76 Safari/537.36"
191.37.89.180 - - [20/Aug/2026:15:30:14 +0000] "POST /xmlrpc.php HTTP/1.1" 200 40959 "-" "WordPress.com; https://wordpress.com"
114.119.158.143 - - [20/Aug/2026:15:30:20 +0000] "GET /?lokasie=/var/www/gunay/wp-trackback.php&loknya=/var/www/gunay HTTP/1.1" 200 3469 "https://gunay.com.tm/?_g=3607112" "Mozilla/5.0 (Linux; Android 7.0;) AppleWebKit/537.36 (HTML, like Gecko) Mobile Safari/537.36 (compatible; PetalBot;+https://webmaster.petalsearch.com/site/petalbot)"
191.37.89.180 - - [20/Aug/2026:15:30:25 +0000] "POST /xmlrpc.php HTTP/1.1" 200 40959 "-" "Jetpack/12.5; WordPress/6.3; http://site28106197.com"
191.37.89.180 - - [20/Aug/2026:15:30:36 +0000] "POST /xmlrpc.php HTTP/1.1" 200 40959 "-" "Jetpack/12.1; WordPress/6.1; http://site89116039.com"
191.37.89.180 - - [20/Aug/2026:15:30:47 +0000] "POST /xmlrpc.php HTTP/1.1" 200 40959 "-" "WordPress.com; https://wordpress.com"
191.37.89.180 - - [20/Aug/2026:15:30:57 +0000] "POST /xmlrpc.php HTTP/1.1" 200 40945 "-" "Jetpack by WordPress.com (Jetpack 12.1; WordPress 6.4)"
191.37.89.180 - - [20/Aug/2026:15:31:08 +0000] "POST /xmlrpc.php HTTP/1.1" 200 40959 "-" "Jetpack by WordPress.com (Jetpack 12.5; WordPress 6.3)"
191.37.89.180 - - [20/Aug/2026:15:31:19 +0000] "POST /xmlrpc.php HTTP/1.1" 200 40959 "-" "WordPress.com; https://wordpress.com"
191.37.89.180 - - [20/Aug/2026:15:31:29 +0000] "POST /xmlrpc.php HTTP/1.1" 200 40959 "-" "WordPress.com; https://wordpress.com"
40.77.167.48 - - [20/Aug/2026:15:31:32 +0000] "GET /1736312565 HTTP/1.1" 200 3380 "-" "Mozilla/5.0 AppleWebKit/537.36 (KHTML, like Gecko; compatible; bingbot/2.0; +http://www.bing.com/bingbot.htm) Chrome/116.0.1938.76 Safari/537.36"
52.167.144.195 - - [20/Aug/2026:15:31:40 +0000] "GET /2761798666 HTTP/1.1" 200 3380 "-" "Mozilla/5.0 AppleWebKit/537.36 (KHTML, like Gecko; compatible; bingbot/2.0; +http://www.bing.com/bingbot.htm) Chrome/116.0.1938.76 Safari/537.36"
52.167.144.195 - - [20/Aug/2026:15:31:40 +0000] "GET /676167805 HTTP/1.1" 200 3380 "-" "Mozilla/5.0 AppleWebKit/537.36 (KHTML, like Gecko; compatible; bingbot/2.0; +http://www.bing.com/bingbot.htm) Chrome/116.0.1938.76 Safari/537.36"
103.125.179.35 - - [20/Aug/2026:15:31:40 +0000] "POST /xmlrpc.php HTTP/1.1" 200 40960 "-" "Jetpack by WordPress.com"
191.37.89.180 - - [20/Aug/2026:15:31:40 +0000] "POST /xmlrpc.php HTTP/1.1" 200 40959 "-" "Jetpack by WordPress.com"
103.125.179.35 - - [20/Aug/2026:15:31:48 +0000] "POST /xmlrpc.php HTTP/1.1" 200 40960 "-" "WordPress.com; https://wordpress.com"
191.37.89.180 - - [20/Aug/2026:15:31:51 +0000] "POST /xmlrpc.php HTTP/1.1" 200 40959 "-" "Jetpack by WordPress.com"
43.160.241.129 - - [20/Aug/2026:15:31:52 +0000] "GET /wp-login.php?loknya=/var/www/html HTTP/1.1" 200 2157 "-" "Mozilla/5.0 (iPhone; CPU iPhone OS 13_2_3 like Mac OS X) AppleWebKit/605.1.15 (KHTML, like Gecko) Version/13.0.3 Mobile/15E148 Safari/604.1"
103.125.179.35 - - [20/Aug/2026:15:32:01 +0000] "POST /xmlrpc.php HTTP/1.1" 200 40960 "-" "WordPress.com; https://wordpress.com"
191.37.89.180 - - [20/Aug/2026:15:32:02 +0000] "POST /xmlrpc.php HTTP/1.1" 200 40959 "-" "Jetpack by WordPress.com"
103.125.179.35 - - [20/Aug/2026:15:32:10 +0000] "POST /xmlrpc.php HTTP/1.1" 200 40960 "-" "Jetpack/12.1; WordPress/6.4; http://site48524842.com"
191.37.89.180 - - [20/Aug/2026:15:32:12 +0000] "POST /xmlrpc.php HTTP/1.1" 200 40959 "-" "Jetpack by WordPress.com (Jetpack 12.5; WordPress 6.2)"
103.125.179.35 - - [20/Aug/2026:15:32:20 +0000] "POST /xmlrpc.php HTTP/1.1" 200 40961 "-" "Jetpack/12.0; WordPress/6.3; http://site55955269.com"
191.37.89.180 - - [20/Aug/2026:15:32:23 +0000] "POST /xmlrpc.php HTTP/1.1" 200 40959 "-" "WordPress.com; https://wordpress.com"
114.119.158.143 - - [20/Aug/2026:15:32:26 +0000] "GET /index.php?loknya=/var/lib/ HTTP/1.1" 200 4126 "https://gunay.com.tm/index.php?loknya=/var/lib/app-info" "Mozilla/5.0 (Linux; Android 7.0;) AppleWebKit/537.36 (HTML, like Gecko) Mobile Safari/537.36 (compatible; PetalBot;+https://webmaster.petalsearch.com/site/petalbot)"
103.125.179.35 - - [20/Aug/2026:15:32:31 +0000] "POST /xmlrpc.php HTTP/1.1" 200 40960 "-" "Jetpack by WordPress.com"
191.37.89.180 - - [20/Aug/2026:15:32:34 +0000] "POST /xmlrpc.php HTTP/1.1" 200 40959 "-" "Jetpack by WordPress.com"
103.125.179.35 - - [20/Aug/2026:15:32:43 +0000] "POST /xmlrpc.php HTTP/1.1" 200 40960 "-" "Jetpack by WordPress.com (Jetpack 12.0; WordPress 6.1)"
191.37.89.180 - - [20/Aug/2026:15:32:45 +0000] "POST /xmlrpc.php HTTP/1.1" 200 40959 "-" "Jetpack by WordPress.com"
103.125.179.35 - - [20/Aug/2026:15:32:52 +0000] "POST /xmlrpc.php HTTP/1.1" 200 40960 "-" "Jetpack by WordPress.com"
191.37.89.180 - - [20/Aug/2026:15:32:55 +0000] "POST /xmlrpc.php HTTP/1.1" 200 40959 "-" "WordPress.com; https://wordpress.com"
103.125.179.35 - - [20/Aug/2026:15:33:03 +0000] "POST /xmlrpc.php HTTP/1.1" 200 40960 "-" "WordPress.com; https://wordpress.com"
191.37.89.180 - - [20/Aug/2026:15:33:06 +0000] "POST /xmlrpc.php HTTP/1.1" 200 40959 "-" "Jetpack by WordPress.com (Jetpack 12.5; WordPress 6.3)"
103.125.179.35 - - [20/Aug/2026:15:33:14 +0000] "POST /xmlrpc.php HTTP/1.1" 200 40960 "-" "Jetpack by WordPress.com"
191.37.89.180 - - [20/Aug/2026:15:33:17 +0000] "POST /xmlrpc.php HTTP/1.1" 200 40953 "-" "Jetpack by WordPress.com"
103.125.179.35 - - [20/Aug/2026:15:33:24 +0000] "POST /xmlrpc.php HTTP/1.1" 200 40946 "-" "Jetpack by WordPress.com"
191.37.89.180 - - [20/Aug/2026:15:33:28 +0000] "POST /xmlrpc.php HTTP/1.1" 200 40959 "-" "Jetpack by WordPress.com"
103.125.179.35 - - [20/Aug/2026:15:33:35 +0000] "POST /xmlrpc.php HTTP/1.1" 200 40960 "-" "WordPress.com; https://wordpress.com"
191.37.89.180 - - [20/Aug/2026:15:33:38 +0000] "POST /xmlrpc.php HTTP/1.1" 200 40959 "-" "Jetpack by WordPress.com (Jetpack 12.0; WordPress 6.3)"
103.125.179.35 - - [20/Aug/2026:15:33:47 +0000] "POST /xmlrpc.php HTTP/1.1" 200 40960 "-" "Jetpack by WordPress.com (Jetpack 12.1; WordPress 6.3)"
191.37.89.180 - - [20/Aug/2026:15:33:49 +0000] "POST /xmlrpc.php HTTP/1.1" 200 40959 "-" "Jetpack by WordPress.com"
103.125.179.35 - - [20/Aug/2026:15:33:57 +0000] "POST /xmlrpc.php HTTP/1.1" 200 40960 "-" "WordPress.com; https://wordpress.com"
191.37.89.180 - - [20/Aug/2026:15:34:00 +0000] "POST /xmlrpc.php HTTP/1.1" 200 40959 "-" "WordPress.com; https://wordpress.com"
40.77.167.76 - - [20/Aug/2026:15:34:05 +0000] "GET /1976998243 HTTP/1.1" 200 3380 "-" "Mozilla/5.0 AppleWebKit/537.36 (KHTML, like Gecko; compatible; bingbot/2.0; +http://www.bing.com/bingbot.htm) Chrome/116.0.1938.76 Safari/537.36"
40.77.167.76 - - [20/Aug/2026:15:34:05 +0000] "GET /3135688907 HTTP/1.1" 200 3380 "-" "Mozilla/5.0 AppleWebKit/537.36 (KHTML, like Gecko; compatible; bingbot/2.0; +http://www.bing.com/bingbot.htm) Chrome/116.0.1938.76 Safari/537.36"
103.125.179.35 - - [20/Aug/2026:15:34:09 +0000] "POST /xmlrpc.php HTTP/1.1" 200 40960 "-" "Jetpack by WordPress.com (Jetpack 12.5; WordPress 6.1)"
191.37.89.180 - - [20/Aug/2026:15:34:11 +0000] "POST /xmlrpc.php HTTP/1.1" 200 40959 "-" "Jetpack by WordPress.com"
40.77.167.48 - - [20/Aug/2026:15:34:12 +0000] "GET /1701864148 HTTP/1.1" 200 3380 "-" "Mozilla/5.0 AppleWebKit/537.36 (KHTML, like Gecko; compatible; bingbot/2.0; +http://www.bing.com/bingbot.htm) Chrome/116.0.1938.76 Safari/537.36"
40.77.167.48 - - [20/Aug/2026:15:34:12 +0000] "GET /1263085718 HTTP/1.1" 200 3380 "-" "Mozilla/5.0 AppleWebKit/537.36 (KHTML, like Gecko; compatible; bingbot/2.0; +http://www.bing.com/bingbot.htm) Chrome/116.0.1938.76 Safari/537.36"
103.125.179.35 - - [20/Aug/2026:15:34:19 +0000] "POST /xmlrpc.php HTTP/1.1" 200 40960 "-" "Jetpack by WordPress.com"
52.167.144.195 - - [20/Aug/2026:15:34:20 +0000] "GET /1739251467 HTTP/1.1" 200 3380 "-" "Mozilla/5.0 AppleWebKit/537.36 (KHTML, like Gecko; compatible; bingbot/2.0; +http://www.bing.com/bingbot.htm) Chrome/116.0.1938.76 Safari/537.36"
191.37.89.180 - - [20/Aug/2026:15:34:21 +0000] "POST /xmlrpc.php HTTP/1.1" 200 40959 "-" "WordPress.com; https://wordpress.com"
40.77.167.76 - - [20/Aug/2026:15:34:25 +0000] "GET /1224154363 HTTP/1.1" 200 3380 "-" "Mozilla/5.0 AppleWebKit/537.36 (KHTML, like Gecko; compatible; bingbot/2.0; +http://www.bing.com/bingbot.htm) Chrome/116.0.1938.76 Safari/537.36"
103.125.179.35 - - [20/Aug/2026:15:34:29 +0000] "POST /xmlrpc.php HTTP/1.1" 200 40960 "-" "WordPress.com; https://wordpress.com"
114.119.135.78 - - [20/Aug/2026:15:34:31 +0000] "GET /?lokasie=/var/www/gunay/wp-settings.php&loknya=/var/www/gunay HTTP/1.1" 200 6676 "https://gunay.com.tm/?_g=3607112" "Mozilla/5.0 (Linux; Android 7.0;) AppleWebKit/537.36 (HTML, like Gecko) Mobile Safari/537.36 (compatible; PetalBot;+https://webmaster.petalsearch.com/site/petalbot)"
191.37.89.180 - - [20/Aug/2026:15:34:32 +0000] "POST /xmlrpc.php HTTP/1.1" 200 40959 "-" "WordPress.com; https://wordpress.com"
103.125.179.35 - - [20/Aug/2026:15:34:41 +0000] "POST /xmlrpc.php HTTP/1.1" 200 40960 "-" "Jetpack by WordPress.com (Jetpack 12.0; WordPress 6.1)"
191.37.89.180 - - [20/Aug/2026:15:34:43 +0000] "POST /xmlrpc.php HTTP/1.1" 200 40959 "-" "Jetpack by WordPress.com"
103.125.179.35 - - [20/Aug/2026:15:34:50 +0000] "POST /xmlrpc.php HTTP/1.1" 200 40960 "-" "Jetpack by WordPress.com"
191.37.89.180 - - [20/Aug/2026:15:34:53 +0000] "POST /xmlrpc.php HTTP/1.1" 200 40959 "-" "Jetpack/12.1; WordPress/6.3; http://site37649558.com"
103.125.179.35 - - [20/Aug/2026:15:35:01 +0000] "POST /xmlrpc.php HTTP/1.1" 200 40960 "-" "Jetpack/12.5; WordPress/6.1; http://site99530131.com"
191.37.89.180 - - [20/Aug/2026:15:35:04 +0000] "POST /xmlrpc.php HTTP/1.1" 200 40959 "-" "Jetpack/13.0; WordPress/6.4; http://site47513016.com"
103.125.179.35 - - [20/Aug/2026:15:35:12 +0000] "POST /xmlrpc.php HTTP/1.1" 200 40960 "-" "WordPress.com; https://wordpress.com"
191.37.89.180 - - [20/Aug/2026:15:35:15 +0000] "POST /xmlrpc.php HTTP/1.1" 200 40959 "-" "Jetpack by WordPress.com (Jetpack 13.0; WordPress 6.4)"
103.125.179.35 - - [20/Aug/2026:15:35:22 +0000] "POST /xmlrpc.php HTTP/1.1" 200 40960 "-" "Jetpack by WordPress.com"
191.37.89.180 - - [20/Aug/2026:15:35:26 +0000] "POST /xmlrpc.php HTTP/1.1" 200 40959 "-" "Jetpack/13.0; WordPress/6.1; http://site47206084.com"
103.125.179.35 - - [20/Aug/2026:15:35:36 +0000] "POST /xmlrpc.php HTTP/1.1" 200 40960 "-" "WordPress.com; https://wordpress.com"
191.37.89.180 - - [20/Aug/2026:15:35:37 +0000] "POST /xmlrpc.php HTTP/1.1" 200 40959 "-" "Jetpack by WordPress.com"
103.125.179.35 - - [20/Aug/2026:15:35:44 +0000] "POST /xmlrpc.php HTTP/1.1" 200 40960 "-" "WordPress.com; https://wordpress.com"
191.37.89.180 - - [20/Aug/2026:15:35:47 +0000] "POST /xmlrpc.php HTTP/1.1" 200 40959 "-" "Jetpack/13.0; WordPress/6.4; http://site49727927.com"
103.125.179.35 - - [20/Aug/2026:15:35:54 +0000] "POST /xmlrpc.php HTTP/1.1" 200 40960 "-" "WordPress.com; https://wordpress.com"
191.37.89.180 - - [20/Aug/2026:15:35:58 +0000] "POST /xmlrpc.php HTTP/1.1" 200 40959 "-" "Jetpack/12.5; WordPress/6.3; http://site51268239.com"
103.125.179.35 - - [20/Aug/2026:15:36:06 +0000] "POST /xmlrpc.php HTTP/1.1" 200 40960 "-" "Jetpack by WordPress.com (Jetpack 12.1; WordPress 6.3)"
191.37.89.180 - - [20/Aug/2026:15:36:09 +0000] "POST /xmlrpc.php HTTP/1.1" 200 40959 "-" "Jetpack by WordPress.com"
103.125.179.35 - - [20/Aug/2026:15:36:16 +0000] "POST /xmlrpc.php HTTP/1.1" 200 40930 "-" "Jetpack by WordPress.com"
191.37.89.180 - - [20/Aug/2026:15:36:20 +0000] "POST /xmlrpc.php HTTP/1.1" 200 40959 "-" "WordPress.com; https://wordpress.com"
103.125.179.35 - - [20/Aug/2026:15:36:26 +0000] "POST /xmlrpc.php HTTP/1.1" 200 40930 "-" "WordPress.com; https://wordpress.com"
191.37.89.180 - - [20/Aug/2026:15:36:30 +0000] "POST /xmlrpc.php HTTP/1.1" 200 40959 "-" "Jetpack/12.0; WordPress/6.4; http://site14069082.com"
114.119.135.78 - - [20/Aug/2026:15:36:34 +0000] "GET /?lokasie=/var/www/gunay/wp-admin/widgets.php&loknya=/var/www/gunay/wp-admin HTTP/1.1" 200 7809 "https://gunay.com.tm/?loknya=/var/www/gunay/wp-admin" "Mozilla/5.0 (Linux; Android 7.0;) AppleWebKit/537.36 (HTML, like Gecko) Mobile Safari/537.36 (compatible; PetalBot;+https://webmaster.petalsearch.com/site/petalbot)"
103.125.179.35 - - [20/Aug/2026:15:36:37 +0000] "POST /xmlrpc.php HTTP/1.1" 200 40960 "-" "Jetpack by WordPress.com (Jetpack 12.1; WordPress 6.1)"
191.37.89.180 - - [20/Aug/2026:15:36:41 +0000] "POST /xmlrpc.php HTTP/1.1" 200 40959 "-" "WordPress.com; https://wordpress.com"
103.125.179.35 - - [20/Aug/2026:15:36:48 +0000] "POST /xmlrpc.php HTTP/1.1" 200 40960 "-" "Jetpack/12.0; WordPress/6.4; http://site48476563.com"
191.37.89.180 - - [20/Aug/2026:15:36:52 +0000] "POST /xmlrpc.php HTTP/1.1" 200 40959 "-" "Jetpack by WordPress.com (Jetpack 12.5; WordPress 6.4)"
103.125.179.35 - - [20/Aug/2026:15:36:59 +0000] "POST /xmlrpc.php HTTP/1.1" 200 40960 "-" "Jetpack by WordPress.com"
191.37.89.180 - - [20/Aug/2026:15:37:03 +0000] "POST /xmlrpc.php HTTP/1.1" 200 40959 "-" "Jetpack by WordPress.com (Jetpack 12.1; WordPress 6.4)"
103.125.179.35 - - [20/Aug/2026:15:37:09 +0000] "POST /xmlrpc.php HTTP/1.1" 200 40960 "-" "WordPress.com; https://wordpress.com"
191.37.89.180 - - [20/Aug/2026:15:37:13 +0000] "POST /xmlrpc.php HTTP/1.1" 200 40959 "-" "Jetpack/13.0; WordPress/6.1; http://site57024027.com"
103.125.179.35 - - [20/Aug/2026:15:37:22 +0000] "POST /xmlrpc.php HTTP/1.1" 200 40960 "-" "Jetpack/12.5; WordPress/6.4; http://site35879853.com"
191.37.89.180 - - [20/Aug/2026:15:37:24 +0000] "POST /xmlrpc.php HTTP/1.1" 200 40959 "-" "Jetpack by WordPress.com (Jetpack 13.0; WordPress 6.4)"
103.125.179.35 - - [20/Aug/2026:15:37:31 +0000] "POST /xmlrpc.php HTTP/1.1" 200 40960 "-" "Jetpack/12.5; WordPress/6.2; http://site78014666.com"
191.37.89.180 - - [20/Aug/2026:15:37:35 +0000] "POST /xmlrpc.php HTTP/1.1" 200 40959 "-" "Jetpack by WordPress.com"
103.125.179.35 - - [20/Aug/2026:15:37:42 +0000] "POST /xmlrpc.php HTTP/1.1" 200 40960 "-" "Jetpack by WordPress.com"
191.37.89.180 - - [20/Aug/2026:15:37:45 +0000] "POST /xmlrpc.php HTTP/1.1" 200 40937 "-" "Jetpack by WordPress.com"
191.37.89.180 - - [20/Aug/2026:15:37:56 +0000] "POST /xmlrpc.php HTTP/1.1" 200 40966 "-" "Jetpack/13.0; WordPress/6.1; http://site83702646.com"
191.37.89.180 - - [20/Aug/2026:15:38:07 +0000] "POST /xmlrpc.php HTTP/1.1" 200 40959 "-" "Jetpack/12.0; WordPress/6.1; http://site22123064.com"
191.37.89.180 - - [20/Aug/2026:15:38:18 +0000] "POST /xmlrpc.php HTTP/1.1" 200 40959 "-" "Jetpack by WordPress.com (Jetpack 13.0; WordPress 6.2)"
191.37.89.180 - - [20/Aug/2026:15:38:28 +0000] "POST /xmlrpc.php HTTP/1.1" 200 40959 "-" "WordPress.com; https://wordpress.com"
191.37.89.180 - - [20/Aug/2026:15:38:39 +0000] "POST /xmlrpc.php HTTP/1.1" 200 40959 "-" "WordPress.com; https://wordpress.com"
114.119.156.95 - - [20/Aug/2026:15:38:41 +0000] "GET /index.php?lokasie=/var/backups/apt.extended_states.5.gz&loknya=/var/backups HTTP/1.1" 200 1730 "https://gunay.com.tm/index.php?loknya=/var/backups" "Mozilla/5.0 (Linux; Android 7.0;) AppleWebKit/537.36 (HTML, like Gecko) Mobile Safari/537.36 (compatible; PetalBot;+https://webmaster.petalsearch.com/site/petalbot)"
40.77.167.76 - - [20/Aug/2026:15:38:46 +0000] "GET /1827285285 HTTP/1.1" 200 3380 "-" "Mozilla/5.0 AppleWebKit/537.36 (KHTML, like Gecko; compatible; bingbot/2.0; +http://www.bing.com/bingbot.htm) Chrome/116.0.1938.76 Safari/537.36"
191.37.89.180 - - [20/Aug/2026:15:38:50 +0000] "POST /xmlrpc.php HTTP/1.1" 200 40959 "-" "WordPress.com; https://wordpress.com"
52.167.144.195 - - [20/Aug/2026:15:38:50 +0000] "GET /47750101 HTTP/1.1" 200 3380 "-" "Mozilla/5.0 AppleWebKit/537.36 (KHTML, like Gecko; compatible; bingbot/2.0; +http://www.bing.com/bingbot.htm) Chrome/116.0.1938.76 Safari/537.36"
52.167.144.227 - - [20/Aug/2026:15:38:55 +0000] "GET /2275720458 HTTP/1.1" 200 3380 "-" "Mozilla/5.0 AppleWebKit/537.36 (KHTML, like Gecko; compatible; bingbot/2.0; +http://www.bing.com/bingbot.htm) Chrome/116.0.1938.76 Safari/537.36"
52.167.144.227 - - [20/Aug/2026:15:38:55 +0000] "GET /2273127106 HTTP/1.1" 200 3380 "-" "Mozilla/5.0 AppleWebKit/537.36 (KHTML, like Gecko; compatible; bingbot/2.0; +http://www.bing.com/bingbot.htm) Chrome/116.0.1938.76 Safari/537.36"
52.167.144.227 - - [20/Aug/2026:15:38:56 +0000] "GET /3431982298 HTTP/1.1" 200 3380 "-" "Mozilla/5.0 AppleWebKit/537.36 (KHTML, like Gecko; compatible; bingbot/2.0; +http://www.bing.com/bingbot.htm) Chrome/116.0.1938.76 Safari/537.36"
52.167.144.227 - - [20/Aug/2026:15:38:56 +0000] "GET /3871535895 HTTP/1.1" 200 3380 "-" "Mozilla/5.0 AppleWebKit/537.36 (KHTML, like Gecko; compatible; bingbot/2.0; +http://www.bing.com/bingbot.htm) Chrome/116.0.1938.76 Safari/537.36"
191.37.89.180 - - [20/Aug/2026:15:39:00 +0000] "POST /xmlrpc.php HTTP/1.1" 200 40959 "-" "Jetpack by WordPress.com"
191.37.89.180 - - [20/Aug/2026:15:39:11 +0000] "POST /xmlrpc.php HTTP/1.1" 200 40959 "-" "WordPress.com; https://wordpress.com"
191.37.89.180 - - [20/Aug/2026:15:39:22 +0000] "POST /xmlrpc.php HTTP/1.1" 200 40959 "-" "Jetpack by WordPress.com (Jetpack 13.0; WordPress 6.3)"
191.37.89.180 - - [20/Aug/2026:15:39:33 +0000] "POST /xmlrpc.php HTTP/1.1" 200 40959 "-" "Jetpack by WordPress.com (Jetpack 12.5; WordPress 6.3)"
52.167.144.227 - - [20/Aug/2026:15:39:42 +0000] "GET /1683276707 HTTP/1.1" 200 3380 "-" "Mozilla/5.0 AppleWebKit/537.36 (KHTML, like Gecko; compatible; bingbot/2.0; +http://www.bing.com/bingbot.htm) Chrome/116.0.1938.76 Safari/537.36"
52.167.144.227 - - [20/Aug/2026:15:39:42 +0000] "GET /2428218749 HTTP/1.1" 200 3380 "-" "Mozilla/5.0 AppleWebKit/537.36 (KHTML, like Gecko; compatible; bingbot/2.0; +http://www.bing.com/bingbot.htm) Chrome/116.0.1938.76 Safari/537.36"
191.37.89.180 - - [20/Aug/2026:15:39:43 +0000] "POST /xmlrpc.php HTTP/1.1" 200 40959 "-" "Jetpack/12.1; WordPress/6.1; http://site85820787.com"
40.77.167.76 - - [20/Aug/2026:15:39:46 +0000] "GET /3053660378 HTTP/1.1" 200 3380 "-" "Mozilla/5.0 AppleWebKit/537.36 (KHTML, like Gecko; compatible; bingbot/2.0; +http://www.bing.com/bingbot.htm) Chrome/116.0.1938.76 Safari/537.36"
40.77.167.76 - - [20/Aug/2026:15:39:47 +0000] "GET /985286465 HTTP/1.1" 200 3380 "-" "Mozilla/5.0 AppleWebKit/537.36 (KHTML, like Gecko; compatible; bingbot/2.0; +http://www.bing.com/bingbot.htm) Chrome/116.0.1938.76 Safari/537.36"
40.77.167.76 - - [20/Aug/2026:15:39:47 +0000] "GET /559789184 HTTP/1.1" 200 3380 "-" "Mozilla/5.0 AppleWebKit/537.36 (KHTML, like Gecko; compatible; bingbot/2.0; +http://www.bing.com/bingbot.htm) Chrome/116.0.1938.76 Safari/537.36"
40.77.167.116 - - [20/Aug/2026:15:39:51 +0000] "GET /947685993 HTTP/1.1" 200 3379 "-" "Mozilla/5.0 AppleWebKit/537.36 (KHTML, like Gecko; compatible; bingbot/2.0; +http://www.bing.com/bingbot.htm) Chrome/116.0.1938.76 Safari/537.36"
40.77.167.116 - - [20/Aug/2026:15:39:51 +0000] "GET /769919349 HTTP/1.1" 200 3379 "-" "Mozilla/5.0 AppleWebKit/537.36 (KHTML, like Gecko; compatible; bingbot/2.0; +http://www.bing.com/bingbot.htm) Chrome/116.0.1938.76 Safari/537.36"
40.77.167.116 - - [20/Aug/2026:15:39:51 +0000] "GET /2208884316 HTTP/1.1" 200 3379 "-" "Mozilla/5.0 AppleWebKit/537.36 (KHTML, like Gecko; compatible; bingbot/2.0; +http://www.bing.com/bingbot.htm) Chrome/116.0.1938.76 Safari/537.36"
191.37.89.180 - - [20/Aug/2026:15:39:54 +0000] "POST /xmlrpc.php HTTP/1.1" 200 40959 "-" "Jetpack/12.1; WordPress/6.1; http://site66049853.com"
191.37.89.180 - - [20/Aug/2026:15:40:05 +0000] "POST /xmlrpc.php HTTP/1.1" 200 40959 "-" "WordPress.com; https://wordpress.com"
191.37.89.180 - - [20/Aug/2026:15:40:16 +0000] "POST /xmlrpc.php HTTP/1.1" 200 40959 "-" "Jetpack by WordPress.com (Jetpack 12.1; WordPress 6.1)"
191.37.89.180 - - [20/Aug/2026:15:40:26 +0000] "POST /xmlrpc.php HTTP/1.1" 200 40959 "-" "Jetpack by WordPress.com (Jetpack 13.0; WordPress 6.4)"
114.119.156.95 - - [20/Aug/2026:15:40:45 +0000] "GET /?lokasie=/var/www/gunay/wp-admin/user-edit.php&loknya=/var/www/gunay/wp-admin HTTP/1.1" 200 11050 "https://gunay.com.tm/?loknya=/var/www/gunay/wp-admin" "Mozilla/5.0 (Linux; Android 7.0;) AppleWebKit/537.36 (HTML, like Gecko) Mobile Safari/537.36 (compatible; PetalBot;+https://webmaster.petalsearch.com/site/petalbot)"
136.243.228.179 - - [20/Aug/2026:15:41:53 +0000] "GET /robots.txt HTTP/1.1" 200 3379 "-" "Mozilla/5.0 (compatible; DataForSeoBot/1.0; +https://dataforseo.com/dataforseo-bot)"
43.135.183.82 - - [20/Aug/2026:15:42:28 +0000] "GET /wp-login.php?lokasie=/var/.updated&loknya=/var HTTP/1.1" 200 1834 "-" "Mozilla/5.0 (iPhone; CPU iPhone OS 13_2_3 like Mac OS X) AppleWebKit/605.1.15 (KHTML, like Gecko) Version/13.0.3 Mobile/15E148 Safari/604.1"
